{"id":771,"date":"2022-10-22T11:40:30","date_gmt":"2022-10-22T11:40:30","guid":{"rendered":"https:\/\/joieriadacla.com\/?post_type=product&#038;p=771"},"modified":"2024-09-23T18:39:25","modified_gmt":"2024-09-23T18:39:25","slug":"casio-g-shock-ga-2100-4aer","status":"publish","type":"product","link":"https:\/\/joieriadacla.com\/index.php\/product\/casio-g-shock-ga-2100-4aer\/","title":{"rendered":"Reloj Casio G-shock GA-2100-4AER"},"content":{"rendered":"<div class=\"grid-1 grid--1 narrow-wrap\">\n<div class=\"narrow-layout\">\n<div class=\"narrow-contents\">\n<div class=\"header-grid grid-1 grid-n--1 bg-ultra-light-grey bg--white frame\">\n<div class=\"column bg-white\">\n<h3 class=\"t-size-x-large underline printNomargin\"><b>Estructura Carbon Core Guard<\/b><\/h3>\n<\/div>\n<\/div>\n<\/div>\n<\/div>\n<\/div>\n<div class=\"bg-ultra-light-grey bg--white\">\n<div class=\"grid-1 grid--1 narrow-wrap\">\n<div class=\"narrow-layout\">\n<div class=\"narrow-contents\">\n<div class=\"column bg-white\">\n<div class=\"column bg-white\">\n<div class=\"js-more\">\n<div class=\"feature-conts\">\n<div class=\"js-cont-wrap\">Desde que se lanz\u00f3 a la venta el primer DW-5000C en 1983, G-SHOCK ha seguido superando los l\u00edmites de la resistencia en materia de indicaci\u00f3n de la hora, mientras se crean dise\u00f1os nuevos y originales. Estos nuevos modelos representan los avances en un formato atractivo y delgado.<br \/>\nEstos nuevos modelos heredan la forma octogonal que tambi\u00e9n se utiliz\u00f3 en el modelo DW-5000C original. La indicaci\u00f3n de la hora anal\u00f3gica\/digital viene incorporada en un dise\u00f1o sencillo y contundente, sin sacrificar el nivel de resistencia de G-SHOCK.<br \/>\nEl material de resina de alta resistencia, reforzado con fibras de carbono, permite crear una carcasa de apenas 11,8\u00a0mm de espesor, la m\u00e1s delgada de los modelos G-SHOCK con combinaci\u00f3n.<br \/>\n<b><\/b><\/div>\n<\/div>\n<\/div>\n<\/div>\n<\/div>\n<p>Neobrite: solo para GA-2100-1A, GA-2100-4A<\/p>\n<div class=\"column bg-white\">\n<div class=\"js-more\">\n<div class=\"feature-conts\">\n<div class=\"js-cont-wrap\"><b><\/b><br \/>\n<b>Estructura Carbon Core Guard<\/b><br \/>\nUna nueva estructura Carbon Core Guard protege el m\u00f3dulo, ya que lo rodea una carcasa de carbono. La carcasa est\u00e1 fabricada con resina fina incrustada con fibras de carbono, para lograr una resistencia sobresaliente y resistencia a las grietas.<\/p>\n<div class=\"grid-1 grid--1 narrow-wrap\">\n<div class=\"narrow-layout\">\n<div class=\"narrow-contents\">\n<div class=\"header-grid grid-1 grid-n--1 bg-ultra-light-grey bg--white frame\">\n<div class=\"column bg-white\">\n<h3 class=\"t-size-x-large underline printNomargin\">Especificaciones<\/h3>\n<ul>\n<li>Material de la carcasa y el marco: Carbono\/resina<\/li>\n<li>Correa de Resina<\/li>\n<li>Resistente a impactos<\/li>\n<li>Cristal Mineral<\/li>\n<li>Resistencia al Agua de 200 Metros<\/li>\n<li>Luz LED doble. Luz LED para la esfera (Super Illuminator, selecci\u00f3n de duraci\u00f3n de la iluminaci\u00f3n [1,5 o 3 segundos], persistencia luminosa). Luz de fondo LED para la pantalla digital (Super Illuminator, selecci\u00f3n de duraci\u00f3n de la iluminaci\u00f3n [1,5 o 3 segundos], persistencia luminosa)<\/li>\n<li>Horario mundial. 31 zonas horarias (48 ciudades y hora universal coordinada), horario de verano activado\/desactivado, cambio de hora local a hora mundial<\/li>\n<li>Cron\u00f3metro de 1\/100 segundos. Capacidad de medici\u00f3n: 00&#8217;00\u00bb00~59&#8217;59\u00bb99 (durante los primeros 60 minutos) 1:00&#8217;00\u00bb~23:59&#8217;59\u00bb (despu\u00e9s de 60 minutos). Unidad de medida: 1\/100 segundos (durante los primeros 60 minutos) 1 segundo (despu\u00e9s de 60 minutos) Modos de medici\u00f3n: Tiempo transcurrido, tiempo de divisi\u00f3n, tiempos de 1\u00aa y 2\u00aa posiciones<\/li>\n<li>Temporizador: Unidad de medida: 1 segundo. Rango de cuenta regresiva: 24 horas. Rango de ajuste de tiempo inicial de temporizador: de 1 segundo a 24 horas (incrementos de 1 segundo, de 1 minuto y de 1 hora)<\/li>\n<li>5 alarmas diarias.<\/li>\n<li>Se\u00f1al de hora<\/li>\n<li>Funci\u00f3n de movimiento de agujas<\/li>\n<li>Calendario autom\u00e1tico completo (hasta el a\u00f1o 2099)<\/li>\n<li>Formato de 12 y 24 horas<\/li>\n<li>Activaci\u00f3n y desactivaci\u00f3n de tono de funcionamiento de bot\u00f3n<\/li>\n<li>Indicaci\u00f3n cl\u00e1sica de la hora. Anal\u00f3gica: 2 manecillas (hora, minuto [la manecilla se mueve cada 20 segundos]), 1 esfera (d\u00eda). Digital: Horas, minutos, segundos, p. m., mes, fecha.<\/li>\n<li>Precisi\u00f3n: \u00b115 segundos por mes<\/li>\n<li>Duraci\u00f3n aproximada de la pila: 3 a\u00f1os en el modelo SR726W \u00d7 2<\/li>\n<\/ul>\n<\/div>\n<\/div>\n<\/div>\n<\/div>\n<\/div>\n<\/div>\n<\/div>\n<\/div>\n<\/div>\n<\/div>\n<\/div>\n<\/div>\n<\/div>\n","protected":false},"excerpt":{"rendered":"<p>La nueva gama 2019\u00a0<strong>G-Shock\u00a0GA-2100<\/strong>\u00a0presenta una estructura\u00a0<b>Carbon Core Guard\u00a0<\/b>que\u00a0protege el m\u00f3dulo, ya que lo rodea una carcasa de carbono.\u00a0Estos nuevos modelos heredan la forma octogonal que tambi\u00e9n se utiliz\u00f3 en el modelo DW-5000C original. La indicaci\u00f3n de la hora anal\u00f3gica combinanda con la digital viene incorporada en un nuevo dise\u00f1o sencillo y contundente.<\/p>\n","protected":false},"featured_media":773,"comment_status":"open","ping_status":"closed","template":"","meta":[],"product_brand":[],"product_cat":[43,46,38],"product_tag":[],"class_list":{"0":"post-771","1":"product","2":"type-product","3":"status-publish","4":"has-post-thumbnail","6":"product_cat-g-shock","7":"product_cat-g-shock-gama-trend","8":"product_cat-relojes","10":"first","11":"instock","12":"taxable","13":"shipping-taxable","14":"purchasable","15":"product-type-simple"},"yoast_head":"<!-- This site is optimized with the Yoast SEO plugin v27.2 - https:\/\/yoast.com\/product\/yoast-seo-wordpress\/ -->\n<title>Reloj Casio G-shock GA-2100-4AER - Joieria Dacla<\/title>\n<meta name=\"robots\" content=\"index, follow, max-snippet:-1, max-image-preview:large, max-video-preview:-1\" \/>\n<link rel=\"canonical\" href=\"https:\/\/joieriadacla.com\/index.php\/product\/casio-g-shock-ga-2100-4aer\/\" \/>\n<meta property=\"og:locale\" content=\"es_ES\" \/>\n<meta property=\"og:type\" content=\"article\" \/>\n<meta property=\"og:title\" content=\"Reloj Casio G-shock GA-2100-4AER - Joieria Dacla\" \/>\n<meta property=\"og:description\" content=\"La nueva gama 2019\u00a0G-Shock\u00a0GA-2100\u00a0presenta una estructura\u00a0Carbon Core Guard\u00a0que\u00a0protege el m\u00f3dulo, ya que lo rodea una carcasa de carbono.\u00a0Estos nuevos modelos heredan la forma octogonal que tambi\u00e9n se utiliz\u00f3 en el modelo DW-5000C original. La indicaci\u00f3n de la hora anal\u00f3gica combinanda con la digital viene incorporada en un nuevo dise\u00f1o sencillo y contundente.\" \/>\n<meta property=\"og:url\" content=\"https:\/\/joieriadacla.com\/index.php\/product\/casio-g-shock-ga-2100-4aer\/\" \/>\n<meta property=\"og:site_name\" content=\"Joieria Dacla\" \/>\n<meta property=\"article:modified_time\" content=\"2024-09-23T18:39:25+00:00\" \/>\n<meta property=\"og:image\" content=\"https:\/\/joieriadacla.com\/wp-content\/uploads\/2022\/10\/GA-2100-4AER.jpg\" \/>\n\t<meta property=\"og:image:width\" content=\"500\" \/>\n\t<meta property=\"og:image:height\" content=\"500\" \/>\n\t<meta property=\"og:image:type\" content=\"image\/jpeg\" \/>\n<meta name=\"twitter:card\" content=\"summary_large_image\" \/>\n<meta name=\"twitter:label1\" content=\"Tiempo de lectura\" \/>\n\t<meta name=\"twitter:data1\" content=\"2 minutos\" \/>\n<script type=\"application\/ld+json\" class=\"yoast-schema-graph\">{\"@context\":\"https:\/\/schema.org\",\"@graph\":[{\"@type\":\"WebPage\",\"@id\":\"https:\/\/joieriadacla.com\/index.php\/product\/casio-g-shock-ga-2100-4aer\/\",\"url\":\"https:\/\/joieriadacla.com\/index.php\/product\/casio-g-shock-ga-2100-4aer\/\",\"name\":\"Reloj Casio G-shock GA-2100-4AER - Joieria Dacla\",\"isPartOf\":{\"@id\":\"https:\/\/joieriadacla.com\/#website\"},\"primaryImageOfPage\":{\"@id\":\"https:\/\/joieriadacla.com\/index.php\/product\/casio-g-shock-ga-2100-4aer\/#primaryimage\"},\"image\":{\"@id\":\"https:\/\/joieriadacla.com\/index.php\/product\/casio-g-shock-ga-2100-4aer\/#primaryimage\"},\"thumbnailUrl\":\"https:\/\/joieriadacla.com\/wp-content\/uploads\/2022\/10\/GA-2100-4AER.jpg\",\"datePublished\":\"2022-10-22T11:40:30+00:00\",\"dateModified\":\"2024-09-23T18:39:25+00:00\",\"breadcrumb\":{\"@id\":\"https:\/\/joieriadacla.com\/index.php\/product\/casio-g-shock-ga-2100-4aer\/#breadcrumb\"},\"inLanguage\":\"es\",\"potentialAction\":[{\"@type\":\"ReadAction\",\"target\":[\"https:\/\/joieriadacla.com\/index.php\/product\/casio-g-shock-ga-2100-4aer\/\"]}]},{\"@type\":\"ImageObject\",\"inLanguage\":\"es\",\"@id\":\"https:\/\/joieriadacla.com\/index.php\/product\/casio-g-shock-ga-2100-4aer\/#primaryimage\",\"url\":\"https:\/\/joieriadacla.com\/wp-content\/uploads\/2022\/10\/GA-2100-4AER.jpg\",\"contentUrl\":\"https:\/\/joieriadacla.com\/wp-content\/uploads\/2022\/10\/GA-2100-4AER.jpg\",\"width\":500,\"height\":500},{\"@type\":\"BreadcrumbList\",\"@id\":\"https:\/\/joieriadacla.com\/index.php\/product\/casio-g-shock-ga-2100-4aer\/#breadcrumb\",\"itemListElement\":[{\"@type\":\"ListItem\",\"position\":1,\"name\":\"Portada\",\"item\":\"https:\/\/joieriadacla.com\/\"},{\"@type\":\"ListItem\",\"position\":2,\"name\":\"Productos\",\"item\":\"https:\/\/joieriadacla.com\/index.php\/shop\/\"},{\"@type\":\"ListItem\",\"position\":3,\"name\":\"Reloj Casio G-shock GA-2100-4AER\"}]},{\"@type\":\"WebSite\",\"@id\":\"https:\/\/joieriadacla.com\/#website\",\"url\":\"https:\/\/joieriadacla.com\/\",\"name\":\"Joieria Rellotgeria Dacla\",\"description\":\"Joieria Dacla\",\"publisher\":{\"@id\":\"https:\/\/joieriadacla.com\/#organization\"},\"potentialAction\":[{\"@type\":\"SearchAction\",\"target\":{\"@type\":\"EntryPoint\",\"urlTemplate\":\"https:\/\/joieriadacla.com\/?s={search_term_string}\"},\"query-input\":{\"@type\":\"PropertyValueSpecification\",\"valueRequired\":true,\"valueName\":\"search_term_string\"}}],\"inLanguage\":\"es\"},{\"@type\":\"Organization\",\"@id\":\"https:\/\/joieriadacla.com\/#organization\",\"name\":\"Joieria Rellotgeria Dacla\",\"url\":\"https:\/\/joieriadacla.com\/\",\"logo\":{\"@type\":\"ImageObject\",\"inLanguage\":\"es\",\"@id\":\"https:\/\/joieriadacla.com\/#\/schema\/logo\/image\/\",\"url\":\"https:\/\/joieriadacla.com\/wp-content\/uploads\/2022\/03\/LOGODACLA.png\",\"contentUrl\":\"https:\/\/joieriadacla.com\/wp-content\/uploads\/2022\/03\/LOGODACLA.png\",\"width\":319,\"height\":228,\"caption\":\"Joieria Rellotgeria Dacla\"},\"image\":{\"@id\":\"https:\/\/joieriadacla.com\/#\/schema\/logo\/image\/\"},\"sameAs\":[\"https:\/\/www.instagram.com\/joieria.dacla\/?hl=es\"]}]}<\/script>\n<!-- \/ Yoast SEO plugin. -->","yoast_head_json":{"title":"Reloj Casio G-shock GA-2100-4AER - Joieria Dacla","robots":{"index":"index","follow":"follow","max-snippet":"max-snippet:-1","max-image-preview":"max-image-preview:large","max-video-preview":"max-video-preview:-1"},"canonical":"https:\/\/joieriadacla.com\/index.php\/product\/casio-g-shock-ga-2100-4aer\/","og_locale":"es_ES","og_type":"article","og_title":"Reloj Casio G-shock GA-2100-4AER - Joieria Dacla","og_description":"La nueva gama 2019\u00a0G-Shock\u00a0GA-2100\u00a0presenta una estructura\u00a0Carbon Core Guard\u00a0que\u00a0protege el m\u00f3dulo, ya que lo rodea una carcasa de carbono.\u00a0Estos nuevos modelos heredan la forma octogonal que tambi\u00e9n se utiliz\u00f3 en el modelo DW-5000C original. La indicaci\u00f3n de la hora anal\u00f3gica combinanda con la digital viene incorporada en un nuevo dise\u00f1o sencillo y contundente.","og_url":"https:\/\/joieriadacla.com\/index.php\/product\/casio-g-shock-ga-2100-4aer\/","og_site_name":"Joieria Dacla","article_modified_time":"2024-09-23T18:39:25+00:00","og_image":[{"width":500,"height":500,"url":"https:\/\/joieriadacla.com\/wp-content\/uploads\/2022\/10\/GA-2100-4AER.jpg","type":"image\/jpeg"}],"twitter_card":"summary_large_image","twitter_misc":{"Tiempo de lectura":"2 minutos"},"schema":{"@context":"https:\/\/schema.org","@graph":[{"@type":"WebPage","@id":"https:\/\/joieriadacla.com\/index.php\/product\/casio-g-shock-ga-2100-4aer\/","url":"https:\/\/joieriadacla.com\/index.php\/product\/casio-g-shock-ga-2100-4aer\/","name":"Reloj Casio G-shock GA-2100-4AER - Joieria Dacla","isPartOf":{"@id":"https:\/\/joieriadacla.com\/#website"},"primaryImageOfPage":{"@id":"https:\/\/joieriadacla.com\/index.php\/product\/casio-g-shock-ga-2100-4aer\/#primaryimage"},"image":{"@id":"https:\/\/joieriadacla.com\/index.php\/product\/casio-g-shock-ga-2100-4aer\/#primaryimage"},"thumbnailUrl":"https:\/\/joieriadacla.com\/wp-content\/uploads\/2022\/10\/GA-2100-4AER.jpg","datePublished":"2022-10-22T11:40:30+00:00","dateModified":"2024-09-23T18:39:25+00:00","breadcrumb":{"@id":"https:\/\/joieriadacla.com\/index.php\/product\/casio-g-shock-ga-2100-4aer\/#breadcrumb"},"inLanguage":"es","potentialAction":[{"@type":"ReadAction","target":["https:\/\/joieriadacla.com\/index.php\/product\/casio-g-shock-ga-2100-4aer\/"]}]},{"@type":"ImageObject","inLanguage":"es","@id":"https:\/\/joieriadacla.com\/index.php\/product\/casio-g-shock-ga-2100-4aer\/#primaryimage","url":"https:\/\/joieriadacla.com\/wp-content\/uploads\/2022\/10\/GA-2100-4AER.jpg","contentUrl":"https:\/\/joieriadacla.com\/wp-content\/uploads\/2022\/10\/GA-2100-4AER.jpg","width":500,"height":500},{"@type":"BreadcrumbList","@id":"https:\/\/joieriadacla.com\/index.php\/product\/casio-g-shock-ga-2100-4aer\/#breadcrumb","itemListElement":[{"@type":"ListItem","position":1,"name":"Portada","item":"https:\/\/joieriadacla.com\/"},{"@type":"ListItem","position":2,"name":"Productos","item":"https:\/\/joieriadacla.com\/index.php\/shop\/"},{"@type":"ListItem","position":3,"name":"Reloj Casio G-shock GA-2100-4AER"}]},{"@type":"WebSite","@id":"https:\/\/joieriadacla.com\/#website","url":"https:\/\/joieriadacla.com\/","name":"Joieria Rellotgeria Dacla","description":"Joieria Dacla","publisher":{"@id":"https:\/\/joieriadacla.com\/#organization"},"potentialAction":[{"@type":"SearchAction","target":{"@type":"EntryPoint","urlTemplate":"https:\/\/joieriadacla.com\/?s={search_term_string}"},"query-input":{"@type":"PropertyValueSpecification","valueRequired":true,"valueName":"search_term_string"}}],"inLanguage":"es"},{"@type":"Organization","@id":"https:\/\/joieriadacla.com\/#organization","name":"Joieria Rellotgeria Dacla","url":"https:\/\/joieriadacla.com\/","logo":{"@type":"ImageObject","inLanguage":"es","@id":"https:\/\/joieriadacla.com\/#\/schema\/logo\/image\/","url":"https:\/\/joieriadacla.com\/wp-content\/uploads\/2022\/03\/LOGODACLA.png","contentUrl":"https:\/\/joieriadacla.com\/wp-content\/uploads\/2022\/03\/LOGODACLA.png","width":319,"height":228,"caption":"Joieria Rellotgeria Dacla"},"image":{"@id":"https:\/\/joieriadacla.com\/#\/schema\/logo\/image\/"},"sameAs":["https:\/\/www.instagram.com\/joieria.dacla\/?hl=es"]}]}},"_links":{"self":[{"href":"https:\/\/joieriadacla.com\/index.php\/wp-json\/wp\/v2\/product\/771","targetHints":{"allow":["GET"]}}],"collection":[{"href":"https:\/\/joieriadacla.com\/index.php\/wp-json\/wp\/v2\/product"}],"about":[{"href":"https:\/\/joieriadacla.com\/index.php\/wp-json\/wp\/v2\/types\/product"}],"replies":[{"embeddable":true,"href":"https:\/\/joieriadacla.com\/index.php\/wp-json\/wp\/v2\/comments?post=771"}],"wp:featuredmedia":[{"embeddable":true,"href":"https:\/\/joieriadacla.com\/index.php\/wp-json\/wp\/v2\/media\/773"}],"wp:attachment":[{"href":"https:\/\/joieriadacla.com\/index.php\/wp-json\/wp\/v2\/media?parent=771"}],"wp:term":[{"taxonomy":"product_brand","embeddable":true,"href":"https:\/\/joieriadacla.com\/index.php\/wp-json\/wp\/v2\/product_brand?post=771"},{"taxonomy":"product_cat","embeddable":true,"href":"https:\/\/joieriadacla.com\/index.php\/wp-json\/wp\/v2\/product_cat?post=771"},{"taxonomy":"product_tag","embeddable":true,"href":"https:\/\/joieriadacla.com\/index.php\/wp-json\/wp\/v2\/product_tag?post=771"}],"curies":[{"name":"wp","href":"https:\/\/api.w.org\/{rel}","templated":true}]}}