{"id":688,"date":"2022-10-13T18:13:10","date_gmt":"2022-10-13T18:13:10","guid":{"rendered":"https:\/\/joieriadacla.com\/?post_type=product&#038;p=688"},"modified":"2024-09-23T18:40:08","modified_gmt":"2024-09-23T18:40:08","slug":"casio-g-shock-gbd-h1000bar-4er","status":"publish","type":"product","link":"https:\/\/joieriadacla.com\/index.php\/product\/casio-g-shock-gbd-h1000bar-4er\/","title":{"rendered":"Reloj Casio G-shock GBD-H1000BAR-4ER"},"content":{"rendered":"<p class=\"pdd_p bold\">Funciones:<\/p>\n<p>&nbsp;<\/p>\n<p class=\"pdd_p\">Bar\u00f3metro (260 \/ 1.100 hPa).<\/p>\n<p class=\"pdd_p\">Term\u00f3metro (-10 \u00b0C \/ +60 \u00b0C).<\/p>\n<p class=\"pdd_p\">Alt\u00edmetro 10.000 m.<\/p>\n<p class=\"pdd_p\">Cron\u00f3metro &#8211; 100 horas.<\/p>\n<p class=\"pdd_p\">VO2max recovery time. Lap Memory 100. Funci\u00f3n de hora universal.<\/p>\n<p>&nbsp;<\/p>\n<div class=\"container_pdd_h1_h2_to\"><\/div>\n<p class=\"pdd_p bold\">Caracter\u00edsticas:<\/p>\n<p>&nbsp;<\/p>\n<p class=\"pdd_p\">Luz LED completamente autom\u00e1tica.<\/p>\n<p class=\"pdd_p\">Sistema de energ\u00eda solar.<\/p>\n<p class=\"pdd_p\">Indicador de pila baja. USB Charger.<\/p>\n<p class=\"pdd_p\">Resistente a los golpes.<\/p>\n<p>&nbsp;<\/p>\n<div class=\"container_pdd_h1_h2_to\"><\/div>\n<p class=\"pdd_p bold\">Conectividad:<\/p>\n<p>&nbsp;<\/p>\n<p class=\"pdd_p\">Bluetooth\u00ae Smart.<\/p>\n<p class=\"pdd_p\">Hora GPS exacta.<\/p>\n<p class=\"pdd_p\">Smartphone time.<\/p>\n<p>&nbsp;<\/p>\n<div class=\"container_pdd_h1_h2_to\"><\/div>\n<p class=\"pdd_p bold\">Ajustes:<\/p>\n<p>&nbsp;<\/p>\n<p class=\"pdd_p\">5 Timer &#8211; 1\/1 Sec. &#8211; 60 Min. (with automatic repeat). 4 alarmas diarias. Funci\u00f3n despertador. Alarma con vibraciones.<\/p>\n<p class=\"pdd_p\">Sonido de los botones activado\/desactivado. Aviso de correos nuevos.<\/p>\n<p class=\"pdd_p\">Phone Finder. Calendario autom\u00e1tico.<\/p>\n<p class=\"pdd_p\">Funci\u00f3n avi\u00f3n (Offline Mode).<\/p>\n<p class=\"pdd_p\">Indicaci\u00f3n de hora normal de 12\/24 horas.<\/p>\n<p>&nbsp;<\/p>\n<div class=\"container_pdd_h1_h2_to\"><\/div>\n<p class=\"pdd_p bold\">Entrenamiento:<\/p>\n<p>&nbsp;<\/p>\n<p class=\"pdd_p\">C\u00e1lculo del consumo de calor\u00edas (CAL).<\/p>\n<p class=\"pdd_p\">Sensor de aceleraci\u00f3n. Contador de pasos.<\/p>\n<p class=\"pdd_p\">Training Planner. Training Analysis.Training Log.<\/p>\n<p class=\"pdd_p\">Medici\u00f3n de velocidad \/ distancia GPS.<\/p>\n<p class=\"pdd_p\">Alarma objetivo de frecuencia cardiaca. Medici\u00f3n \u00f3ptica del ritmo card\u00edaco.<\/p>\n","protected":false},"excerpt":{"rendered":"<p>El modelo base es el GBD-H1000 equipado con un monitor de frecuencia card\u00edaca y funci\u00f3n GPS adem\u00e1s de la funci\u00f3n de medici\u00f3n de distancia desde el G-SHOCK l\u00ednea deportiva \u201cG-SQUAD\u201d. Adaptado\u00a0con los colores del equipo y del uniforme del FC Barcelona, \u200b\u200bun gran club de fama mundial, y con el escudo del equipo en la\u00a0correa y la tapa de la caja.<\/p>\n","protected":false},"featured_media":689,"comment_status":"open","ping_status":"closed","template":"","meta":[],"product_brand":[],"product_cat":[43,46,38],"product_tag":[],"class_list":{"0":"post-688","1":"product","2":"type-product","3":"status-publish","4":"has-post-thumbnail","6":"product_cat-g-shock","7":"product_cat-g-shock-gama-trend","8":"product_cat-relojes","10":"first","11":"instock","12":"taxable","13":"shipping-taxable","14":"purchasable","15":"product-type-simple"},"yoast_head":"<!-- This site is optimized with the Yoast SEO plugin v27.2 - https:\/\/yoast.com\/product\/yoast-seo-wordpress\/ -->\n<title>Reloj Casio G-shock GBD-H1000BAR-4ER - Joieria Dacla<\/title>\n<meta name=\"description\" content=\"Adaptado\u00a0con los colores del equipo y del uniforme del FC Barcelona, \u200b\u200bun gran club de fama mundial, y con el escudo del equipo en la\u00a0correa y la tapa de la caja.\" \/>\n<meta name=\"robots\" content=\"index, follow, max-snippet:-1, max-image-preview:large, max-video-preview:-1\" \/>\n<link rel=\"canonical\" href=\"https:\/\/joieriadacla.com\/index.php\/product\/casio-g-shock-gbd-h1000bar-4er\/\" \/>\n<meta property=\"og:locale\" content=\"es_ES\" \/>\n<meta property=\"og:type\" content=\"article\" \/>\n<meta property=\"og:title\" content=\"Reloj Casio G-shock GBD-H1000BAR-4ER - Joieria Dacla\" \/>\n<meta property=\"og:description\" content=\"Adaptado\u00a0con los colores del equipo y del uniforme del FC Barcelona, \u200b\u200bun gran club de fama mundial, y con el escudo del equipo en la\u00a0correa y la tapa de la caja.\" \/>\n<meta property=\"og:url\" content=\"https:\/\/joieriadacla.com\/index.php\/product\/casio-g-shock-gbd-h1000bar-4er\/\" \/>\n<meta property=\"og:site_name\" content=\"Joieria Dacla\" \/>\n<meta property=\"article:modified_time\" content=\"2024-09-23T18:40:08+00:00\" \/>\n<meta property=\"og:image\" content=\"https:\/\/joieriadacla.com\/wp-content\/uploads\/2022\/10\/reloj-casio-g-shock-gbd-h1000bar-4er-g-shock-g-squad-fc-barcelona.jpg\" \/>\n\t<meta property=\"og:image:width\" content=\"1100\" \/>\n\t<meta property=\"og:image:height\" content=\"1422\" \/>\n\t<meta property=\"og:image:type\" content=\"image\/jpeg\" \/>\n<meta name=\"twitter:card\" content=\"summary_large_image\" \/>\n<meta name=\"twitter:label1\" content=\"Tiempo de lectura\" \/>\n\t<meta name=\"twitter:data1\" content=\"1 minuto\" \/>\n<script type=\"application\/ld+json\" class=\"yoast-schema-graph\">{\"@context\":\"https:\/\/schema.org\",\"@graph\":[{\"@type\":\"WebPage\",\"@id\":\"https:\/\/joieriadacla.com\/index.php\/product\/casio-g-shock-gbd-h1000bar-4er\/\",\"url\":\"https:\/\/joieriadacla.com\/index.php\/product\/casio-g-shock-gbd-h1000bar-4er\/\",\"name\":\"Reloj Casio G-shock GBD-H1000BAR-4ER - Joieria Dacla\",\"isPartOf\":{\"@id\":\"https:\/\/joieriadacla.com\/#website\"},\"primaryImageOfPage\":{\"@id\":\"https:\/\/joieriadacla.com\/index.php\/product\/casio-g-shock-gbd-h1000bar-4er\/#primaryimage\"},\"image\":{\"@id\":\"https:\/\/joieriadacla.com\/index.php\/product\/casio-g-shock-gbd-h1000bar-4er\/#primaryimage\"},\"thumbnailUrl\":\"https:\/\/joieriadacla.com\/wp-content\/uploads\/2022\/10\/reloj-casio-g-shock-gbd-h1000bar-4er-g-shock-g-squad-fc-barcelona.jpg\",\"datePublished\":\"2022-10-13T18:13:10+00:00\",\"dateModified\":\"2024-09-23T18:40:08+00:00\",\"description\":\"Adaptado\u00a0con los colores del equipo y del uniforme del FC Barcelona, \u200b\u200bun gran club de fama mundial, y con el escudo del equipo en la\u00a0correa y la tapa de la caja.\",\"breadcrumb\":{\"@id\":\"https:\/\/joieriadacla.com\/index.php\/product\/casio-g-shock-gbd-h1000bar-4er\/#breadcrumb\"},\"inLanguage\":\"es\",\"potentialAction\":[{\"@type\":\"ReadAction\",\"target\":[\"https:\/\/joieriadacla.com\/index.php\/product\/casio-g-shock-gbd-h1000bar-4er\/\"]}]},{\"@type\":\"ImageObject\",\"inLanguage\":\"es\",\"@id\":\"https:\/\/joieriadacla.com\/index.php\/product\/casio-g-shock-gbd-h1000bar-4er\/#primaryimage\",\"url\":\"https:\/\/joieriadacla.com\/wp-content\/uploads\/2022\/10\/reloj-casio-g-shock-gbd-h1000bar-4er-g-shock-g-squad-fc-barcelona.jpg\",\"contentUrl\":\"https:\/\/joieriadacla.com\/wp-content\/uploads\/2022\/10\/reloj-casio-g-shock-gbd-h1000bar-4er-g-shock-g-squad-fc-barcelona.jpg\",\"width\":1100,\"height\":1422},{\"@type\":\"BreadcrumbList\",\"@id\":\"https:\/\/joieriadacla.com\/index.php\/product\/casio-g-shock-gbd-h1000bar-4er\/#breadcrumb\",\"itemListElement\":[{\"@type\":\"ListItem\",\"position\":1,\"name\":\"Portada\",\"item\":\"https:\/\/joieriadacla.com\/\"},{\"@type\":\"ListItem\",\"position\":2,\"name\":\"Productos\",\"item\":\"https:\/\/joieriadacla.com\/index.php\/shop\/\"},{\"@type\":\"ListItem\",\"position\":3,\"name\":\"Reloj Casio G-shock GBD-H1000BAR-4ER\"}]},{\"@type\":\"WebSite\",\"@id\":\"https:\/\/joieriadacla.com\/#website\",\"url\":\"https:\/\/joieriadacla.com\/\",\"name\":\"Joieria Rellotgeria Dacla\",\"description\":\"Joieria Dacla\",\"publisher\":{\"@id\":\"https:\/\/joieriadacla.com\/#organization\"},\"potentialAction\":[{\"@type\":\"SearchAction\",\"target\":{\"@type\":\"EntryPoint\",\"urlTemplate\":\"https:\/\/joieriadacla.com\/?s={search_term_string}\"},\"query-input\":{\"@type\":\"PropertyValueSpecification\",\"valueRequired\":true,\"valueName\":\"search_term_string\"}}],\"inLanguage\":\"es\"},{\"@type\":\"Organization\",\"@id\":\"https:\/\/joieriadacla.com\/#organization\",\"name\":\"Joieria Rellotgeria Dacla\",\"url\":\"https:\/\/joieriadacla.com\/\",\"logo\":{\"@type\":\"ImageObject\",\"inLanguage\":\"es\",\"@id\":\"https:\/\/joieriadacla.com\/#\/schema\/logo\/image\/\",\"url\":\"https:\/\/joieriadacla.com\/wp-content\/uploads\/2022\/03\/LOGODACLA.png\",\"contentUrl\":\"https:\/\/joieriadacla.com\/wp-content\/uploads\/2022\/03\/LOGODACLA.png\",\"width\":319,\"height\":228,\"caption\":\"Joieria Rellotgeria Dacla\"},\"image\":{\"@id\":\"https:\/\/joieriadacla.com\/#\/schema\/logo\/image\/\"},\"sameAs\":[\"https:\/\/www.instagram.com\/joieria.dacla\/?hl=es\"]}]}<\/script>\n<!-- \/ Yoast SEO plugin. -->","yoast_head_json":{"title":"Reloj Casio G-shock GBD-H1000BAR-4ER - Joieria Dacla","description":"Adaptado\u00a0con los colores del equipo y del uniforme del FC Barcelona, \u200b\u200bun gran club de fama mundial, y con el escudo del equipo en la\u00a0correa y la tapa de la caja.","robots":{"index":"index","follow":"follow","max-snippet":"max-snippet:-1","max-image-preview":"max-image-preview:large","max-video-preview":"max-video-preview:-1"},"canonical":"https:\/\/joieriadacla.com\/index.php\/product\/casio-g-shock-gbd-h1000bar-4er\/","og_locale":"es_ES","og_type":"article","og_title":"Reloj Casio G-shock GBD-H1000BAR-4ER - Joieria Dacla","og_description":"Adaptado\u00a0con los colores del equipo y del uniforme del FC Barcelona, \u200b\u200bun gran club de fama mundial, y con el escudo del equipo en la\u00a0correa y la tapa de la caja.","og_url":"https:\/\/joieriadacla.com\/index.php\/product\/casio-g-shock-gbd-h1000bar-4er\/","og_site_name":"Joieria Dacla","article_modified_time":"2024-09-23T18:40:08+00:00","og_image":[{"width":1100,"height":1422,"url":"https:\/\/joieriadacla.com\/wp-content\/uploads\/2022\/10\/reloj-casio-g-shock-gbd-h1000bar-4er-g-shock-g-squad-fc-barcelona.jpg","type":"image\/jpeg"}],"twitter_card":"summary_large_image","twitter_misc":{"Tiempo de lectura":"1 minuto"},"schema":{"@context":"https:\/\/schema.org","@graph":[{"@type":"WebPage","@id":"https:\/\/joieriadacla.com\/index.php\/product\/casio-g-shock-gbd-h1000bar-4er\/","url":"https:\/\/joieriadacla.com\/index.php\/product\/casio-g-shock-gbd-h1000bar-4er\/","name":"Reloj Casio G-shock GBD-H1000BAR-4ER - Joieria Dacla","isPartOf":{"@id":"https:\/\/joieriadacla.com\/#website"},"primaryImageOfPage":{"@id":"https:\/\/joieriadacla.com\/index.php\/product\/casio-g-shock-gbd-h1000bar-4er\/#primaryimage"},"image":{"@id":"https:\/\/joieriadacla.com\/index.php\/product\/casio-g-shock-gbd-h1000bar-4er\/#primaryimage"},"thumbnailUrl":"https:\/\/joieriadacla.com\/wp-content\/uploads\/2022\/10\/reloj-casio-g-shock-gbd-h1000bar-4er-g-shock-g-squad-fc-barcelona.jpg","datePublished":"2022-10-13T18:13:10+00:00","dateModified":"2024-09-23T18:40:08+00:00","description":"Adaptado\u00a0con los colores del equipo y del uniforme del FC Barcelona, \u200b\u200bun gran club de fama mundial, y con el escudo del equipo en la\u00a0correa y la tapa de la caja.","breadcrumb":{"@id":"https:\/\/joieriadacla.com\/index.php\/product\/casio-g-shock-gbd-h1000bar-4er\/#breadcrumb"},"inLanguage":"es","potentialAction":[{"@type":"ReadAction","target":["https:\/\/joieriadacla.com\/index.php\/product\/casio-g-shock-gbd-h1000bar-4er\/"]}]},{"@type":"ImageObject","inLanguage":"es","@id":"https:\/\/joieriadacla.com\/index.php\/product\/casio-g-shock-gbd-h1000bar-4er\/#primaryimage","url":"https:\/\/joieriadacla.com\/wp-content\/uploads\/2022\/10\/reloj-casio-g-shock-gbd-h1000bar-4er-g-shock-g-squad-fc-barcelona.jpg","contentUrl":"https:\/\/joieriadacla.com\/wp-content\/uploads\/2022\/10\/reloj-casio-g-shock-gbd-h1000bar-4er-g-shock-g-squad-fc-barcelona.jpg","width":1100,"height":1422},{"@type":"BreadcrumbList","@id":"https:\/\/joieriadacla.com\/index.php\/product\/casio-g-shock-gbd-h1000bar-4er\/#breadcrumb","itemListElement":[{"@type":"ListItem","position":1,"name":"Portada","item":"https:\/\/joieriadacla.com\/"},{"@type":"ListItem","position":2,"name":"Productos","item":"https:\/\/joieriadacla.com\/index.php\/shop\/"},{"@type":"ListItem","position":3,"name":"Reloj Casio G-shock GBD-H1000BAR-4ER"}]},{"@type":"WebSite","@id":"https:\/\/joieriadacla.com\/#website","url":"https:\/\/joieriadacla.com\/","name":"Joieria Rellotgeria Dacla","description":"Joieria Dacla","publisher":{"@id":"https:\/\/joieriadacla.com\/#organization"},"potentialAction":[{"@type":"SearchAction","target":{"@type":"EntryPoint","urlTemplate":"https:\/\/joieriadacla.com\/?s={search_term_string}"},"query-input":{"@type":"PropertyValueSpecification","valueRequired":true,"valueName":"search_term_string"}}],"inLanguage":"es"},{"@type":"Organization","@id":"https:\/\/joieriadacla.com\/#organization","name":"Joieria Rellotgeria Dacla","url":"https:\/\/joieriadacla.com\/","logo":{"@type":"ImageObject","inLanguage":"es","@id":"https:\/\/joieriadacla.com\/#\/schema\/logo\/image\/","url":"https:\/\/joieriadacla.com\/wp-content\/uploads\/2022\/03\/LOGODACLA.png","contentUrl":"https:\/\/joieriadacla.com\/wp-content\/uploads\/2022\/03\/LOGODACLA.png","width":319,"height":228,"caption":"Joieria Rellotgeria Dacla"},"image":{"@id":"https:\/\/joieriadacla.com\/#\/schema\/logo\/image\/"},"sameAs":["https:\/\/www.instagram.com\/joieria.dacla\/?hl=es"]}]}},"_links":{"self":[{"href":"https:\/\/joieriadacla.com\/index.php\/wp-json\/wp\/v2\/product\/688","targetHints":{"allow":["GET"]}}],"collection":[{"href":"https:\/\/joieriadacla.com\/index.php\/wp-json\/wp\/v2\/product"}],"about":[{"href":"https:\/\/joieriadacla.com\/index.php\/wp-json\/wp\/v2\/types\/product"}],"replies":[{"embeddable":true,"href":"https:\/\/joieriadacla.com\/index.php\/wp-json\/wp\/v2\/comments?post=688"}],"wp:featuredmedia":[{"embeddable":true,"href":"https:\/\/joieriadacla.com\/index.php\/wp-json\/wp\/v2\/media\/689"}],"wp:attachment":[{"href":"https:\/\/joieriadacla.com\/index.php\/wp-json\/wp\/v2\/media?parent=688"}],"wp:term":[{"taxonomy":"product_brand","embeddable":true,"href":"https:\/\/joieriadacla.com\/index.php\/wp-json\/wp\/v2\/product_brand?post=688"},{"taxonomy":"product_cat","embeddable":true,"href":"https:\/\/joieriadacla.com\/index.php\/wp-json\/wp\/v2\/product_cat?post=688"},{"taxonomy":"product_tag","embeddable":true,"href":"https:\/\/joieriadacla.com\/index.php\/wp-json\/wp\/v2\/product_tag?post=688"}],"curies":[{"name":"wp","href":"https:\/\/api.w.org\/{rel}","templated":true}]}}