{"id":2617,"date":"2026-04-23T18:00:07","date_gmt":"2026-04-23T18:00:07","guid":{"rendered":"https:\/\/joieriadacla.com\/?post_type=product&#038;p=2617"},"modified":"2026-04-23T18:01:02","modified_gmt":"2026-04-23T18:01:02","slug":"reloj-casio-edifice-eqs-930hr-1aer-honda-racing-limited-edition","status":"publish","type":"product","link":"https:\/\/joieriadacla.com\/index.php\/product\/reloj-casio-edifice-eqs-930hr-1aer-honda-racing-limited-edition\/","title":{"rendered":"Reloj Casio Edifice EQS-930HR-1AER HONDA RACING LIMITED EDITION"},"content":{"rendered":"<table class=\"cmp-comparison-table impressionCheck\">\n<tbody class=\"cmp-comparison-table__body\">\n<tr>\n<th id=\"header1-1\" headers=\"prod1\">Dimensiones (L \u00d7 An \u00d7 Al)<\/th>\n<th id=\"header1-2\" headers=\"prod2\"><\/th>\n<\/tr>\n<tr>\n<td headers=\"prod1 header1-1\">50 \u00d7 45.8 \u00d7 13 mm<\/td>\n<td headers=\"prod2 header1-2\">51.1 \u00d7 44.6 \u00d7 8.9 mm<\/td>\n<\/tr>\n<tr>\n<th id=\"header2-1\" headers=\"prod1\">Peso<\/th>\n<th id=\"header2-2\" headers=\"prod2\"><\/th>\n<\/tr>\n<tr>\n<td headers=\"prod1 header2-1\">88 g<\/td>\n<td headers=\"prod2 header2-2\">124 g<\/td>\n<\/tr>\n<tr>\n<th id=\"header3-1\" headers=\"prod1\">Fuente de alimentaci\u00f3n y duraci\u00f3n de la bater\u00eda<\/th>\n<th id=\"header3-2\" headers=\"prod2\"><\/th>\n<\/tr>\n<tr>\n<td headers=\"prod1 header3-1\">Carga por energ\u00eda solar<\/td>\n<td headers=\"prod2 header3-2\">Tough Solar (alimentado por energ\u00eda solar)<\/td>\n<\/tr>\n<tr>\n<th id=\"header4-1\" headers=\"prod1\">Funci\u00f3n Smartphone Link<\/th>\n<th id=\"header4-2\" headers=\"prod2\"><\/th>\n<\/tr>\n<tr>\n<td headers=\"prod1 header4-1\"><\/td>\n<td headers=\"prod2 header4-2\">Mobile Link (enlace inal\u00e1mbrico con Bluetooth\u00ae)<\/td>\n<\/tr>\n<tr>\n<th id=\"header5-1\" headers=\"prod1\">Material del estuche y del bisel<\/th>\n<th id=\"header5-2\" headers=\"prod2\"><\/th>\n<\/tr>\n<tr>\n<td headers=\"prod1 header5-1\">Acero inoxidable<\/td>\n<td headers=\"prod2 header5-2\">Acero inoxidable<\/td>\n<\/tr>\n<\/tbody>\n<\/table>\n<div class=\"container aem-GridColumn aem-GridColumn--default--12\">\n<div class=\"switch-container \">\n<div id=\"container-a8817626b2\" class=\"cmp-container\">\n<div class=\"aem-Grid aem-Grid--12 aem-Grid--default--12 aem-Grid--phone--12 \">\n<div class=\"container cmp-container--insets-1 aem-GridColumn--default--none aem-GridColumn--phone--none aem-GridColumn--phone--12 aem-GridColumn aem-GridColumn--default--6 aem-GridColumn--offset--phone--0 aem-GridColumn--offset--default--0\">\n<div class=\"switch-container \">\n<div id=\"container-9f7a0ed66c\" class=\"cmp-container\">\n<div class=\"aem-Grid aem-Grid--6 aem-Grid--default--6 aem-Grid--phone--12 \">\n<div class=\"text aem-GridColumn--phone--12 aem-GridColumn aem-GridColumn--default--6\">\n<div id=\"text-d04feb4566\" class=\"cmp-text\" data-cmp-data-layer=\"{&quot;text-d04feb4566&quot;:{&quot;@type&quot;:&quot;casio\/components\/content\/text&quot;,&quot;repo:modifyDate&quot;:&quot;2021-07-15T02:56:36Z&quot;,&quot;xdm:text&quot;:&quot;&lt;h3&gt;&lt;b&gt;Sistema de energ\u00eda solar para convertir la luz en energ\u00eda&lt;\/b&gt;&lt;\/h3&gt;\\n&lt;p&gt;Mediante el uso de c\u00e9lulas solares que dispersan las sombras, el panel solar del dial interno suministra la energ\u00eda necesaria para alimentar el reloj por s\u00ed solo.&lt;br&gt;&lt;span class=\\&quot;cmp-text--size-12\\&quot;&gt;* Las im\u00e1genes visuales son im\u00e1genes gr\u00e1ficas.&lt;\/span&gt;&lt;\/p&gt;\\n&quot;}}\">\n<h3><\/h3>\n<h3><b>Sistema de energ\u00eda solar para convertir la luz en energ\u00eda<\/b><\/h3>\n<p>Mediante el uso de c\u00e9lulas solares que dispersan las sombras, el panel solar del dial interno suministra la energ\u00eda necesaria para alimentar el reloj por s\u00ed solo.<br \/>\n<span class=\"cmp-text--size-12\">* Las im\u00e1genes visuales son im\u00e1genes gr\u00e1ficas.<\/span><\/p>\n<p><b style=\"font-family: inherit; font-size: 29px; font-style: inherit;\">Cristal de zafiro<\/b><\/p>\n<\/div>\n<\/div>\n<\/div>\n<\/div>\n<\/div>\n<\/div>\n<div class=\"container cmp-container--insets-1 aem-GridColumn--default--none aem-GridColumn--phone--none aem-GridColumn--phone--12 aem-GridColumn aem-GridColumn--default--6 aem-GridColumn--offset--phone--0 aem-GridColumn--offset--default--0\">\n<div class=\"switch-container \">\n<div id=\"container-f54f070a0e\" class=\"cmp-container\">\n<div class=\"aem-Grid aem-Grid--6 aem-Grid--default--6 aem-Grid--phone--12 \">\n<div class=\"text aem-GridColumn--phone--12 aem-GridColumn aem-GridColumn--default--6\">\n<div id=\"text-61ffc488c8\" class=\"cmp-text\" data-cmp-data-layer=\"{&quot;text-61ffc488c8&quot;:{&quot;@type&quot;:&quot;casio\/components\/content\/text&quot;,&quot;repo:modifyDate&quot;:&quot;2021-07-15T02:57:07Z&quot;,&quot;xdm:text&quot;:&quot;&lt;h3&gt;&lt;b&gt;Cristal de zafiro&lt;\/b&gt;&lt;\/h3&gt;\\n&lt;p&gt;Cristal de zafiro muy transparente y resistente a ara\u00f1azos.&lt;\/p&gt;\\n&quot;}}\">\n<p>Cristal de zafiro muy transparente y resistente a ara\u00f1azos.<\/p>\n<\/div>\n<\/div>\n<\/div>\n<\/div>\n<\/div>\n<\/div>\n<\/div>\n<\/div>\n<\/div>\n<\/div>\n","protected":false},"excerpt":{"rendered":"<p>EDIFICE y Honda Racing colaboraron para crear este cron\u00f3grafo alimentado por energ\u00eda solar inspirado en el primer campe\u00f3n del mundo de carreras del Gran Premio de Jap\u00f3n. Este reloj Honda Racing Limited Edition rinde homenaje a la legendaria motocicleta RC162 que conquist\u00f3 el mundo.<\/p>\n","protected":false},"featured_media":2618,"comment_status":"closed","ping_status":"closed","template":"","meta":[],"product_brand":[],"product_cat":[57,79,60,38],"product_tag":[186,187,189,183,184,188,185],"class_list":{"0":"post-2617","1":"product","2":"type-product","3":"status-publish","4":"has-post-thumbnail","6":"product_cat-casio","7":"product_cat-edicion-limitada","8":"product_cat-edifice","9":"product_cat-relojes","10":"product_tag-casio-honda","11":"product_tag-edicion","12":"product_tag-edifice-eqs-930hr-1aer","13":"product_tag-eqs-930hr-1aer","14":"product_tag-honda","15":"product_tag-limitada","16":"product_tag-racing","18":"first","19":"instock","20":"taxable","21":"shipping-taxable","22":"purchasable","23":"product-type-simple"},"yoast_head":"<!-- This site is optimized with the Yoast SEO plugin v27.2 - https:\/\/yoast.com\/product\/yoast-seo-wordpress\/ -->\n<title>Reloj Casio Edifice EQS-930HR-1AER HONDA RACING LIMITED EDITION - Joieria Dacla<\/title>\n<meta name=\"description\" content=\"EDIFICE y Honda Racing colaboraron para crear este cron\u00f3grafo alimentado por energ\u00eda solar inspirado en el primer campe\u00f3n del mundo de carreras del Gran Premio de Jap\u00f3n. Este reloj Honda Racing Limited Edition rinde homenaje a la legendaria motocicleta RC162 que conquist\u00f3 el mundo.\" \/>\n<meta name=\"robots\" content=\"index, follow, max-snippet:-1, max-image-preview:large, max-video-preview:-1\" \/>\n<link rel=\"canonical\" href=\"https:\/\/joieriadacla.com\/index.php\/product\/reloj-casio-edifice-eqs-930hr-1aer-honda-racing-limited-edition\/\" \/>\n<meta property=\"og:locale\" content=\"es_ES\" \/>\n<meta property=\"og:type\" content=\"article\" \/>\n<meta property=\"og:title\" content=\"Reloj Casio Edifice EQS-930HR-1AER HONDA RACING LIMITED EDITION - Joieria Dacla\" \/>\n<meta property=\"og:description\" content=\"EDIFICE y Honda Racing colaboraron para crear este cron\u00f3grafo alimentado por energ\u00eda solar inspirado en el primer campe\u00f3n del mundo de carreras del Gran Premio de Jap\u00f3n. Este reloj Honda Racing Limited Edition rinde homenaje a la legendaria motocicleta RC162 que conquist\u00f3 el mundo.\" \/>\n<meta property=\"og:url\" content=\"https:\/\/joieriadacla.com\/index.php\/product\/reloj-casio-edifice-eqs-930hr-1aer-honda-racing-limited-edition\/\" \/>\n<meta property=\"og:site_name\" content=\"Joieria Dacla\" \/>\n<meta property=\"article:modified_time\" content=\"2026-04-23T18:01:02+00:00\" \/>\n<meta name=\"twitter:card\" content=\"summary_large_image\" \/>\n<meta name=\"twitter:label1\" content=\"Tiempo de lectura\" \/>\n\t<meta name=\"twitter:data1\" content=\"1 minuto\" \/>\n<script type=\"application\/ld+json\" class=\"yoast-schema-graph\">{\"@context\":\"https:\/\/schema.org\",\"@graph\":[{\"@type\":\"WebPage\",\"@id\":\"https:\/\/joieriadacla.com\/index.php\/product\/reloj-casio-edifice-eqs-930hr-1aer-honda-racing-limited-edition\/\",\"url\":\"https:\/\/joieriadacla.com\/index.php\/product\/reloj-casio-edifice-eqs-930hr-1aer-honda-racing-limited-edition\/\",\"name\":\"Reloj Casio Edifice EQS-930HR-1AER HONDA RACING LIMITED EDITION - Joieria Dacla\",\"isPartOf\":{\"@id\":\"https:\/\/joieriadacla.com\/#website\"},\"primaryImageOfPage\":{\"@id\":\"https:\/\/joieriadacla.com\/index.php\/product\/reloj-casio-edifice-eqs-930hr-1aer-honda-racing-limited-edition\/#primaryimage\"},\"image\":{\"@id\":\"https:\/\/joieriadacla.com\/index.php\/product\/reloj-casio-edifice-eqs-930hr-1aer-honda-racing-limited-edition\/#primaryimage\"},\"thumbnailUrl\":\"https:\/\/joieriadacla.com\/wp-content\/uploads\/2026\/04\/casio-honda.avif\",\"datePublished\":\"2026-04-23T18:00:07+00:00\",\"dateModified\":\"2026-04-23T18:01:02+00:00\",\"description\":\"EDIFICE y Honda Racing colaboraron para crear este cron\u00f3grafo alimentado por energ\u00eda solar inspirado en el primer campe\u00f3n del mundo de carreras del Gran Premio de Jap\u00f3n. Este reloj Honda Racing Limited Edition rinde homenaje a la legendaria motocicleta RC162 que conquist\u00f3 el mundo.\",\"breadcrumb\":{\"@id\":\"https:\/\/joieriadacla.com\/index.php\/product\/reloj-casio-edifice-eqs-930hr-1aer-honda-racing-limited-edition\/#breadcrumb\"},\"inLanguage\":\"es\",\"potentialAction\":[{\"@type\":\"ReadAction\",\"target\":[\"https:\/\/joieriadacla.com\/index.php\/product\/reloj-casio-edifice-eqs-930hr-1aer-honda-racing-limited-edition\/\"]}]},{\"@type\":\"ImageObject\",\"inLanguage\":\"es\",\"@id\":\"https:\/\/joieriadacla.com\/index.php\/product\/reloj-casio-edifice-eqs-930hr-1aer-honda-racing-limited-edition\/#primaryimage\",\"url\":\"https:\/\/joieriadacla.com\/wp-content\/uploads\/2026\/04\/casio-honda.avif\",\"contentUrl\":\"https:\/\/joieriadacla.com\/wp-content\/uploads\/2026\/04\/casio-honda.avif\",\"width\":408,\"height\":490},{\"@type\":\"BreadcrumbList\",\"@id\":\"https:\/\/joieriadacla.com\/index.php\/product\/reloj-casio-edifice-eqs-930hr-1aer-honda-racing-limited-edition\/#breadcrumb\",\"itemListElement\":[{\"@type\":\"ListItem\",\"position\":1,\"name\":\"Portada\",\"item\":\"https:\/\/joieriadacla.com\/\"},{\"@type\":\"ListItem\",\"position\":2,\"name\":\"Productos\",\"item\":\"https:\/\/joieriadacla.com\/index.php\/shop\/\"},{\"@type\":\"ListItem\",\"position\":3,\"name\":\"Reloj Casio Edifice EQS-930HR-1AER HONDA RACING LIMITED EDITION\"}]},{\"@type\":\"WebSite\",\"@id\":\"https:\/\/joieriadacla.com\/#website\",\"url\":\"https:\/\/joieriadacla.com\/\",\"name\":\"Joieria Rellotgeria Dacla\",\"description\":\"Joieria Dacla\",\"publisher\":{\"@id\":\"https:\/\/joieriadacla.com\/#organization\"},\"potentialAction\":[{\"@type\":\"SearchAction\",\"target\":{\"@type\":\"EntryPoint\",\"urlTemplate\":\"https:\/\/joieriadacla.com\/?s={search_term_string}\"},\"query-input\":{\"@type\":\"PropertyValueSpecification\",\"valueRequired\":true,\"valueName\":\"search_term_string\"}}],\"inLanguage\":\"es\"},{\"@type\":\"Organization\",\"@id\":\"https:\/\/joieriadacla.com\/#organization\",\"name\":\"Joieria Rellotgeria Dacla\",\"url\":\"https:\/\/joieriadacla.com\/\",\"logo\":{\"@type\":\"ImageObject\",\"inLanguage\":\"es\",\"@id\":\"https:\/\/joieriadacla.com\/#\/schema\/logo\/image\/\",\"url\":\"https:\/\/joieriadacla.com\/wp-content\/uploads\/2022\/03\/LOGODACLA.png\",\"contentUrl\":\"https:\/\/joieriadacla.com\/wp-content\/uploads\/2022\/03\/LOGODACLA.png\",\"width\":319,\"height\":228,\"caption\":\"Joieria Rellotgeria Dacla\"},\"image\":{\"@id\":\"https:\/\/joieriadacla.com\/#\/schema\/logo\/image\/\"},\"sameAs\":[\"https:\/\/www.instagram.com\/joieria.dacla\/?hl=es\"]}]}<\/script>\n<!-- \/ Yoast SEO plugin. -->","yoast_head_json":{"title":"Reloj Casio Edifice EQS-930HR-1AER HONDA RACING LIMITED EDITION - Joieria Dacla","description":"EDIFICE y Honda Racing colaboraron para crear este cron\u00f3grafo alimentado por energ\u00eda solar inspirado en el primer campe\u00f3n del mundo de carreras del Gran Premio de Jap\u00f3n. Este reloj Honda Racing Limited Edition rinde homenaje a la legendaria motocicleta RC162 que conquist\u00f3 el mundo.","robots":{"index":"index","follow":"follow","max-snippet":"max-snippet:-1","max-image-preview":"max-image-preview:large","max-video-preview":"max-video-preview:-1"},"canonical":"https:\/\/joieriadacla.com\/index.php\/product\/reloj-casio-edifice-eqs-930hr-1aer-honda-racing-limited-edition\/","og_locale":"es_ES","og_type":"article","og_title":"Reloj Casio Edifice EQS-930HR-1AER HONDA RACING LIMITED EDITION - Joieria Dacla","og_description":"EDIFICE y Honda Racing colaboraron para crear este cron\u00f3grafo alimentado por energ\u00eda solar inspirado en el primer campe\u00f3n del mundo de carreras del Gran Premio de Jap\u00f3n. Este reloj Honda Racing Limited Edition rinde homenaje a la legendaria motocicleta RC162 que conquist\u00f3 el mundo.","og_url":"https:\/\/joieriadacla.com\/index.php\/product\/reloj-casio-edifice-eqs-930hr-1aer-honda-racing-limited-edition\/","og_site_name":"Joieria Dacla","article_modified_time":"2026-04-23T18:01:02+00:00","twitter_card":"summary_large_image","twitter_misc":{"Tiempo de lectura":"1 minuto"},"schema":{"@context":"https:\/\/schema.org","@graph":[{"@type":"WebPage","@id":"https:\/\/joieriadacla.com\/index.php\/product\/reloj-casio-edifice-eqs-930hr-1aer-honda-racing-limited-edition\/","url":"https:\/\/joieriadacla.com\/index.php\/product\/reloj-casio-edifice-eqs-930hr-1aer-honda-racing-limited-edition\/","name":"Reloj Casio Edifice EQS-930HR-1AER HONDA RACING LIMITED EDITION - Joieria Dacla","isPartOf":{"@id":"https:\/\/joieriadacla.com\/#website"},"primaryImageOfPage":{"@id":"https:\/\/joieriadacla.com\/index.php\/product\/reloj-casio-edifice-eqs-930hr-1aer-honda-racing-limited-edition\/#primaryimage"},"image":{"@id":"https:\/\/joieriadacla.com\/index.php\/product\/reloj-casio-edifice-eqs-930hr-1aer-honda-racing-limited-edition\/#primaryimage"},"thumbnailUrl":"https:\/\/joieriadacla.com\/wp-content\/uploads\/2026\/04\/casio-honda.avif","datePublished":"2026-04-23T18:00:07+00:00","dateModified":"2026-04-23T18:01:02+00:00","description":"EDIFICE y Honda Racing colaboraron para crear este cron\u00f3grafo alimentado por energ\u00eda solar inspirado en el primer campe\u00f3n del mundo de carreras del Gran Premio de Jap\u00f3n. Este reloj Honda Racing Limited Edition rinde homenaje a la legendaria motocicleta RC162 que conquist\u00f3 el mundo.","breadcrumb":{"@id":"https:\/\/joieriadacla.com\/index.php\/product\/reloj-casio-edifice-eqs-930hr-1aer-honda-racing-limited-edition\/#breadcrumb"},"inLanguage":"es","potentialAction":[{"@type":"ReadAction","target":["https:\/\/joieriadacla.com\/index.php\/product\/reloj-casio-edifice-eqs-930hr-1aer-honda-racing-limited-edition\/"]}]},{"@type":"ImageObject","inLanguage":"es","@id":"https:\/\/joieriadacla.com\/index.php\/product\/reloj-casio-edifice-eqs-930hr-1aer-honda-racing-limited-edition\/#primaryimage","url":"https:\/\/joieriadacla.com\/wp-content\/uploads\/2026\/04\/casio-honda.avif","contentUrl":"https:\/\/joieriadacla.com\/wp-content\/uploads\/2026\/04\/casio-honda.avif","width":408,"height":490},{"@type":"BreadcrumbList","@id":"https:\/\/joieriadacla.com\/index.php\/product\/reloj-casio-edifice-eqs-930hr-1aer-honda-racing-limited-edition\/#breadcrumb","itemListElement":[{"@type":"ListItem","position":1,"name":"Portada","item":"https:\/\/joieriadacla.com\/"},{"@type":"ListItem","position":2,"name":"Productos","item":"https:\/\/joieriadacla.com\/index.php\/shop\/"},{"@type":"ListItem","position":3,"name":"Reloj Casio Edifice EQS-930HR-1AER HONDA RACING LIMITED EDITION"}]},{"@type":"WebSite","@id":"https:\/\/joieriadacla.com\/#website","url":"https:\/\/joieriadacla.com\/","name":"Joieria Rellotgeria Dacla","description":"Joieria Dacla","publisher":{"@id":"https:\/\/joieriadacla.com\/#organization"},"potentialAction":[{"@type":"SearchAction","target":{"@type":"EntryPoint","urlTemplate":"https:\/\/joieriadacla.com\/?s={search_term_string}"},"query-input":{"@type":"PropertyValueSpecification","valueRequired":true,"valueName":"search_term_string"}}],"inLanguage":"es"},{"@type":"Organization","@id":"https:\/\/joieriadacla.com\/#organization","name":"Joieria Rellotgeria Dacla","url":"https:\/\/joieriadacla.com\/","logo":{"@type":"ImageObject","inLanguage":"es","@id":"https:\/\/joieriadacla.com\/#\/schema\/logo\/image\/","url":"https:\/\/joieriadacla.com\/wp-content\/uploads\/2022\/03\/LOGODACLA.png","contentUrl":"https:\/\/joieriadacla.com\/wp-content\/uploads\/2022\/03\/LOGODACLA.png","width":319,"height":228,"caption":"Joieria Rellotgeria Dacla"},"image":{"@id":"https:\/\/joieriadacla.com\/#\/schema\/logo\/image\/"},"sameAs":["https:\/\/www.instagram.com\/joieria.dacla\/?hl=es"]}]}},"_links":{"self":[{"href":"https:\/\/joieriadacla.com\/index.php\/wp-json\/wp\/v2\/product\/2617","targetHints":{"allow":["GET"]}}],"collection":[{"href":"https:\/\/joieriadacla.com\/index.php\/wp-json\/wp\/v2\/product"}],"about":[{"href":"https:\/\/joieriadacla.com\/index.php\/wp-json\/wp\/v2\/types\/product"}],"replies":[{"embeddable":true,"href":"https:\/\/joieriadacla.com\/index.php\/wp-json\/wp\/v2\/comments?post=2617"}],"wp:featuredmedia":[{"embeddable":true,"href":"https:\/\/joieriadacla.com\/index.php\/wp-json\/wp\/v2\/media\/2618"}],"wp:attachment":[{"href":"https:\/\/joieriadacla.com\/index.php\/wp-json\/wp\/v2\/media?parent=2617"}],"wp:term":[{"taxonomy":"product_brand","embeddable":true,"href":"https:\/\/joieriadacla.com\/index.php\/wp-json\/wp\/v2\/product_brand?post=2617"},{"taxonomy":"product_cat","embeddable":true,"href":"https:\/\/joieriadacla.com\/index.php\/wp-json\/wp\/v2\/product_cat?post=2617"},{"taxonomy":"product_tag","embeddable":true,"href":"https:\/\/joieriadacla.com\/index.php\/wp-json\/wp\/v2\/product_tag?post=2617"}],"curies":[{"name":"wp","href":"https:\/\/api.w.org\/{rel}","templated":true}]}}