{"id":2612,"date":"2026-04-23T17:44:55","date_gmt":"2026-04-23T17:44:55","guid":{"rendered":"https:\/\/joieriadacla.com\/?post_type=product&#038;p=2612"},"modified":"2026-04-23T17:45:43","modified_gmt":"2026-04-23T17:45:43","slug":"reloj-casio-gae-2100rc-1aer-rubiks-cube-g-shock","status":"publish","type":"product","link":"https:\/\/joieriadacla.com\/index.php\/product\/reloj-casio-gae-2100rc-1aer-rubiks-cube-g-shock\/","title":{"rendered":"Reloj Casio GAE-2100RC-1AER RUBIK\u2019S CUBE &#038; G-SHOCK"},"content":{"rendered":"<div class=\"main-container\">\n<div id=\"page\" class=\"single\">\n<article class=\"article clearfix\">\n<div id=\"content_box\">\n<div id=\"post-51805\" class=\"g post post-51805 type-post status-publish format-standard has-post-thumbnail hentry category-g-shock category-featured category-limited-edition category-news category-shopping tag-casioak tag-black tag-collaboration tag-gae-2100 tag-white has_thumb\">\n<div class=\"single_post\">\n<div class=\"post-single-content box mark-links entry-content\">\n<div class=\"thecontent\">\n<div class=\"T4LgNb\">\n<div class=\"WFnNle\">\n<div class=\"OlSOob\">\n<div class=\"ccvoYb\">\n<div class=\"AxqVh\">\n<div class=\"OPPzxe\">\n<div class=\"dePhmb\" aria-live=\"polite\">\n<div class=\"eyKpYb\" data-language=\"es\" data-original-language=\"en\" data-result-index=\"0\">\n<div class=\"J0lOec\">\n<p><strong>ESPECIFICACIONES T\u00c9CNICAS\u00a0<\/strong><\/p>\n<\/div>\n<\/div>\n<\/div>\n<\/div>\n<\/div>\n<\/div>\n<\/div>\n<\/div>\n<\/div>\n<\/div>\n<\/div>\n<\/div>\n<\/div>\n<\/div>\n<\/article>\n<\/div>\n<\/div>\n<ul>\n<li><strong>RESISTENTE A LOS GOLPES (G-SHOCK)<\/strong><br \/>\n\u00b7 La carcasa es resistente a los golpes y protege contra impactos y vibraciones.<\/li>\n<li><b>ILUMINACION<\/b><br \/>\n\u00b7 Doble LED (diodo emisor de luz); duraci\u00f3n de iluminaci\u00f3n seleccionable (aproximadamente 1,5 segundos o 3 segundos).<\/li>\n<li><strong>PANTALLA DE NE\u00d3N<\/strong><br \/>\n\u00b7 Las agujas y\/o el \u00edndice est\u00e1n cubiertos por una capa fluorescente y, si el reloj se ha expuesto anteriormente a un foco de luz, brillan en la oscuridad.<\/li>\n<li><strong>HORA MUNDIAL\u00a0<\/strong><br \/>\n\u00b7 48 ciudades (31 zonas horarias) y Tiempo Universal Coordinado (UTC).<br \/>\n\u00b7 Otros: Cambio entre horario de verano\/hora est\u00e1ndar; ciudad local\/ciudad de hora mundial.<\/li>\n<li><strong>CRON\u00d3METRO<\/strong><br \/>\n\u00b7 Unidad de medici\u00f3n: Menos de 1 hora: 1\/100 segundos, 1 hora o m\u00e1s: 1 segundo.<br \/>\n\u00b7 Capacidad de medici\u00f3n: 23:59\u201959\u201d.<br \/>\n\u00b7\u00a0Modos de medici\u00f3n: Tiempo transcurrido, tiempo fraccionario, dos llegadas a meta.<\/li>\n<li><strong>TEMPORIZADOR\u00a0DE CUENTA REGRESIVA<\/strong><br \/>\n\u00b7\u00a0Unidad de medici\u00f3n: 1 segundo.<br \/>\n\u00b7\u00a0Rango de cuenta regresiva: 24 horas.<br \/>\n\u00b7\u00a0Rango de ajuste del tiempo de inicio de la cuenta regresiva: De 1 segundo a 24 horas (incrementos de 1 segundo).<\/li>\n<li><strong>FUNCI\u00d3N DE MOVIMIENTO DE AGUJA<br \/>\n<\/strong>\u00b7\u00a0Pulsando el bot\u00f3n, las agujas entran en movimiento permitiendo as\u00ed una visibilidad m\u00e1s limpia en las funciones de cron\u00f3metro y\/o fecha.<\/li>\n<li><strong>ALARMAS<\/strong><br \/>\n\u00b7 La alarma diaria le recordar\u00e1 las citas que se repiten a diario mediante una se\u00f1al ac\u00fastica que suena a la hora fijada. Este modelo est\u00e1 equipado con 5 alarmas independientes que le recuerdan sus citas importantes.<\/li>\n<li><strong>SE\u00d1AL HORARIA<\/strong><\/li>\n<li><strong>HORA DIGITAL<\/strong><br \/>\n\u00b7 Hora, minutos, segundos, p.m. (P), mes, d\u00eda, d\u00eda de la semana.<\/li>\n<li><strong>HORA NORMAL\u00a0<\/strong><b>ANAL\u00d3GICA<\/b><br \/>\n\u00b7 Hora, minutos (la manecilla se mueve cada 20 segundos).<\/li>\n<li><strong>CALENDARIO AUTOM\u00c1TICO COMPLETO<br \/>\n<\/strong>\u00b7 Una vez ajustado, el calendario autom\u00e1tico muestra siempre la fecha correcta.<\/li>\n<li><strong>FORMATO DE 12\/24 HORAS<br \/>\n<\/strong>\u00b7\u00a0Las horas se visualizan ya sea en el formato de 12 o 24 horas.<\/li>\n<li><strong>PRECISI\u00d3N\u00a0A TEMPERATURA NORMAL<br \/>\n<\/strong>\u00b7 +\/- 15 Seg.. por mes ( sin calibraci\u00f3n de se\u00f1al).<\/li>\n<li><strong>CARCASA DE RESINA REFORZADA EN CARBONO<\/strong><strong><br \/>\n<\/strong>\u00b7\u00a0Dada su extrema durabilidad, la resina es el material ideal para los relojes. En combinaci\u00f3n con el carbono, otro material especialmente resistente, hemos dise\u00f1ado una carcasa menos vulnerable a influencias externas y con una mejor capacidad de carga, lo que se traduce en una duraci\u00f3n mucho mayor.<\/li>\n<li><strong>CRISTAL MINERAL<br \/>\n<\/strong>\u00b7\u00a0El cristal mineral, duro y dif\u00edcil de rayar, protege el reloj de da\u00f1os exteriores.<\/li>\n<li><b>CORREA DE\u00a0RESINA<br \/>\n<\/b>\u00b7 La correa contiene resina sint\u00e9tica, un material ideal para este componente dada su extrema resistencia y su flexibilidad.<\/li>\n<li><strong>CLASIFICACI\u00d3N DE RESISTENCIA AL AGUA (20 BAR)<br \/>\n<\/strong>\u00b7\u00a0Perfecto para las inmersiones libres sin aparatos: el reloj es resistente al agua hasta 20 bar (ISO 22810).<\/li>\n<li><strong>DURACI\u00d3N DE LA PILA<\/strong><br \/>\n\u00b7 Autonom\u00eda aproximada de la pila: 3 a\u00f1os en las siguientes condiciones:<br \/>\n\u00b7\u00a0Alarma: 10 segundos\/d\u00eda.<br \/>\n\u00b7\u00a01 operaci\u00f3n de iluminaci\u00f3n (1,5 seg.) por d\u00eda.<\/li>\n<li><strong>DIMENSIONES<\/strong><br \/>\n\u00b7 48,5\u00d745,4\u00d711,8mm<\/li>\n<li><strong>PESO<\/strong><br \/>\n\u00b7 51,0 g.<\/li>\n<\/ul>\n<p><strong>\u00a0 \u00a0 \u00a0 GAE-2100RC-1AER<\/strong>\u00a0RUBIK\u2019S CUBE &amp; G-SHOCK<\/p>\n","protected":false},"excerpt":{"rendered":"<p>Dos leyendas de la d\u00e9cada de 1980 se unen cuando G-Shock y la ic\u00f3nica marca de juguetes de rompecabezas Rubik\u2019s lanzan una colaboraci\u00f3n de edici\u00f3n limitada GAE-2100. La esfera del G-Shock GAE-2100RC-1AER representa tres lados del Cubo de Rubik con colores azul, rojo y amarillo. El reloj tiene un bisel blanco con detalles en verde y naranja, junto con una correa negra, una hebilla naranja y una trabilla verde.<\/p>\n","protected":false},"featured_media":2613,"comment_status":"closed","ping_status":"closed","template":"","meta":[],"product_brand":[],"product_cat":[57,79,43,38],"product_tag":[68,180,182,71,119,181,179],"class_list":{"0":"post-2612","1":"product","2":"type-product","3":"status-publish","4":"has-post-thumbnail","6":"product_cat-casio","7":"product_cat-edicion-limitada","8":"product_cat-g-shock","9":"product_cat-relojes","10":"product_tag-casio","11":"product_tag-cubo","12":"product_tag-gae-2100rc-1aer","13":"product_tag-gshock","14":"product_tag-reloj","15":"product_tag-rubic-kubo","16":"product_tag-rubiks","18":"first","19":"instock","20":"taxable","21":"shipping-taxable","22":"purchasable","23":"product-type-simple"},"yoast_head":"<!-- This site is optimized with the Yoast SEO plugin v27.2 - https:\/\/yoast.com\/product\/yoast-seo-wordpress\/ -->\n<title>Reloj Casio GAE-2100RC-1AER RUBIK\u2019S CUBE &amp; G-SHOCK - Joieria Dacla<\/title>\n<meta name=\"description\" content=\"Dos leyendas de la d\u00e9cada de 1980 se unen cuando G-Shock y la ic\u00f3nica marca de juguetes de rompecabezas Rubik\u2019s lanzan una colaboraci\u00f3n de edici\u00f3n limitada GAE-2100. La esfera del G-Shock GAE-2100RC-1AER representa tres lados del Cubo de Rubik con colores azul, rojo y amarillo.\" \/>\n<meta name=\"robots\" content=\"index, follow, max-snippet:-1, max-image-preview:large, max-video-preview:-1\" \/>\n<link rel=\"canonical\" href=\"https:\/\/joieriadacla.com\/index.php\/product\/reloj-casio-gae-2100rc-1aer-rubiks-cube-g-shock\/\" \/>\n<meta property=\"og:locale\" content=\"es_ES\" \/>\n<meta property=\"og:type\" content=\"article\" \/>\n<meta property=\"og:title\" content=\"Reloj Casio GAE-2100RC-1AER RUBIK\u2019S CUBE &amp; G-SHOCK - Joieria Dacla\" \/>\n<meta property=\"og:description\" content=\"Dos leyendas de la d\u00e9cada de 1980 se unen cuando G-Shock y la ic\u00f3nica marca de juguetes de rompecabezas Rubik\u2019s lanzan una colaboraci\u00f3n de edici\u00f3n limitada GAE-2100. La esfera del G-Shock GAE-2100RC-1AER representa tres lados del Cubo de Rubik con colores azul, rojo y amarillo.\" \/>\n<meta property=\"og:url\" content=\"https:\/\/joieriadacla.com\/index.php\/product\/reloj-casio-gae-2100rc-1aer-rubiks-cube-g-shock\/\" \/>\n<meta property=\"og:site_name\" content=\"Joieria Dacla\" \/>\n<meta property=\"article:modified_time\" content=\"2026-04-23T17:45:43+00:00\" \/>\n<meta property=\"og:image\" content=\"https:\/\/joieriadacla.com\/wp-content\/uploads\/2026\/04\/image.png\" \/>\n\t<meta property=\"og:image:width\" content=\"408\" \/>\n\t<meta property=\"og:image:height\" content=\"408\" \/>\n\t<meta property=\"og:image:type\" content=\"image\/png\" \/>\n<meta name=\"twitter:card\" content=\"summary_large_image\" \/>\n<meta name=\"twitter:label1\" content=\"Tiempo de lectura\" \/>\n\t<meta name=\"twitter:data1\" content=\"3 minutos\" \/>\n<script type=\"application\/ld+json\" class=\"yoast-schema-graph\">{\"@context\":\"https:\/\/schema.org\",\"@graph\":[{\"@type\":\"WebPage\",\"@id\":\"https:\/\/joieriadacla.com\/index.php\/product\/reloj-casio-gae-2100rc-1aer-rubiks-cube-g-shock\/\",\"url\":\"https:\/\/joieriadacla.com\/index.php\/product\/reloj-casio-gae-2100rc-1aer-rubiks-cube-g-shock\/\",\"name\":\"Reloj Casio GAE-2100RC-1AER RUBIK\u2019S CUBE & G-SHOCK - Joieria Dacla\",\"isPartOf\":{\"@id\":\"https:\/\/joieriadacla.com\/#website\"},\"primaryImageOfPage\":{\"@id\":\"https:\/\/joieriadacla.com\/index.php\/product\/reloj-casio-gae-2100rc-1aer-rubiks-cube-g-shock\/#primaryimage\"},\"image\":{\"@id\":\"https:\/\/joieriadacla.com\/index.php\/product\/reloj-casio-gae-2100rc-1aer-rubiks-cube-g-shock\/#primaryimage\"},\"thumbnailUrl\":\"https:\/\/joieriadacla.com\/wp-content\/uploads\/2026\/04\/image.png\",\"datePublished\":\"2026-04-23T17:44:55+00:00\",\"dateModified\":\"2026-04-23T17:45:43+00:00\",\"description\":\"Dos leyendas de la d\u00e9cada de 1980 se unen cuando G-Shock y la ic\u00f3nica marca de juguetes de rompecabezas Rubik\u2019s lanzan una colaboraci\u00f3n de edici\u00f3n limitada GAE-2100. La esfera del G-Shock GAE-2100RC-1AER representa tres lados del Cubo de Rubik con colores azul, rojo y amarillo.\",\"breadcrumb\":{\"@id\":\"https:\/\/joieriadacla.com\/index.php\/product\/reloj-casio-gae-2100rc-1aer-rubiks-cube-g-shock\/#breadcrumb\"},\"inLanguage\":\"es\",\"potentialAction\":[{\"@type\":\"ReadAction\",\"target\":[\"https:\/\/joieriadacla.com\/index.php\/product\/reloj-casio-gae-2100rc-1aer-rubiks-cube-g-shock\/\"]}]},{\"@type\":\"ImageObject\",\"inLanguage\":\"es\",\"@id\":\"https:\/\/joieriadacla.com\/index.php\/product\/reloj-casio-gae-2100rc-1aer-rubiks-cube-g-shock\/#primaryimage\",\"url\":\"https:\/\/joieriadacla.com\/wp-content\/uploads\/2026\/04\/image.png\",\"contentUrl\":\"https:\/\/joieriadacla.com\/wp-content\/uploads\/2026\/04\/image.png\",\"width\":408,\"height\":408},{\"@type\":\"BreadcrumbList\",\"@id\":\"https:\/\/joieriadacla.com\/index.php\/product\/reloj-casio-gae-2100rc-1aer-rubiks-cube-g-shock\/#breadcrumb\",\"itemListElement\":[{\"@type\":\"ListItem\",\"position\":1,\"name\":\"Portada\",\"item\":\"https:\/\/joieriadacla.com\/\"},{\"@type\":\"ListItem\",\"position\":2,\"name\":\"Productos\",\"item\":\"https:\/\/joieriadacla.com\/index.php\/shop\/\"},{\"@type\":\"ListItem\",\"position\":3,\"name\":\"Reloj Casio GAE-2100RC-1AER RUBIK\u2019S CUBE &#038; G-SHOCK\"}]},{\"@type\":\"WebSite\",\"@id\":\"https:\/\/joieriadacla.com\/#website\",\"url\":\"https:\/\/joieriadacla.com\/\",\"name\":\"Joieria Rellotgeria Dacla\",\"description\":\"Joieria Dacla\",\"publisher\":{\"@id\":\"https:\/\/joieriadacla.com\/#organization\"},\"potentialAction\":[{\"@type\":\"SearchAction\",\"target\":{\"@type\":\"EntryPoint\",\"urlTemplate\":\"https:\/\/joieriadacla.com\/?s={search_term_string}\"},\"query-input\":{\"@type\":\"PropertyValueSpecification\",\"valueRequired\":true,\"valueName\":\"search_term_string\"}}],\"inLanguage\":\"es\"},{\"@type\":\"Organization\",\"@id\":\"https:\/\/joieriadacla.com\/#organization\",\"name\":\"Joieria Rellotgeria Dacla\",\"url\":\"https:\/\/joieriadacla.com\/\",\"logo\":{\"@type\":\"ImageObject\",\"inLanguage\":\"es\",\"@id\":\"https:\/\/joieriadacla.com\/#\/schema\/logo\/image\/\",\"url\":\"https:\/\/joieriadacla.com\/wp-content\/uploads\/2022\/03\/LOGODACLA.png\",\"contentUrl\":\"https:\/\/joieriadacla.com\/wp-content\/uploads\/2022\/03\/LOGODACLA.png\",\"width\":319,\"height\":228,\"caption\":\"Joieria Rellotgeria Dacla\"},\"image\":{\"@id\":\"https:\/\/joieriadacla.com\/#\/schema\/logo\/image\/\"},\"sameAs\":[\"https:\/\/www.instagram.com\/joieria.dacla\/?hl=es\"]}]}<\/script>\n<!-- \/ Yoast SEO plugin. -->","yoast_head_json":{"title":"Reloj Casio GAE-2100RC-1AER RUBIK\u2019S CUBE & G-SHOCK - Joieria Dacla","description":"Dos leyendas de la d\u00e9cada de 1980 se unen cuando G-Shock y la ic\u00f3nica marca de juguetes de rompecabezas Rubik\u2019s lanzan una colaboraci\u00f3n de edici\u00f3n limitada GAE-2100. La esfera del G-Shock GAE-2100RC-1AER representa tres lados del Cubo de Rubik con colores azul, rojo y amarillo.","robots":{"index":"index","follow":"follow","max-snippet":"max-snippet:-1","max-image-preview":"max-image-preview:large","max-video-preview":"max-video-preview:-1"},"canonical":"https:\/\/joieriadacla.com\/index.php\/product\/reloj-casio-gae-2100rc-1aer-rubiks-cube-g-shock\/","og_locale":"es_ES","og_type":"article","og_title":"Reloj Casio GAE-2100RC-1AER RUBIK\u2019S CUBE & G-SHOCK - Joieria Dacla","og_description":"Dos leyendas de la d\u00e9cada de 1980 se unen cuando G-Shock y la ic\u00f3nica marca de juguetes de rompecabezas Rubik\u2019s lanzan una colaboraci\u00f3n de edici\u00f3n limitada GAE-2100. La esfera del G-Shock GAE-2100RC-1AER representa tres lados del Cubo de Rubik con colores azul, rojo y amarillo.","og_url":"https:\/\/joieriadacla.com\/index.php\/product\/reloj-casio-gae-2100rc-1aer-rubiks-cube-g-shock\/","og_site_name":"Joieria Dacla","article_modified_time":"2026-04-23T17:45:43+00:00","og_image":[{"width":408,"height":408,"url":"https:\/\/joieriadacla.com\/wp-content\/uploads\/2026\/04\/image.png","type":"image\/png"}],"twitter_card":"summary_large_image","twitter_misc":{"Tiempo de lectura":"3 minutos"},"schema":{"@context":"https:\/\/schema.org","@graph":[{"@type":"WebPage","@id":"https:\/\/joieriadacla.com\/index.php\/product\/reloj-casio-gae-2100rc-1aer-rubiks-cube-g-shock\/","url":"https:\/\/joieriadacla.com\/index.php\/product\/reloj-casio-gae-2100rc-1aer-rubiks-cube-g-shock\/","name":"Reloj Casio GAE-2100RC-1AER RUBIK\u2019S CUBE & G-SHOCK - Joieria Dacla","isPartOf":{"@id":"https:\/\/joieriadacla.com\/#website"},"primaryImageOfPage":{"@id":"https:\/\/joieriadacla.com\/index.php\/product\/reloj-casio-gae-2100rc-1aer-rubiks-cube-g-shock\/#primaryimage"},"image":{"@id":"https:\/\/joieriadacla.com\/index.php\/product\/reloj-casio-gae-2100rc-1aer-rubiks-cube-g-shock\/#primaryimage"},"thumbnailUrl":"https:\/\/joieriadacla.com\/wp-content\/uploads\/2026\/04\/image.png","datePublished":"2026-04-23T17:44:55+00:00","dateModified":"2026-04-23T17:45:43+00:00","description":"Dos leyendas de la d\u00e9cada de 1980 se unen cuando G-Shock y la ic\u00f3nica marca de juguetes de rompecabezas Rubik\u2019s lanzan una colaboraci\u00f3n de edici\u00f3n limitada GAE-2100. La esfera del G-Shock GAE-2100RC-1AER representa tres lados del Cubo de Rubik con colores azul, rojo y amarillo.","breadcrumb":{"@id":"https:\/\/joieriadacla.com\/index.php\/product\/reloj-casio-gae-2100rc-1aer-rubiks-cube-g-shock\/#breadcrumb"},"inLanguage":"es","potentialAction":[{"@type":"ReadAction","target":["https:\/\/joieriadacla.com\/index.php\/product\/reloj-casio-gae-2100rc-1aer-rubiks-cube-g-shock\/"]}]},{"@type":"ImageObject","inLanguage":"es","@id":"https:\/\/joieriadacla.com\/index.php\/product\/reloj-casio-gae-2100rc-1aer-rubiks-cube-g-shock\/#primaryimage","url":"https:\/\/joieriadacla.com\/wp-content\/uploads\/2026\/04\/image.png","contentUrl":"https:\/\/joieriadacla.com\/wp-content\/uploads\/2026\/04\/image.png","width":408,"height":408},{"@type":"BreadcrumbList","@id":"https:\/\/joieriadacla.com\/index.php\/product\/reloj-casio-gae-2100rc-1aer-rubiks-cube-g-shock\/#breadcrumb","itemListElement":[{"@type":"ListItem","position":1,"name":"Portada","item":"https:\/\/joieriadacla.com\/"},{"@type":"ListItem","position":2,"name":"Productos","item":"https:\/\/joieriadacla.com\/index.php\/shop\/"},{"@type":"ListItem","position":3,"name":"Reloj Casio GAE-2100RC-1AER RUBIK\u2019S CUBE &#038; G-SHOCK"}]},{"@type":"WebSite","@id":"https:\/\/joieriadacla.com\/#website","url":"https:\/\/joieriadacla.com\/","name":"Joieria Rellotgeria Dacla","description":"Joieria Dacla","publisher":{"@id":"https:\/\/joieriadacla.com\/#organization"},"potentialAction":[{"@type":"SearchAction","target":{"@type":"EntryPoint","urlTemplate":"https:\/\/joieriadacla.com\/?s={search_term_string}"},"query-input":{"@type":"PropertyValueSpecification","valueRequired":true,"valueName":"search_term_string"}}],"inLanguage":"es"},{"@type":"Organization","@id":"https:\/\/joieriadacla.com\/#organization","name":"Joieria Rellotgeria Dacla","url":"https:\/\/joieriadacla.com\/","logo":{"@type":"ImageObject","inLanguage":"es","@id":"https:\/\/joieriadacla.com\/#\/schema\/logo\/image\/","url":"https:\/\/joieriadacla.com\/wp-content\/uploads\/2022\/03\/LOGODACLA.png","contentUrl":"https:\/\/joieriadacla.com\/wp-content\/uploads\/2022\/03\/LOGODACLA.png","width":319,"height":228,"caption":"Joieria Rellotgeria Dacla"},"image":{"@id":"https:\/\/joieriadacla.com\/#\/schema\/logo\/image\/"},"sameAs":["https:\/\/www.instagram.com\/joieria.dacla\/?hl=es"]}]}},"_links":{"self":[{"href":"https:\/\/joieriadacla.com\/index.php\/wp-json\/wp\/v2\/product\/2612","targetHints":{"allow":["GET"]}}],"collection":[{"href":"https:\/\/joieriadacla.com\/index.php\/wp-json\/wp\/v2\/product"}],"about":[{"href":"https:\/\/joieriadacla.com\/index.php\/wp-json\/wp\/v2\/types\/product"}],"replies":[{"embeddable":true,"href":"https:\/\/joieriadacla.com\/index.php\/wp-json\/wp\/v2\/comments?post=2612"}],"wp:featuredmedia":[{"embeddable":true,"href":"https:\/\/joieriadacla.com\/index.php\/wp-json\/wp\/v2\/media\/2613"}],"wp:attachment":[{"href":"https:\/\/joieriadacla.com\/index.php\/wp-json\/wp\/v2\/media?parent=2612"}],"wp:term":[{"taxonomy":"product_brand","embeddable":true,"href":"https:\/\/joieriadacla.com\/index.php\/wp-json\/wp\/v2\/product_brand?post=2612"},{"taxonomy":"product_cat","embeddable":true,"href":"https:\/\/joieriadacla.com\/index.php\/wp-json\/wp\/v2\/product_cat?post=2612"},{"taxonomy":"product_tag","embeddable":true,"href":"https:\/\/joieriadacla.com\/index.php\/wp-json\/wp\/v2\/product_tag?post=2612"}],"curies":[{"name":"wp","href":"https:\/\/api.w.org\/{rel}","templated":true}]}}