{"id":2563,"date":"2026-01-08T12:07:51","date_gmt":"2026-01-08T12:07:51","guid":{"rendered":"https:\/\/joieriadacla.com\/?post_type=product&#038;p=2563"},"modified":"2026-01-31T13:07:36","modified_gmt":"2026-01-31T13:07:36","slug":"reloj-casio-stranger-things-edicion-limitada-aq-800est-1aer","status":"publish","type":"product","link":"https:\/\/joieriadacla.com\/index.php\/product\/reloj-casio-stranger-things-edicion-limitada-aq-800est-1aer\/","title":{"rendered":"Reloj Casio Stranger Things edici\u00f3n limitada AQ-800EST-1AER"},"content":{"rendered":"<p data-start=\"467\" data-end=\"832\">El <strong data-start=\"470\" data-end=\"520\">Casio AQ-800EST-1AER \u2013 Edici\u00f3n Stranger Things<\/strong> es una colaboraci\u00f3n especial que celebra la est\u00e9tica y la nostalgia de los a\u00f1os 80, una \u00e9poca que define tanto a Casio como a la aclamada serie <em data-start=\"665\" data-end=\"682\">Stranger Things<\/em>. Su dise\u00f1o retro, combinado con un formato <strong data-start=\"726\" data-end=\"747\">anal\u00f3gico-digital<\/strong>, lo convierte en una pieza \u00fanica para fans de la serie y amantes del estilo vintage.<\/p>\n<p data-start=\"834\" data-end=\"1140\">Este reloj presenta una <strong data-start=\"858\" data-end=\"897\">caja delgada con brazalete met\u00e1lico<\/strong>, ofreciendo un equilibrio perfecto entre elegancia y car\u00e1cter retro. Incorpora funciones pr\u00e1cticas como <strong data-start=\"1002\" data-end=\"1037\">alarma, cron\u00f3metro y calendario<\/strong>, ideales para el uso diario, mientras que su dise\u00f1o evoca el ambiente cl\u00e1sico y misterioso de Hawkins.<\/p>\n<p data-start=\"1142\" data-end=\"1371\">M\u00e1s que un accesorio, el AQ-800EST-1AER es una pieza de colecci\u00f3n que conecta pasado y presente, perfecta para quienes buscan un reloj con personalidad, historia y un gui\u00f1o a una de las series m\u00e1s ic\u00f3nicas de los \u00faltimos tiempos.<\/p>\n","protected":false},"excerpt":{"rendered":"<p>El <strong data-start=\"218\" data-end=\"268\">Casio AQ-800EST-1AER \u2013 Stranger Things Edition<\/strong> fusiona el ic\u00f3nico dise\u00f1o retro de Casio con el esp\u00edritu ochentero de la serie <em data-start=\"348\" data-end=\"365\">Stranger Things<\/em>. Un reloj anal\u00f3gico-digital que rinde homenaje a una \u00e9poca legendaria.<\/p>\n","protected":false},"featured_media":2569,"comment_status":"closed","ping_status":"closed","template":"","meta":[],"product_brand":[],"product_cat":[57,79,38],"product_tag":[174,68,176,83,136,165,175,119,173],"class_list":{"0":"post-2563","1":"product","2":"type-product","3":"status-publish","4":"has-post-thumbnail","6":"product_cat-casio","7":"product_cat-edicion-limitada","8":"product_cat-relojes","9":"product_tag-aq-800est-1aer","10":"product_tag-casio","11":"product_tag-casio-stranger-things","12":"product_tag-dacla","13":"product_tag-edicion-limitada","14":"product_tag-lleida","15":"product_tag-regalo-para-fans-de-stranger-things","16":"product_tag-reloj","17":"product_tag-stranger-things","19":"first","20":"instock","21":"taxable","22":"shipping-taxable","23":"purchasable","24":"product-type-simple"},"yoast_head":"<!-- This site is optimized with the Yoast SEO plugin v27.2 - https:\/\/yoast.com\/product\/yoast-seo-wordpress\/ -->\n<title>Reloj Casio Stranger Things edici\u00f3n limitada AQ-800EST-1AER - Joieria Dacla<\/title>\n<meta name=\"description\" content=\"El Casio AQ-800EST-1AER \u2013 Stranger Things Edition fusiona el ic\u00f3nico dise\u00f1o retro de Casio con el esp\u00edritu ochentero de la serie Stranger Things. Un reloj anal\u00f3gico-digital que rinde homenaje a una \u00e9poca legendaria.\" \/>\n<meta name=\"robots\" content=\"index, follow, max-snippet:-1, max-image-preview:large, max-video-preview:-1\" \/>\n<link rel=\"canonical\" href=\"https:\/\/joieriadacla.com\/index.php\/product\/reloj-casio-stranger-things-edicion-limitada-aq-800est-1aer\/\" \/>\n<meta property=\"og:locale\" content=\"es_ES\" \/>\n<meta property=\"og:type\" content=\"article\" \/>\n<meta property=\"og:title\" content=\"Reloj Casio Stranger Things edici\u00f3n limitada AQ-800EST-1AER - Joieria Dacla\" \/>\n<meta property=\"og:description\" content=\"El Casio AQ-800EST-1AER \u2013 Stranger Things Edition fusiona el ic\u00f3nico dise\u00f1o retro de Casio con el esp\u00edritu ochentero de la serie Stranger Things. Un reloj anal\u00f3gico-digital que rinde homenaje a una \u00e9poca legendaria.\" \/>\n<meta property=\"og:url\" content=\"https:\/\/joieriadacla.com\/index.php\/product\/reloj-casio-stranger-things-edicion-limitada-aq-800est-1aer\/\" \/>\n<meta property=\"og:site_name\" content=\"Joieria Dacla\" \/>\n<meta property=\"article:modified_time\" content=\"2026-01-31T13:07:36+00:00\" \/>\n<meta name=\"twitter:card\" content=\"summary_large_image\" \/>\n<meta name=\"twitter:label1\" content=\"Tiempo de lectura\" \/>\n\t<meta name=\"twitter:data1\" content=\"1 minuto\" \/>\n<script type=\"application\/ld+json\" class=\"yoast-schema-graph\">{\"@context\":\"https:\/\/schema.org\",\"@graph\":[{\"@type\":\"WebPage\",\"@id\":\"https:\/\/joieriadacla.com\/index.php\/product\/reloj-casio-stranger-things-edicion-limitada-aq-800est-1aer\/\",\"url\":\"https:\/\/joieriadacla.com\/index.php\/product\/reloj-casio-stranger-things-edicion-limitada-aq-800est-1aer\/\",\"name\":\"Reloj Casio Stranger Things edici\u00f3n limitada AQ-800EST-1AER - Joieria Dacla\",\"isPartOf\":{\"@id\":\"https:\/\/joieriadacla.com\/#website\"},\"primaryImageOfPage\":{\"@id\":\"https:\/\/joieriadacla.com\/index.php\/product\/reloj-casio-stranger-things-edicion-limitada-aq-800est-1aer\/#primaryimage\"},\"image\":{\"@id\":\"https:\/\/joieriadacla.com\/index.php\/product\/reloj-casio-stranger-things-edicion-limitada-aq-800est-1aer\/#primaryimage\"},\"thumbnailUrl\":\"https:\/\/joieriadacla.com\/wp-content\/uploads\/2026\/01\/stranger-things.avif\",\"datePublished\":\"2026-01-08T12:07:51+00:00\",\"dateModified\":\"2026-01-31T13:07:36+00:00\",\"description\":\"El Casio AQ-800EST-1AER \u2013 Stranger Things Edition fusiona el ic\u00f3nico dise\u00f1o retro de Casio con el esp\u00edritu ochentero de la serie Stranger Things. Un reloj anal\u00f3gico-digital que rinde homenaje a una \u00e9poca legendaria.\",\"breadcrumb\":{\"@id\":\"https:\/\/joieriadacla.com\/index.php\/product\/reloj-casio-stranger-things-edicion-limitada-aq-800est-1aer\/#breadcrumb\"},\"inLanguage\":\"es\",\"potentialAction\":[{\"@type\":\"ReadAction\",\"target\":[\"https:\/\/joieriadacla.com\/index.php\/product\/reloj-casio-stranger-things-edicion-limitada-aq-800est-1aer\/\"]}]},{\"@type\":\"ImageObject\",\"inLanguage\":\"es\",\"@id\":\"https:\/\/joieriadacla.com\/index.php\/product\/reloj-casio-stranger-things-edicion-limitada-aq-800est-1aer\/#primaryimage\",\"url\":\"https:\/\/joieriadacla.com\/wp-content\/uploads\/2026\/01\/stranger-things.avif\",\"contentUrl\":\"https:\/\/joieriadacla.com\/wp-content\/uploads\/2026\/01\/stranger-things.avif\",\"width\":408,\"height\":408},{\"@type\":\"BreadcrumbList\",\"@id\":\"https:\/\/joieriadacla.com\/index.php\/product\/reloj-casio-stranger-things-edicion-limitada-aq-800est-1aer\/#breadcrumb\",\"itemListElement\":[{\"@type\":\"ListItem\",\"position\":1,\"name\":\"Portada\",\"item\":\"https:\/\/joieriadacla.com\/\"},{\"@type\":\"ListItem\",\"position\":2,\"name\":\"Productos\",\"item\":\"https:\/\/joieriadacla.com\/index.php\/shop\/\"},{\"@type\":\"ListItem\",\"position\":3,\"name\":\"Reloj Casio Stranger Things edici\u00f3n limitada AQ-800EST-1AER\"}]},{\"@type\":\"WebSite\",\"@id\":\"https:\/\/joieriadacla.com\/#website\",\"url\":\"https:\/\/joieriadacla.com\/\",\"name\":\"Joieria Rellotgeria Dacla\",\"description\":\"Joieria Dacla\",\"publisher\":{\"@id\":\"https:\/\/joieriadacla.com\/#organization\"},\"potentialAction\":[{\"@type\":\"SearchAction\",\"target\":{\"@type\":\"EntryPoint\",\"urlTemplate\":\"https:\/\/joieriadacla.com\/?s={search_term_string}\"},\"query-input\":{\"@type\":\"PropertyValueSpecification\",\"valueRequired\":true,\"valueName\":\"search_term_string\"}}],\"inLanguage\":\"es\"},{\"@type\":\"Organization\",\"@id\":\"https:\/\/joieriadacla.com\/#organization\",\"name\":\"Joieria Rellotgeria Dacla\",\"url\":\"https:\/\/joieriadacla.com\/\",\"logo\":{\"@type\":\"ImageObject\",\"inLanguage\":\"es\",\"@id\":\"https:\/\/joieriadacla.com\/#\/schema\/logo\/image\/\",\"url\":\"https:\/\/joieriadacla.com\/wp-content\/uploads\/2022\/03\/LOGODACLA.png\",\"contentUrl\":\"https:\/\/joieriadacla.com\/wp-content\/uploads\/2022\/03\/LOGODACLA.png\",\"width\":319,\"height\":228,\"caption\":\"Joieria Rellotgeria Dacla\"},\"image\":{\"@id\":\"https:\/\/joieriadacla.com\/#\/schema\/logo\/image\/\"},\"sameAs\":[\"https:\/\/www.instagram.com\/joieria.dacla\/?hl=es\"]}]}<\/script>\n<!-- \/ Yoast SEO plugin. -->","yoast_head_json":{"title":"Reloj Casio Stranger Things edici\u00f3n limitada AQ-800EST-1AER - Joieria Dacla","description":"El Casio AQ-800EST-1AER \u2013 Stranger Things Edition fusiona el ic\u00f3nico dise\u00f1o retro de Casio con el esp\u00edritu ochentero de la serie Stranger Things. Un reloj anal\u00f3gico-digital que rinde homenaje a una \u00e9poca legendaria.","robots":{"index":"index","follow":"follow","max-snippet":"max-snippet:-1","max-image-preview":"max-image-preview:large","max-video-preview":"max-video-preview:-1"},"canonical":"https:\/\/joieriadacla.com\/index.php\/product\/reloj-casio-stranger-things-edicion-limitada-aq-800est-1aer\/","og_locale":"es_ES","og_type":"article","og_title":"Reloj Casio Stranger Things edici\u00f3n limitada AQ-800EST-1AER - Joieria Dacla","og_description":"El Casio AQ-800EST-1AER \u2013 Stranger Things Edition fusiona el ic\u00f3nico dise\u00f1o retro de Casio con el esp\u00edritu ochentero de la serie Stranger Things. Un reloj anal\u00f3gico-digital que rinde homenaje a una \u00e9poca legendaria.","og_url":"https:\/\/joieriadacla.com\/index.php\/product\/reloj-casio-stranger-things-edicion-limitada-aq-800est-1aer\/","og_site_name":"Joieria Dacla","article_modified_time":"2026-01-31T13:07:36+00:00","twitter_card":"summary_large_image","twitter_misc":{"Tiempo de lectura":"1 minuto"},"schema":{"@context":"https:\/\/schema.org","@graph":[{"@type":"WebPage","@id":"https:\/\/joieriadacla.com\/index.php\/product\/reloj-casio-stranger-things-edicion-limitada-aq-800est-1aer\/","url":"https:\/\/joieriadacla.com\/index.php\/product\/reloj-casio-stranger-things-edicion-limitada-aq-800est-1aer\/","name":"Reloj Casio Stranger Things edici\u00f3n limitada AQ-800EST-1AER - Joieria Dacla","isPartOf":{"@id":"https:\/\/joieriadacla.com\/#website"},"primaryImageOfPage":{"@id":"https:\/\/joieriadacla.com\/index.php\/product\/reloj-casio-stranger-things-edicion-limitada-aq-800est-1aer\/#primaryimage"},"image":{"@id":"https:\/\/joieriadacla.com\/index.php\/product\/reloj-casio-stranger-things-edicion-limitada-aq-800est-1aer\/#primaryimage"},"thumbnailUrl":"https:\/\/joieriadacla.com\/wp-content\/uploads\/2026\/01\/stranger-things.avif","datePublished":"2026-01-08T12:07:51+00:00","dateModified":"2026-01-31T13:07:36+00:00","description":"El Casio AQ-800EST-1AER \u2013 Stranger Things Edition fusiona el ic\u00f3nico dise\u00f1o retro de Casio con el esp\u00edritu ochentero de la serie Stranger Things. Un reloj anal\u00f3gico-digital que rinde homenaje a una \u00e9poca legendaria.","breadcrumb":{"@id":"https:\/\/joieriadacla.com\/index.php\/product\/reloj-casio-stranger-things-edicion-limitada-aq-800est-1aer\/#breadcrumb"},"inLanguage":"es","potentialAction":[{"@type":"ReadAction","target":["https:\/\/joieriadacla.com\/index.php\/product\/reloj-casio-stranger-things-edicion-limitada-aq-800est-1aer\/"]}]},{"@type":"ImageObject","inLanguage":"es","@id":"https:\/\/joieriadacla.com\/index.php\/product\/reloj-casio-stranger-things-edicion-limitada-aq-800est-1aer\/#primaryimage","url":"https:\/\/joieriadacla.com\/wp-content\/uploads\/2026\/01\/stranger-things.avif","contentUrl":"https:\/\/joieriadacla.com\/wp-content\/uploads\/2026\/01\/stranger-things.avif","width":408,"height":408},{"@type":"BreadcrumbList","@id":"https:\/\/joieriadacla.com\/index.php\/product\/reloj-casio-stranger-things-edicion-limitada-aq-800est-1aer\/#breadcrumb","itemListElement":[{"@type":"ListItem","position":1,"name":"Portada","item":"https:\/\/joieriadacla.com\/"},{"@type":"ListItem","position":2,"name":"Productos","item":"https:\/\/joieriadacla.com\/index.php\/shop\/"},{"@type":"ListItem","position":3,"name":"Reloj Casio Stranger Things edici\u00f3n limitada AQ-800EST-1AER"}]},{"@type":"WebSite","@id":"https:\/\/joieriadacla.com\/#website","url":"https:\/\/joieriadacla.com\/","name":"Joieria Rellotgeria Dacla","description":"Joieria Dacla","publisher":{"@id":"https:\/\/joieriadacla.com\/#organization"},"potentialAction":[{"@type":"SearchAction","target":{"@type":"EntryPoint","urlTemplate":"https:\/\/joieriadacla.com\/?s={search_term_string}"},"query-input":{"@type":"PropertyValueSpecification","valueRequired":true,"valueName":"search_term_string"}}],"inLanguage":"es"},{"@type":"Organization","@id":"https:\/\/joieriadacla.com\/#organization","name":"Joieria Rellotgeria Dacla","url":"https:\/\/joieriadacla.com\/","logo":{"@type":"ImageObject","inLanguage":"es","@id":"https:\/\/joieriadacla.com\/#\/schema\/logo\/image\/","url":"https:\/\/joieriadacla.com\/wp-content\/uploads\/2022\/03\/LOGODACLA.png","contentUrl":"https:\/\/joieriadacla.com\/wp-content\/uploads\/2022\/03\/LOGODACLA.png","width":319,"height":228,"caption":"Joieria Rellotgeria Dacla"},"image":{"@id":"https:\/\/joieriadacla.com\/#\/schema\/logo\/image\/"},"sameAs":["https:\/\/www.instagram.com\/joieria.dacla\/?hl=es"]}]}},"_links":{"self":[{"href":"https:\/\/joieriadacla.com\/index.php\/wp-json\/wp\/v2\/product\/2563","targetHints":{"allow":["GET"]}}],"collection":[{"href":"https:\/\/joieriadacla.com\/index.php\/wp-json\/wp\/v2\/product"}],"about":[{"href":"https:\/\/joieriadacla.com\/index.php\/wp-json\/wp\/v2\/types\/product"}],"replies":[{"embeddable":true,"href":"https:\/\/joieriadacla.com\/index.php\/wp-json\/wp\/v2\/comments?post=2563"}],"wp:featuredmedia":[{"embeddable":true,"href":"https:\/\/joieriadacla.com\/index.php\/wp-json\/wp\/v2\/media\/2569"}],"wp:attachment":[{"href":"https:\/\/joieriadacla.com\/index.php\/wp-json\/wp\/v2\/media?parent=2563"}],"wp:term":[{"taxonomy":"product_brand","embeddable":true,"href":"https:\/\/joieriadacla.com\/index.php\/wp-json\/wp\/v2\/product_brand?post=2563"},{"taxonomy":"product_cat","embeddable":true,"href":"https:\/\/joieriadacla.com\/index.php\/wp-json\/wp\/v2\/product_cat?post=2563"},{"taxonomy":"product_tag","embeddable":true,"href":"https:\/\/joieriadacla.com\/index.php\/wp-json\/wp\/v2\/product_tag?post=2563"}],"curies":[{"name":"wp","href":"https:\/\/api.w.org\/{rel}","templated":true}]}}