{"id":2537,"date":"2025-10-23T16:33:15","date_gmt":"2025-10-23T16:33:15","guid":{"rendered":"https:\/\/joieriadacla.com\/?post_type=product&#038;p=2537"},"modified":"2025-10-23T16:34:51","modified_gmt":"2025-10-23T16:34:51","slug":"reloj-casio-ca-500webf-1a","status":"publish","type":"product","link":"https:\/\/joieriadacla.com\/index.php\/product\/reloj-casio-ca-500webf-1a\/","title":{"rendered":"Reloj Casio CA-500WEBF-1A"},"content":{"rendered":"<p>Presentamos una colaboraci\u00f3n \u00fanica entre Casio Vintage y Regreso al Futuro.<\/p>\n<p>En 2025 se celebra el 40 aniversario del estreno de Regreso al Futuro, y el ic\u00f3nico Casio Vintage lo conmemora con un reloj muy especial que encarna esta inolvidable aventura futurista.<\/p>\n<p>El CA-500, el popular modelo calculadora de Casio, tan querido hoy como en los a\u00f1os 80, adopta el esp\u00edritu del DeLorean de Regreso al Futuro. Los colores que rodean los botones evocan los circuitos de tiempo del DeLorean para fijar la fecha y hora de destino, transport\u00e1ndote directamente al universo de la pel\u00edcula. En el reverso de la caja destaca el grabado del condensador de fluzo, la legendaria pieza de tecnolog\u00eda ficticia que convierte al DeLorean en m\u00e1quina del tiempo.<\/p>\n<p>Esta colaboraci\u00f3n especial est\u00e1 llena de detalles, como el logotipo de Regreso al Futuro en la hebilla. Aun as\u00ed, su caja y correa plateadas aportan un aire elegante y vers\u00e1til, perfecto tanto para el d\u00eda a d\u00eda en la oficina como para una sesi\u00f3n de cine.<\/p>\n<p>El reloj se presenta en un embalaje exclusivo con forma de cinta de v\u00eddeo retro, que refleja a la perfecci\u00f3n el mundo de la pel\u00edcula: una pieza de colecci\u00f3n imprescindible.<\/p>\n<p>Sum\u00e9rgete en el universo de Regreso al Futuro con un toque de alegr\u00eda sutil que a\u00f1ade aventura y diversi\u00f3n a cada minuto, hora y d\u00eda.<\/p>\n<p><b>Regreso al Futuro<\/b><br \/>\nEstrenada en 1985, la m\u00edtica pel\u00edcula de ciencia ficci\u00f3n Regreso al Futuro cumple 40 a\u00f1os en 2025. Dirigida por Robert Zemeckis y producida por Steven Spielberg, narra una emocionante historia de viajes en el tiempo y lazos familiares. En este cl\u00e1sico atemporal, querido por generaciones, el protagonista Marty McFly \u2014interpretado por Michael J. Fox\u2014 viaja en una m\u00e1quina del tiempo creada por el exc\u00e9ntrico cient\u00edfico Doc Brown, encarnado por Christopher Lloyd. El p\u00fablico se deja llevar, fascinado y conmovido, por la carrera contrarreloj de Marty para restaurar el futuro que conoc\u00eda. Cuatro d\u00e9cadas despu\u00e9s, este icono del cine sigue resistiendo al paso del tiempo, transmitiendo un mensaje intemporal de esperanza en lo que est\u00e1 por venir.<\/p>\n","protected":false},"excerpt":{"rendered":"<p>Presentamos una colaboraci\u00f3n \u00fanica entre Casio Vintage y Regreso al Futuro. En 2025 se celebra el 40 aniversario del estreno de Regreso al Futuro, y el ic\u00f3nico Casio Vintage lo conmemora con un reloj muy especial que encarna esta inolvidable aventura futurista.<\/p>\n","protected":false},"featured_media":2538,"comment_status":"closed","ping_status":"closed","template":"","meta":[],"product_brand":[],"product_cat":[57,79,38],"product_tag":[170,68,171,119],"class_list":{"0":"post-2537","1":"product","2":"type-product","3":"status-publish","4":"has-post-thumbnail","6":"product_cat-casio","7":"product_cat-edicion-limitada","8":"product_cat-relojes","9":"product_tag-ca-500webf-1a","10":"product_tag-casio","11":"product_tag-regreso-al-futuro","12":"product_tag-reloj","14":"first","15":"outofstock","16":"taxable","17":"shipping-taxable","18":"product-type-simple"},"yoast_head":"<!-- This site is optimized with the Yoast SEO plugin v27.2 - https:\/\/yoast.com\/product\/yoast-seo-wordpress\/ -->\n<title>Reloj Casio CA-500WEBF-1A - Joieria Dacla<\/title>\n<meta name=\"description\" content=\"Presentamos una colaboraci\u00f3n \u00fanica entre Casio Vintage y Regreso al Futuro.En 2025 se celebra el 40 aniversario del estreno de Regreso al Futuro, y el ic\u00f3nico Casio Vintage lo conmemora con un reloj muy especial que encarna esta inolvidable aventura futurista.\" \/>\n<meta name=\"robots\" content=\"index, follow, max-snippet:-1, max-image-preview:large, max-video-preview:-1\" \/>\n<link rel=\"canonical\" href=\"https:\/\/joieriadacla.com\/index.php\/product\/reloj-casio-ca-500webf-1a\/\" \/>\n<meta property=\"og:locale\" content=\"es_ES\" \/>\n<meta property=\"og:type\" content=\"article\" \/>\n<meta property=\"og:title\" content=\"Reloj Casio CA-500WEBF-1A - Joieria Dacla\" \/>\n<meta property=\"og:description\" content=\"Presentamos una colaboraci\u00f3n \u00fanica entre Casio Vintage y Regreso al Futuro.En 2025 se celebra el 40 aniversario del estreno de Regreso al Futuro, y el ic\u00f3nico Casio Vintage lo conmemora con un reloj muy especial que encarna esta inolvidable aventura futurista.\" \/>\n<meta property=\"og:url\" content=\"https:\/\/joieriadacla.com\/index.php\/product\/reloj-casio-ca-500webf-1a\/\" \/>\n<meta property=\"og:site_name\" content=\"Joieria Dacla\" \/>\n<meta property=\"article:modified_time\" content=\"2025-10-23T16:34:51+00:00\" \/>\n<meta name=\"twitter:card\" content=\"summary_large_image\" \/>\n<meta name=\"twitter:label1\" content=\"Tiempo de lectura\" \/>\n\t<meta name=\"twitter:data1\" content=\"2 minutos\" \/>\n<script type=\"application\/ld+json\" class=\"yoast-schema-graph\">{\"@context\":\"https:\/\/schema.org\",\"@graph\":[{\"@type\":\"WebPage\",\"@id\":\"https:\/\/joieriadacla.com\/index.php\/product\/reloj-casio-ca-500webf-1a\/\",\"url\":\"https:\/\/joieriadacla.com\/index.php\/product\/reloj-casio-ca-500webf-1a\/\",\"name\":\"Reloj Casio CA-500WEBF-1A - Joieria Dacla\",\"isPartOf\":{\"@id\":\"https:\/\/joieriadacla.com\/#website\"},\"primaryImageOfPage\":{\"@id\":\"https:\/\/joieriadacla.com\/index.php\/product\/reloj-casio-ca-500webf-1a\/#primaryimage\"},\"image\":{\"@id\":\"https:\/\/joieriadacla.com\/index.php\/product\/reloj-casio-ca-500webf-1a\/#primaryimage\"},\"thumbnailUrl\":\"https:\/\/joieriadacla.com\/wp-content\/uploads\/2025\/10\/image-4-1.avif\",\"datePublished\":\"2025-10-23T16:33:15+00:00\",\"dateModified\":\"2025-10-23T16:34:51+00:00\",\"description\":\"Presentamos una colaboraci\u00f3n \u00fanica entre Casio Vintage y Regreso al Futuro.En 2025 se celebra el 40 aniversario del estreno de Regreso al Futuro, y el ic\u00f3nico Casio Vintage lo conmemora con un reloj muy especial que encarna esta inolvidable aventura futurista.\",\"breadcrumb\":{\"@id\":\"https:\/\/joieriadacla.com\/index.php\/product\/reloj-casio-ca-500webf-1a\/#breadcrumb\"},\"inLanguage\":\"es\",\"potentialAction\":[{\"@type\":\"ReadAction\",\"target\":[\"https:\/\/joieriadacla.com\/index.php\/product\/reloj-casio-ca-500webf-1a\/\"]}]},{\"@type\":\"ImageObject\",\"inLanguage\":\"es\",\"@id\":\"https:\/\/joieriadacla.com\/index.php\/product\/reloj-casio-ca-500webf-1a\/#primaryimage\",\"url\":\"https:\/\/joieriadacla.com\/wp-content\/uploads\/2025\/10\/image-4-1.avif\",\"contentUrl\":\"https:\/\/joieriadacla.com\/wp-content\/uploads\/2025\/10\/image-4-1.avif\",\"width\":408,\"height\":408},{\"@type\":\"BreadcrumbList\",\"@id\":\"https:\/\/joieriadacla.com\/index.php\/product\/reloj-casio-ca-500webf-1a\/#breadcrumb\",\"itemListElement\":[{\"@type\":\"ListItem\",\"position\":1,\"name\":\"Portada\",\"item\":\"https:\/\/joieriadacla.com\/\"},{\"@type\":\"ListItem\",\"position\":2,\"name\":\"Productos\",\"item\":\"https:\/\/joieriadacla.com\/index.php\/shop\/\"},{\"@type\":\"ListItem\",\"position\":3,\"name\":\"Reloj Casio CA-500WEBF-1A\"}]},{\"@type\":\"WebSite\",\"@id\":\"https:\/\/joieriadacla.com\/#website\",\"url\":\"https:\/\/joieriadacla.com\/\",\"name\":\"Joieria Rellotgeria Dacla\",\"description\":\"Joieria Dacla\",\"publisher\":{\"@id\":\"https:\/\/joieriadacla.com\/#organization\"},\"potentialAction\":[{\"@type\":\"SearchAction\",\"target\":{\"@type\":\"EntryPoint\",\"urlTemplate\":\"https:\/\/joieriadacla.com\/?s={search_term_string}\"},\"query-input\":{\"@type\":\"PropertyValueSpecification\",\"valueRequired\":true,\"valueName\":\"search_term_string\"}}],\"inLanguage\":\"es\"},{\"@type\":\"Organization\",\"@id\":\"https:\/\/joieriadacla.com\/#organization\",\"name\":\"Joieria Rellotgeria Dacla\",\"url\":\"https:\/\/joieriadacla.com\/\",\"logo\":{\"@type\":\"ImageObject\",\"inLanguage\":\"es\",\"@id\":\"https:\/\/joieriadacla.com\/#\/schema\/logo\/image\/\",\"url\":\"https:\/\/joieriadacla.com\/wp-content\/uploads\/2022\/03\/LOGODACLA.png\",\"contentUrl\":\"https:\/\/joieriadacla.com\/wp-content\/uploads\/2022\/03\/LOGODACLA.png\",\"width\":319,\"height\":228,\"caption\":\"Joieria Rellotgeria Dacla\"},\"image\":{\"@id\":\"https:\/\/joieriadacla.com\/#\/schema\/logo\/image\/\"},\"sameAs\":[\"https:\/\/www.instagram.com\/joieria.dacla\/?hl=es\"]}]}<\/script>\n<!-- \/ Yoast SEO plugin. -->","yoast_head_json":{"title":"Reloj Casio CA-500WEBF-1A - Joieria Dacla","description":"Presentamos una colaboraci\u00f3n \u00fanica entre Casio Vintage y Regreso al Futuro.En 2025 se celebra el 40 aniversario del estreno de Regreso al Futuro, y el ic\u00f3nico Casio Vintage lo conmemora con un reloj muy especial que encarna esta inolvidable aventura futurista.","robots":{"index":"index","follow":"follow","max-snippet":"max-snippet:-1","max-image-preview":"max-image-preview:large","max-video-preview":"max-video-preview:-1"},"canonical":"https:\/\/joieriadacla.com\/index.php\/product\/reloj-casio-ca-500webf-1a\/","og_locale":"es_ES","og_type":"article","og_title":"Reloj Casio CA-500WEBF-1A - Joieria Dacla","og_description":"Presentamos una colaboraci\u00f3n \u00fanica entre Casio Vintage y Regreso al Futuro.En 2025 se celebra el 40 aniversario del estreno de Regreso al Futuro, y el ic\u00f3nico Casio Vintage lo conmemora con un reloj muy especial que encarna esta inolvidable aventura futurista.","og_url":"https:\/\/joieriadacla.com\/index.php\/product\/reloj-casio-ca-500webf-1a\/","og_site_name":"Joieria Dacla","article_modified_time":"2025-10-23T16:34:51+00:00","twitter_card":"summary_large_image","twitter_misc":{"Tiempo de lectura":"2 minutos"},"schema":{"@context":"https:\/\/schema.org","@graph":[{"@type":"WebPage","@id":"https:\/\/joieriadacla.com\/index.php\/product\/reloj-casio-ca-500webf-1a\/","url":"https:\/\/joieriadacla.com\/index.php\/product\/reloj-casio-ca-500webf-1a\/","name":"Reloj Casio CA-500WEBF-1A - Joieria Dacla","isPartOf":{"@id":"https:\/\/joieriadacla.com\/#website"},"primaryImageOfPage":{"@id":"https:\/\/joieriadacla.com\/index.php\/product\/reloj-casio-ca-500webf-1a\/#primaryimage"},"image":{"@id":"https:\/\/joieriadacla.com\/index.php\/product\/reloj-casio-ca-500webf-1a\/#primaryimage"},"thumbnailUrl":"https:\/\/joieriadacla.com\/wp-content\/uploads\/2025\/10\/image-4-1.avif","datePublished":"2025-10-23T16:33:15+00:00","dateModified":"2025-10-23T16:34:51+00:00","description":"Presentamos una colaboraci\u00f3n \u00fanica entre Casio Vintage y Regreso al Futuro.En 2025 se celebra el 40 aniversario del estreno de Regreso al Futuro, y el ic\u00f3nico Casio Vintage lo conmemora con un reloj muy especial que encarna esta inolvidable aventura futurista.","breadcrumb":{"@id":"https:\/\/joieriadacla.com\/index.php\/product\/reloj-casio-ca-500webf-1a\/#breadcrumb"},"inLanguage":"es","potentialAction":[{"@type":"ReadAction","target":["https:\/\/joieriadacla.com\/index.php\/product\/reloj-casio-ca-500webf-1a\/"]}]},{"@type":"ImageObject","inLanguage":"es","@id":"https:\/\/joieriadacla.com\/index.php\/product\/reloj-casio-ca-500webf-1a\/#primaryimage","url":"https:\/\/joieriadacla.com\/wp-content\/uploads\/2025\/10\/image-4-1.avif","contentUrl":"https:\/\/joieriadacla.com\/wp-content\/uploads\/2025\/10\/image-4-1.avif","width":408,"height":408},{"@type":"BreadcrumbList","@id":"https:\/\/joieriadacla.com\/index.php\/product\/reloj-casio-ca-500webf-1a\/#breadcrumb","itemListElement":[{"@type":"ListItem","position":1,"name":"Portada","item":"https:\/\/joieriadacla.com\/"},{"@type":"ListItem","position":2,"name":"Productos","item":"https:\/\/joieriadacla.com\/index.php\/shop\/"},{"@type":"ListItem","position":3,"name":"Reloj Casio CA-500WEBF-1A"}]},{"@type":"WebSite","@id":"https:\/\/joieriadacla.com\/#website","url":"https:\/\/joieriadacla.com\/","name":"Joieria Rellotgeria Dacla","description":"Joieria Dacla","publisher":{"@id":"https:\/\/joieriadacla.com\/#organization"},"potentialAction":[{"@type":"SearchAction","target":{"@type":"EntryPoint","urlTemplate":"https:\/\/joieriadacla.com\/?s={search_term_string}"},"query-input":{"@type":"PropertyValueSpecification","valueRequired":true,"valueName":"search_term_string"}}],"inLanguage":"es"},{"@type":"Organization","@id":"https:\/\/joieriadacla.com\/#organization","name":"Joieria Rellotgeria Dacla","url":"https:\/\/joieriadacla.com\/","logo":{"@type":"ImageObject","inLanguage":"es","@id":"https:\/\/joieriadacla.com\/#\/schema\/logo\/image\/","url":"https:\/\/joieriadacla.com\/wp-content\/uploads\/2022\/03\/LOGODACLA.png","contentUrl":"https:\/\/joieriadacla.com\/wp-content\/uploads\/2022\/03\/LOGODACLA.png","width":319,"height":228,"caption":"Joieria Rellotgeria Dacla"},"image":{"@id":"https:\/\/joieriadacla.com\/#\/schema\/logo\/image\/"},"sameAs":["https:\/\/www.instagram.com\/joieria.dacla\/?hl=es"]}]}},"_links":{"self":[{"href":"https:\/\/joieriadacla.com\/index.php\/wp-json\/wp\/v2\/product\/2537","targetHints":{"allow":["GET"]}}],"collection":[{"href":"https:\/\/joieriadacla.com\/index.php\/wp-json\/wp\/v2\/product"}],"about":[{"href":"https:\/\/joieriadacla.com\/index.php\/wp-json\/wp\/v2\/types\/product"}],"replies":[{"embeddable":true,"href":"https:\/\/joieriadacla.com\/index.php\/wp-json\/wp\/v2\/comments?post=2537"}],"wp:featuredmedia":[{"embeddable":true,"href":"https:\/\/joieriadacla.com\/index.php\/wp-json\/wp\/v2\/media\/2538"}],"wp:attachment":[{"href":"https:\/\/joieriadacla.com\/index.php\/wp-json\/wp\/v2\/media?parent=2537"}],"wp:term":[{"taxonomy":"product_brand","embeddable":true,"href":"https:\/\/joieriadacla.com\/index.php\/wp-json\/wp\/v2\/product_brand?post=2537"},{"taxonomy":"product_cat","embeddable":true,"href":"https:\/\/joieriadacla.com\/index.php\/wp-json\/wp\/v2\/product_cat?post=2537"},{"taxonomy":"product_tag","embeddable":true,"href":"https:\/\/joieriadacla.com\/index.php\/wp-json\/wp\/v2\/product_tag?post=2537"}],"curies":[{"name":"wp","href":"https:\/\/api.w.org\/{rel}","templated":true}]}}