{"id":2420,"date":"2024-11-12T18:47:54","date_gmt":"2024-11-12T18:47:54","guid":{"rendered":"https:\/\/joieriadacla.com\/?post_type=product&#038;p=2420"},"modified":"2024-11-12T18:49:42","modified_gmt":"2024-11-12T18:49:42","slug":"reloj-guess-tailor-gw0368g1","status":"publish","type":"product","link":"https:\/\/joieriadacla.com\/index.php\/product\/reloj-guess-tailor-gw0368g1\/","title":{"rendered":"Reloj Guess Tailor GW0368G1"},"content":{"rendered":"<h1>Reloj hombre Tailor Guess GW0368G1<\/h1>\n<p>Este Reloj hombre Tailor Guess GW0368G1 es ideal para cualquier ocasi\u00f3n y t\u00fa puedes disponer de este art\u00edculo en nuestra Joyer\u00eda Oro y Plata.<\/p>\n<div class=\"product_detail-title\"><strong>Detalle y cuidados:<\/strong><\/div>\n<div class=\"block__container\">\n<div class=\"product_detail-description\">\n<div class=\"block__container\">\n<div>Reloj de hombre Tailor GW0368G1 de acero y correa plateada. Reloj de acero de hombre de la marca Guess. Caja de 42mm en acabado brillante. Esfera multifunci\u00f3n con movimiento visto. Brazalete de malla. Todo en plateado. Elegancia en esta colecci\u00f3n, perfecta para los hombres elegantes y sobrios.<\/div>\n<\/div>\n<\/div>\n<\/div>\n<p><strong>Ref: GW0368G1<br \/>\n<\/strong><\/p>\n<p><strong>Reloj\u00a0<\/strong><strong>Guess<\/strong>.<br \/>\nColecci\u00f3n\u00a0<strong>TAILOR<\/strong>.<br \/>\nMaquinaria de cuarzo Anal\u00f3gica.<br \/>\nMaquinaria Multifunci\u00f3n.<br \/>\nVisualizaci\u00f3n de D\u00eda \/ Fecha.<br \/>\nFormato 12\/24 Horas.<br \/>\nCristal Mineral.<br \/>\nCaja de acero.<br \/>\nBrazalete de acero.<br \/>\nW.R. 5 bar = 50 m.<br \/>\n2 A\u00f1os de Garant\u00eda.<\/p>\n","protected":false},"excerpt":{"rendered":"<h1>Reloj hombre Tailor Guess GW0368G1<\/h1>\n<p>Este Reloj hombre Tailor Guess GW0368G1 es ideal para cualquier ocasi\u00f3n y t\u00fa puedes disponer de este art\u00edculo en nuestra Joyer\u00eda Oro y Plata.<\/p>\n<div class=\"product_detail-title\"><strong>Detalle y cuidados:<\/strong><\/div>\n<div class=\"block__container\">\n<div class=\"product_detail-description\">\n<div class=\"block__container\">\n<div>Reloj de hombre Tailor GW0368G1 de acero y correa plateada. Reloj de acero de hombre de la marca Guess. Caja de 42mm en acabado brillante. Esfera multifunci\u00f3n con movimiento visto. Brazalete de malla. Todo en plateado. Elegancia en esta colecci\u00f3n, perfecta para los hombres elegantes y sobrios.<\/div>\n<\/div>\n<\/div>\n<\/div>\n","protected":false},"featured_media":2422,"comment_status":"closed","ping_status":"closed","template":"","meta":[],"product_brand":[],"product_cat":[56,38],"product_tag":[128,152,119,151],"class_list":{"0":"post-2420","1":"product","2":"type-product","3":"status-publish","4":"has-post-thumbnail","6":"product_cat-guess","7":"product_cat-relojes","8":"product_tag-guess","9":"product_tag-gw0368g1","10":"product_tag-reloj","11":"product_tag-tailor","13":"first","14":"instock","15":"taxable","16":"shipping-taxable","17":"purchasable","18":"product-type-simple"},"yoast_head":"<!-- This site is optimized with the Yoast SEO plugin v27.2 - https:\/\/yoast.com\/product\/yoast-seo-wordpress\/ -->\n<title>Reloj Guess Tailor GW0368G1 - Joieria Dacla<\/title>\n<meta name=\"robots\" content=\"index, follow, max-snippet:-1, max-image-preview:large, max-video-preview:-1\" \/>\n<link rel=\"canonical\" href=\"https:\/\/joieriadacla.com\/index.php\/product\/reloj-guess-tailor-gw0368g1\/\" \/>\n<meta property=\"og:locale\" content=\"es_ES\" \/>\n<meta property=\"og:type\" content=\"article\" \/>\n<meta property=\"og:title\" content=\"Reloj Guess Tailor GW0368G1 - Joieria Dacla\" \/>\n<meta property=\"og:description\" content=\"Reloj hombre Tailor Guess GW0368G1 Este Reloj hombre Tailor Guess GW0368G1 es ideal para cualquier ocasi\u00f3n y t\u00fa puedes disponer de este art\u00edculo en nuestra Joyer\u00eda Oro y Plata. Detalle y cuidados:    Reloj de hombre Tailor GW0368G1 de acero y correa plateada. Reloj de acero de hombre de la marca Guess. Caja de 42mm en acabado brillante. Esfera multifunci\u00f3n con movimiento visto. Brazalete de malla. Todo en plateado. Elegancia en esta colecci\u00f3n, perfecta para los hombres elegantes y sobrios.\" \/>\n<meta property=\"og:url\" content=\"https:\/\/joieriadacla.com\/index.php\/product\/reloj-guess-tailor-gw0368g1\/\" \/>\n<meta property=\"og:site_name\" content=\"Joieria Dacla\" \/>\n<meta property=\"article:modified_time\" content=\"2024-11-12T18:49:42+00:00\" \/>\n<meta property=\"og:image\" content=\"https:\/\/joieriadacla.com\/wp-content\/uploads\/2024\/11\/reloj-de-hombre-tailor-guess.png\" \/>\n\t<meta property=\"og:image:width\" content=\"600\" \/>\n\t<meta property=\"og:image:height\" content=\"600\" \/>\n\t<meta property=\"og:image:type\" content=\"image\/png\" \/>\n<meta name=\"twitter:card\" content=\"summary_large_image\" \/>\n<meta name=\"twitter:label1\" content=\"Tiempo de lectura\" \/>\n\t<meta name=\"twitter:data1\" content=\"1 minuto\" \/>\n<script type=\"application\/ld+json\" class=\"yoast-schema-graph\">{\"@context\":\"https:\/\/schema.org\",\"@graph\":[{\"@type\":\"WebPage\",\"@id\":\"https:\/\/joieriadacla.com\/index.php\/product\/reloj-guess-tailor-gw0368g1\/\",\"url\":\"https:\/\/joieriadacla.com\/index.php\/product\/reloj-guess-tailor-gw0368g1\/\",\"name\":\"Reloj Guess Tailor GW0368G1 - Joieria Dacla\",\"isPartOf\":{\"@id\":\"https:\/\/joieriadacla.com\/#website\"},\"primaryImageOfPage\":{\"@id\":\"https:\/\/joieriadacla.com\/index.php\/product\/reloj-guess-tailor-gw0368g1\/#primaryimage\"},\"image\":{\"@id\":\"https:\/\/joieriadacla.com\/index.php\/product\/reloj-guess-tailor-gw0368g1\/#primaryimage\"},\"thumbnailUrl\":\"https:\/\/joieriadacla.com\/wp-content\/uploads\/2024\/11\/reloj-de-hombre-tailor-guess.png\",\"datePublished\":\"2024-11-12T18:47:54+00:00\",\"dateModified\":\"2024-11-12T18:49:42+00:00\",\"breadcrumb\":{\"@id\":\"https:\/\/joieriadacla.com\/index.php\/product\/reloj-guess-tailor-gw0368g1\/#breadcrumb\"},\"inLanguage\":\"es\",\"potentialAction\":[{\"@type\":\"ReadAction\",\"target\":[\"https:\/\/joieriadacla.com\/index.php\/product\/reloj-guess-tailor-gw0368g1\/\"]}]},{\"@type\":\"ImageObject\",\"inLanguage\":\"es\",\"@id\":\"https:\/\/joieriadacla.com\/index.php\/product\/reloj-guess-tailor-gw0368g1\/#primaryimage\",\"url\":\"https:\/\/joieriadacla.com\/wp-content\/uploads\/2024\/11\/reloj-de-hombre-tailor-guess.png\",\"contentUrl\":\"https:\/\/joieriadacla.com\/wp-content\/uploads\/2024\/11\/reloj-de-hombre-tailor-guess.png\",\"width\":600,\"height\":600},{\"@type\":\"BreadcrumbList\",\"@id\":\"https:\/\/joieriadacla.com\/index.php\/product\/reloj-guess-tailor-gw0368g1\/#breadcrumb\",\"itemListElement\":[{\"@type\":\"ListItem\",\"position\":1,\"name\":\"Portada\",\"item\":\"https:\/\/joieriadacla.com\/\"},{\"@type\":\"ListItem\",\"position\":2,\"name\":\"Productos\",\"item\":\"https:\/\/joieriadacla.com\/index.php\/shop\/\"},{\"@type\":\"ListItem\",\"position\":3,\"name\":\"Reloj Guess Tailor GW0368G1\"}]},{\"@type\":\"WebSite\",\"@id\":\"https:\/\/joieriadacla.com\/#website\",\"url\":\"https:\/\/joieriadacla.com\/\",\"name\":\"Joieria Rellotgeria Dacla\",\"description\":\"Joieria Dacla\",\"publisher\":{\"@id\":\"https:\/\/joieriadacla.com\/#organization\"},\"potentialAction\":[{\"@type\":\"SearchAction\",\"target\":{\"@type\":\"EntryPoint\",\"urlTemplate\":\"https:\/\/joieriadacla.com\/?s={search_term_string}\"},\"query-input\":{\"@type\":\"PropertyValueSpecification\",\"valueRequired\":true,\"valueName\":\"search_term_string\"}}],\"inLanguage\":\"es\"},{\"@type\":\"Organization\",\"@id\":\"https:\/\/joieriadacla.com\/#organization\",\"name\":\"Joieria Rellotgeria Dacla\",\"url\":\"https:\/\/joieriadacla.com\/\",\"logo\":{\"@type\":\"ImageObject\",\"inLanguage\":\"es\",\"@id\":\"https:\/\/joieriadacla.com\/#\/schema\/logo\/image\/\",\"url\":\"https:\/\/joieriadacla.com\/wp-content\/uploads\/2022\/03\/LOGODACLA.png\",\"contentUrl\":\"https:\/\/joieriadacla.com\/wp-content\/uploads\/2022\/03\/LOGODACLA.png\",\"width\":319,\"height\":228,\"caption\":\"Joieria Rellotgeria Dacla\"},\"image\":{\"@id\":\"https:\/\/joieriadacla.com\/#\/schema\/logo\/image\/\"},\"sameAs\":[\"https:\/\/www.instagram.com\/joieria.dacla\/?hl=es\"]}]}<\/script>\n<!-- \/ Yoast SEO plugin. -->","yoast_head_json":{"title":"Reloj Guess Tailor GW0368G1 - Joieria Dacla","robots":{"index":"index","follow":"follow","max-snippet":"max-snippet:-1","max-image-preview":"max-image-preview:large","max-video-preview":"max-video-preview:-1"},"canonical":"https:\/\/joieriadacla.com\/index.php\/product\/reloj-guess-tailor-gw0368g1\/","og_locale":"es_ES","og_type":"article","og_title":"Reloj Guess Tailor GW0368G1 - Joieria Dacla","og_description":"Reloj hombre Tailor Guess GW0368G1 Este Reloj hombre Tailor Guess GW0368G1 es ideal para cualquier ocasi\u00f3n y t\u00fa puedes disponer de este art\u00edculo en nuestra Joyer\u00eda Oro y Plata. Detalle y cuidados:    Reloj de hombre Tailor GW0368G1 de acero y correa plateada. Reloj de acero de hombre de la marca Guess. Caja de 42mm en acabado brillante. Esfera multifunci\u00f3n con movimiento visto. Brazalete de malla. Todo en plateado. Elegancia en esta colecci\u00f3n, perfecta para los hombres elegantes y sobrios.","og_url":"https:\/\/joieriadacla.com\/index.php\/product\/reloj-guess-tailor-gw0368g1\/","og_site_name":"Joieria Dacla","article_modified_time":"2024-11-12T18:49:42+00:00","og_image":[{"width":600,"height":600,"url":"https:\/\/joieriadacla.com\/wp-content\/uploads\/2024\/11\/reloj-de-hombre-tailor-guess.png","type":"image\/png"}],"twitter_card":"summary_large_image","twitter_misc":{"Tiempo de lectura":"1 minuto"},"schema":{"@context":"https:\/\/schema.org","@graph":[{"@type":"WebPage","@id":"https:\/\/joieriadacla.com\/index.php\/product\/reloj-guess-tailor-gw0368g1\/","url":"https:\/\/joieriadacla.com\/index.php\/product\/reloj-guess-tailor-gw0368g1\/","name":"Reloj Guess Tailor GW0368G1 - Joieria Dacla","isPartOf":{"@id":"https:\/\/joieriadacla.com\/#website"},"primaryImageOfPage":{"@id":"https:\/\/joieriadacla.com\/index.php\/product\/reloj-guess-tailor-gw0368g1\/#primaryimage"},"image":{"@id":"https:\/\/joieriadacla.com\/index.php\/product\/reloj-guess-tailor-gw0368g1\/#primaryimage"},"thumbnailUrl":"https:\/\/joieriadacla.com\/wp-content\/uploads\/2024\/11\/reloj-de-hombre-tailor-guess.png","datePublished":"2024-11-12T18:47:54+00:00","dateModified":"2024-11-12T18:49:42+00:00","breadcrumb":{"@id":"https:\/\/joieriadacla.com\/index.php\/product\/reloj-guess-tailor-gw0368g1\/#breadcrumb"},"inLanguage":"es","potentialAction":[{"@type":"ReadAction","target":["https:\/\/joieriadacla.com\/index.php\/product\/reloj-guess-tailor-gw0368g1\/"]}]},{"@type":"ImageObject","inLanguage":"es","@id":"https:\/\/joieriadacla.com\/index.php\/product\/reloj-guess-tailor-gw0368g1\/#primaryimage","url":"https:\/\/joieriadacla.com\/wp-content\/uploads\/2024\/11\/reloj-de-hombre-tailor-guess.png","contentUrl":"https:\/\/joieriadacla.com\/wp-content\/uploads\/2024\/11\/reloj-de-hombre-tailor-guess.png","width":600,"height":600},{"@type":"BreadcrumbList","@id":"https:\/\/joieriadacla.com\/index.php\/product\/reloj-guess-tailor-gw0368g1\/#breadcrumb","itemListElement":[{"@type":"ListItem","position":1,"name":"Portada","item":"https:\/\/joieriadacla.com\/"},{"@type":"ListItem","position":2,"name":"Productos","item":"https:\/\/joieriadacla.com\/index.php\/shop\/"},{"@type":"ListItem","position":3,"name":"Reloj Guess Tailor GW0368G1"}]},{"@type":"WebSite","@id":"https:\/\/joieriadacla.com\/#website","url":"https:\/\/joieriadacla.com\/","name":"Joieria Rellotgeria Dacla","description":"Joieria Dacla","publisher":{"@id":"https:\/\/joieriadacla.com\/#organization"},"potentialAction":[{"@type":"SearchAction","target":{"@type":"EntryPoint","urlTemplate":"https:\/\/joieriadacla.com\/?s={search_term_string}"},"query-input":{"@type":"PropertyValueSpecification","valueRequired":true,"valueName":"search_term_string"}}],"inLanguage":"es"},{"@type":"Organization","@id":"https:\/\/joieriadacla.com\/#organization","name":"Joieria Rellotgeria Dacla","url":"https:\/\/joieriadacla.com\/","logo":{"@type":"ImageObject","inLanguage":"es","@id":"https:\/\/joieriadacla.com\/#\/schema\/logo\/image\/","url":"https:\/\/joieriadacla.com\/wp-content\/uploads\/2022\/03\/LOGODACLA.png","contentUrl":"https:\/\/joieriadacla.com\/wp-content\/uploads\/2022\/03\/LOGODACLA.png","width":319,"height":228,"caption":"Joieria Rellotgeria Dacla"},"image":{"@id":"https:\/\/joieriadacla.com\/#\/schema\/logo\/image\/"},"sameAs":["https:\/\/www.instagram.com\/joieria.dacla\/?hl=es"]}]}},"_links":{"self":[{"href":"https:\/\/joieriadacla.com\/index.php\/wp-json\/wp\/v2\/product\/2420","targetHints":{"allow":["GET"]}}],"collection":[{"href":"https:\/\/joieriadacla.com\/index.php\/wp-json\/wp\/v2\/product"}],"about":[{"href":"https:\/\/joieriadacla.com\/index.php\/wp-json\/wp\/v2\/types\/product"}],"replies":[{"embeddable":true,"href":"https:\/\/joieriadacla.com\/index.php\/wp-json\/wp\/v2\/comments?post=2420"}],"wp:featuredmedia":[{"embeddable":true,"href":"https:\/\/joieriadacla.com\/index.php\/wp-json\/wp\/v2\/media\/2422"}],"wp:attachment":[{"href":"https:\/\/joieriadacla.com\/index.php\/wp-json\/wp\/v2\/media?parent=2420"}],"wp:term":[{"taxonomy":"product_brand","embeddable":true,"href":"https:\/\/joieriadacla.com\/index.php\/wp-json\/wp\/v2\/product_brand?post=2420"},{"taxonomy":"product_cat","embeddable":true,"href":"https:\/\/joieriadacla.com\/index.php\/wp-json\/wp\/v2\/product_cat?post=2420"},{"taxonomy":"product_tag","embeddable":true,"href":"https:\/\/joieriadacla.com\/index.php\/wp-json\/wp\/v2\/product_tag?post=2420"}],"curies":[{"name":"wp","href":"https:\/\/api.w.org\/{rel}","templated":true}]}}