{"id":2414,"date":"2024-11-12T18:25:32","date_gmt":"2024-11-12T18:25:32","guid":{"rendered":"https:\/\/joieriadacla.com\/?post_type=product&#038;p=2414"},"modified":"2024-11-12T18:30:10","modified_gmt":"2024-11-12T18:30:10","slug":"reloj-guess-w22518g1","status":"publish","type":"product","link":"https:\/\/joieriadacla.com\/index.php\/product\/reloj-guess-w22518g1\/","title":{"rendered":"Reloj Guess W22518G1"},"content":{"rendered":"<h2>Dise\u00f1o Elegante<\/h2>\n<p>El reloj Guess W22518G1 para hombre combina un dise\u00f1o moderno con una sofisticaci\u00f3n atemporal. Su caracter\u00edstica correa de acero inoxidable no solo ofrece durabilidad, sino que tambi\u00e9n a\u00f1ade un toque de elegancia, convirti\u00e9ndolo en un accesorio ideal para cualquier ocasi\u00f3n.<\/p>\n<h2>Movimiento de Cuarzo<\/h2>\n<p>Equipado con un movimiento de cuarzo de alta precisi\u00f3n, este reloj asegura que siempre tendr\u00e1s la hora exacta a tu disposici\u00f3n. Su mecanismo eficaz garantiza un rendimiento confiable y de larga duraci\u00f3n, permiti\u00e9ndote llevarlo con confianza en tu d\u00eda a d\u00eda.<\/p>\n<h2>Resistencia al Agua<\/h2>\n<p>Una de las caracter\u00edsticas destacadas del reloj Guess W22518G1 es su resistencia al agua de hasta 50 metros. Esto significa que puedes usarlo tanto en situaciones cotidianas como en actividades acu\u00e1ticas, sin preocuparte por su funcionamiento. Un accesorio vers\u00e1til que se adapta a tu estilo de vida.<\/p>\n<p>&nbsp;<\/p>\n","protected":false},"excerpt":{"rendered":"<h2>Dise\u00f1o Elegante<\/h2>\n<p>El reloj Guess W22518G1 para hombre combina un dise\u00f1o moderno con una sofisticaci\u00f3n atemporal. Su caracter\u00edstica correa de acero inoxidable no solo ofrece durabilidad, sino que tambi\u00e9n a\u00f1ade un toque de elegancia, convirti\u00e9ndolo en un accesorio ideal para cualquier ocasi\u00f3n.<\/p>\n<h2>Movimiento de Cuarzo<\/h2>\n<p>Equipado con un movimiento de cuarzo de alta precisi\u00f3n, este reloj asegura que siempre tendr\u00e1s la hora exacta a tu disposici\u00f3n. Su mecanismo eficaz garantiza un rendimiento confiable y de larga duraci\u00f3n, permiti\u00e9ndote llevarlo con confianza en tu d\u00eda a d\u00eda.<\/p>\n<h2>Resistencia al Agua<\/h2>\n<p>Una de las caracter\u00edsticas destacadas del reloj Guess W22518G1 es su resistencia al agua de hasta 50 metros. Esto significa que puedes usarlo tanto en situaciones cotidianas como en actividades acu\u00e1ticas, sin preocuparte por su funcionamiento. Un accesorio vers\u00e1til que se adapta a tu estilo de vida.<\/p>\n<p>&nbsp;<\/p>\n","protected":false},"featured_media":2418,"comment_status":"closed","ping_status":"closed","template":"","meta":[],"product_brand":[],"product_cat":[56,38],"product_tag":[128,119,150],"class_list":{"0":"post-2414","1":"product","2":"type-product","3":"status-publish","4":"has-post-thumbnail","6":"product_cat-guess","7":"product_cat-relojes","8":"product_tag-guess","9":"product_tag-reloj","10":"product_tag-w22518g1","12":"first","13":"instock","14":"taxable","15":"shipping-taxable","16":"purchasable","17":"product-type-simple"},"yoast_head":"<!-- This site is optimized with the Yoast SEO plugin v27.2 - https:\/\/yoast.com\/product\/yoast-seo-wordpress\/ -->\n<title>Reloj Guess W22518G1 - Joieria Dacla<\/title>\n<meta name=\"description\" content=\"Reloj Guess W22518G1 anal\u00f3gico para hombre con movimiento de cuarzo, correa de acero inoxidable y resistencia al agua de 50 metros.Por lo tanto, el producto ha sido verificado por los canales de distribuci\u00f3n oficiales, proporcionando una garant\u00eda y funcionamiento de m\u00e1xima calidad.Se incluye estuche oficial de la marca y con toda la documentaci\u00f3n pertinente.\" \/>\n<meta name=\"robots\" content=\"index, follow, max-snippet:-1, max-image-preview:large, max-video-preview:-1\" \/>\n<link rel=\"canonical\" href=\"https:\/\/joieriadacla.com\/index.php\/product\/reloj-guess-w22518g1\/\" \/>\n<meta property=\"og:locale\" content=\"es_ES\" \/>\n<meta property=\"og:type\" content=\"article\" \/>\n<meta property=\"og:title\" content=\"Reloj Guess W22518G1 - Joieria Dacla\" \/>\n<meta property=\"og:description\" content=\"Reloj Guess W22518G1 anal\u00f3gico para hombre con movimiento de cuarzo, correa de acero inoxidable y resistencia al agua de 50 metros.Por lo tanto, el producto ha sido verificado por los canales de distribuci\u00f3n oficiales, proporcionando una garant\u00eda y funcionamiento de m\u00e1xima calidad.Se incluye estuche oficial de la marca y con toda la documentaci\u00f3n pertinente.\" \/>\n<meta property=\"og:url\" content=\"https:\/\/joieriadacla.com\/index.php\/product\/reloj-guess-w22518g1\/\" \/>\n<meta property=\"og:site_name\" content=\"Joieria Dacla\" \/>\n<meta property=\"article:modified_time\" content=\"2024-11-12T18:30:10+00:00\" \/>\n<meta property=\"og:image\" content=\"https:\/\/joieriadacla.com\/wp-content\/uploads\/2024\/11\/DACLA-guess-w22518g1.png\" \/>\n\t<meta property=\"og:image:width\" content=\"582\" \/>\n\t<meta property=\"og:image:height\" content=\"606\" \/>\n\t<meta property=\"og:image:type\" content=\"image\/png\" \/>\n<meta name=\"twitter:card\" content=\"summary_large_image\" \/>\n<meta name=\"twitter:label1\" content=\"Tiempo de lectura\" \/>\n\t<meta name=\"twitter:data1\" content=\"1 minuto\" \/>\n<script type=\"application\/ld+json\" class=\"yoast-schema-graph\">{\"@context\":\"https:\/\/schema.org\",\"@graph\":[{\"@type\":\"WebPage\",\"@id\":\"https:\/\/joieriadacla.com\/index.php\/product\/reloj-guess-w22518g1\/\",\"url\":\"https:\/\/joieriadacla.com\/index.php\/product\/reloj-guess-w22518g1\/\",\"name\":\"Reloj Guess W22518G1 - Joieria Dacla\",\"isPartOf\":{\"@id\":\"https:\/\/joieriadacla.com\/#website\"},\"primaryImageOfPage\":{\"@id\":\"https:\/\/joieriadacla.com\/index.php\/product\/reloj-guess-w22518g1\/#primaryimage\"},\"image\":{\"@id\":\"https:\/\/joieriadacla.com\/index.php\/product\/reloj-guess-w22518g1\/#primaryimage\"},\"thumbnailUrl\":\"https:\/\/joieriadacla.com\/wp-content\/uploads\/2024\/11\/DACLA-guess-w22518g1.png\",\"datePublished\":\"2024-11-12T18:25:32+00:00\",\"dateModified\":\"2024-11-12T18:30:10+00:00\",\"description\":\"Reloj Guess W22518G1 anal\u00f3gico para hombre con movimiento de cuarzo, correa de acero inoxidable y resistencia al agua de 50 metros.Por lo tanto, el producto ha sido verificado por los canales de distribuci\u00f3n oficiales, proporcionando una garant\u00eda y funcionamiento de m\u00e1xima calidad.Se incluye estuche oficial de la marca y con toda la documentaci\u00f3n pertinente.\",\"breadcrumb\":{\"@id\":\"https:\/\/joieriadacla.com\/index.php\/product\/reloj-guess-w22518g1\/#breadcrumb\"},\"inLanguage\":\"es\",\"potentialAction\":[{\"@type\":\"ReadAction\",\"target\":[\"https:\/\/joieriadacla.com\/index.php\/product\/reloj-guess-w22518g1\/\"]}]},{\"@type\":\"ImageObject\",\"inLanguage\":\"es\",\"@id\":\"https:\/\/joieriadacla.com\/index.php\/product\/reloj-guess-w22518g1\/#primaryimage\",\"url\":\"https:\/\/joieriadacla.com\/wp-content\/uploads\/2024\/11\/DACLA-guess-w22518g1.png\",\"contentUrl\":\"https:\/\/joieriadacla.com\/wp-content\/uploads\/2024\/11\/DACLA-guess-w22518g1.png\",\"width\":582,\"height\":606},{\"@type\":\"BreadcrumbList\",\"@id\":\"https:\/\/joieriadacla.com\/index.php\/product\/reloj-guess-w22518g1\/#breadcrumb\",\"itemListElement\":[{\"@type\":\"ListItem\",\"position\":1,\"name\":\"Portada\",\"item\":\"https:\/\/joieriadacla.com\/\"},{\"@type\":\"ListItem\",\"position\":2,\"name\":\"Productos\",\"item\":\"https:\/\/joieriadacla.com\/index.php\/shop\/\"},{\"@type\":\"ListItem\",\"position\":3,\"name\":\"Reloj Guess W22518G1\"}]},{\"@type\":\"WebSite\",\"@id\":\"https:\/\/joieriadacla.com\/#website\",\"url\":\"https:\/\/joieriadacla.com\/\",\"name\":\"Joieria Rellotgeria Dacla\",\"description\":\"Joieria Dacla\",\"publisher\":{\"@id\":\"https:\/\/joieriadacla.com\/#organization\"},\"potentialAction\":[{\"@type\":\"SearchAction\",\"target\":{\"@type\":\"EntryPoint\",\"urlTemplate\":\"https:\/\/joieriadacla.com\/?s={search_term_string}\"},\"query-input\":{\"@type\":\"PropertyValueSpecification\",\"valueRequired\":true,\"valueName\":\"search_term_string\"}}],\"inLanguage\":\"es\"},{\"@type\":\"Organization\",\"@id\":\"https:\/\/joieriadacla.com\/#organization\",\"name\":\"Joieria Rellotgeria Dacla\",\"url\":\"https:\/\/joieriadacla.com\/\",\"logo\":{\"@type\":\"ImageObject\",\"inLanguage\":\"es\",\"@id\":\"https:\/\/joieriadacla.com\/#\/schema\/logo\/image\/\",\"url\":\"https:\/\/joieriadacla.com\/wp-content\/uploads\/2022\/03\/LOGODACLA.png\",\"contentUrl\":\"https:\/\/joieriadacla.com\/wp-content\/uploads\/2022\/03\/LOGODACLA.png\",\"width\":319,\"height\":228,\"caption\":\"Joieria Rellotgeria Dacla\"},\"image\":{\"@id\":\"https:\/\/joieriadacla.com\/#\/schema\/logo\/image\/\"},\"sameAs\":[\"https:\/\/www.instagram.com\/joieria.dacla\/?hl=es\"]}]}<\/script>\n<!-- \/ Yoast SEO plugin. -->","yoast_head_json":{"title":"Reloj Guess W22518G1 - Joieria Dacla","description":"Reloj Guess W22518G1 anal\u00f3gico para hombre con movimiento de cuarzo, correa de acero inoxidable y resistencia al agua de 50 metros.Por lo tanto, el producto ha sido verificado por los canales de distribuci\u00f3n oficiales, proporcionando una garant\u00eda y funcionamiento de m\u00e1xima calidad.Se incluye estuche oficial de la marca y con toda la documentaci\u00f3n pertinente.","robots":{"index":"index","follow":"follow","max-snippet":"max-snippet:-1","max-image-preview":"max-image-preview:large","max-video-preview":"max-video-preview:-1"},"canonical":"https:\/\/joieriadacla.com\/index.php\/product\/reloj-guess-w22518g1\/","og_locale":"es_ES","og_type":"article","og_title":"Reloj Guess W22518G1 - Joieria Dacla","og_description":"Reloj Guess W22518G1 anal\u00f3gico para hombre con movimiento de cuarzo, correa de acero inoxidable y resistencia al agua de 50 metros.Por lo tanto, el producto ha sido verificado por los canales de distribuci\u00f3n oficiales, proporcionando una garant\u00eda y funcionamiento de m\u00e1xima calidad.Se incluye estuche oficial de la marca y con toda la documentaci\u00f3n pertinente.","og_url":"https:\/\/joieriadacla.com\/index.php\/product\/reloj-guess-w22518g1\/","og_site_name":"Joieria Dacla","article_modified_time":"2024-11-12T18:30:10+00:00","og_image":[{"width":582,"height":606,"url":"https:\/\/joieriadacla.com\/wp-content\/uploads\/2024\/11\/DACLA-guess-w22518g1.png","type":"image\/png"}],"twitter_card":"summary_large_image","twitter_misc":{"Tiempo de lectura":"1 minuto"},"schema":{"@context":"https:\/\/schema.org","@graph":[{"@type":"WebPage","@id":"https:\/\/joieriadacla.com\/index.php\/product\/reloj-guess-w22518g1\/","url":"https:\/\/joieriadacla.com\/index.php\/product\/reloj-guess-w22518g1\/","name":"Reloj Guess W22518G1 - Joieria Dacla","isPartOf":{"@id":"https:\/\/joieriadacla.com\/#website"},"primaryImageOfPage":{"@id":"https:\/\/joieriadacla.com\/index.php\/product\/reloj-guess-w22518g1\/#primaryimage"},"image":{"@id":"https:\/\/joieriadacla.com\/index.php\/product\/reloj-guess-w22518g1\/#primaryimage"},"thumbnailUrl":"https:\/\/joieriadacla.com\/wp-content\/uploads\/2024\/11\/DACLA-guess-w22518g1.png","datePublished":"2024-11-12T18:25:32+00:00","dateModified":"2024-11-12T18:30:10+00:00","description":"Reloj Guess W22518G1 anal\u00f3gico para hombre con movimiento de cuarzo, correa de acero inoxidable y resistencia al agua de 50 metros.Por lo tanto, el producto ha sido verificado por los canales de distribuci\u00f3n oficiales, proporcionando una garant\u00eda y funcionamiento de m\u00e1xima calidad.Se incluye estuche oficial de la marca y con toda la documentaci\u00f3n pertinente.","breadcrumb":{"@id":"https:\/\/joieriadacla.com\/index.php\/product\/reloj-guess-w22518g1\/#breadcrumb"},"inLanguage":"es","potentialAction":[{"@type":"ReadAction","target":["https:\/\/joieriadacla.com\/index.php\/product\/reloj-guess-w22518g1\/"]}]},{"@type":"ImageObject","inLanguage":"es","@id":"https:\/\/joieriadacla.com\/index.php\/product\/reloj-guess-w22518g1\/#primaryimage","url":"https:\/\/joieriadacla.com\/wp-content\/uploads\/2024\/11\/DACLA-guess-w22518g1.png","contentUrl":"https:\/\/joieriadacla.com\/wp-content\/uploads\/2024\/11\/DACLA-guess-w22518g1.png","width":582,"height":606},{"@type":"BreadcrumbList","@id":"https:\/\/joieriadacla.com\/index.php\/product\/reloj-guess-w22518g1\/#breadcrumb","itemListElement":[{"@type":"ListItem","position":1,"name":"Portada","item":"https:\/\/joieriadacla.com\/"},{"@type":"ListItem","position":2,"name":"Productos","item":"https:\/\/joieriadacla.com\/index.php\/shop\/"},{"@type":"ListItem","position":3,"name":"Reloj Guess W22518G1"}]},{"@type":"WebSite","@id":"https:\/\/joieriadacla.com\/#website","url":"https:\/\/joieriadacla.com\/","name":"Joieria Rellotgeria Dacla","description":"Joieria Dacla","publisher":{"@id":"https:\/\/joieriadacla.com\/#organization"},"potentialAction":[{"@type":"SearchAction","target":{"@type":"EntryPoint","urlTemplate":"https:\/\/joieriadacla.com\/?s={search_term_string}"},"query-input":{"@type":"PropertyValueSpecification","valueRequired":true,"valueName":"search_term_string"}}],"inLanguage":"es"},{"@type":"Organization","@id":"https:\/\/joieriadacla.com\/#organization","name":"Joieria Rellotgeria Dacla","url":"https:\/\/joieriadacla.com\/","logo":{"@type":"ImageObject","inLanguage":"es","@id":"https:\/\/joieriadacla.com\/#\/schema\/logo\/image\/","url":"https:\/\/joieriadacla.com\/wp-content\/uploads\/2022\/03\/LOGODACLA.png","contentUrl":"https:\/\/joieriadacla.com\/wp-content\/uploads\/2022\/03\/LOGODACLA.png","width":319,"height":228,"caption":"Joieria Rellotgeria Dacla"},"image":{"@id":"https:\/\/joieriadacla.com\/#\/schema\/logo\/image\/"},"sameAs":["https:\/\/www.instagram.com\/joieria.dacla\/?hl=es"]}]}},"_links":{"self":[{"href":"https:\/\/joieriadacla.com\/index.php\/wp-json\/wp\/v2\/product\/2414","targetHints":{"allow":["GET"]}}],"collection":[{"href":"https:\/\/joieriadacla.com\/index.php\/wp-json\/wp\/v2\/product"}],"about":[{"href":"https:\/\/joieriadacla.com\/index.php\/wp-json\/wp\/v2\/types\/product"}],"replies":[{"embeddable":true,"href":"https:\/\/joieriadacla.com\/index.php\/wp-json\/wp\/v2\/comments?post=2414"}],"wp:featuredmedia":[{"embeddable":true,"href":"https:\/\/joieriadacla.com\/index.php\/wp-json\/wp\/v2\/media\/2418"}],"wp:attachment":[{"href":"https:\/\/joieriadacla.com\/index.php\/wp-json\/wp\/v2\/media?parent=2414"}],"wp:term":[{"taxonomy":"product_brand","embeddable":true,"href":"https:\/\/joieriadacla.com\/index.php\/wp-json\/wp\/v2\/product_brand?post=2414"},{"taxonomy":"product_cat","embeddable":true,"href":"https:\/\/joieriadacla.com\/index.php\/wp-json\/wp\/v2\/product_cat?post=2414"},{"taxonomy":"product_tag","embeddable":true,"href":"https:\/\/joieriadacla.com\/index.php\/wp-json\/wp\/v2\/product_tag?post=2414"}],"curies":[{"name":"wp","href":"https:\/\/api.w.org\/{rel}","templated":true}]}}