{"id":2353,"date":"2024-09-23T18:15:18","date_gmt":"2024-09-23T18:15:18","guid":{"rendered":"https:\/\/joieriadacla.com\/?post_type=product&#038;p=2353"},"modified":"2024-09-23T18:16:59","modified_gmt":"2024-09-23T18:16:59","slug":"reloj-de-cuarzo-citizen-promaster-bj8057-17x","status":"publish","type":"product","link":"https:\/\/joieriadacla.com\/index.php\/product\/reloj-de-cuarzo-citizen-promaster-bj8057-17x\/","title":{"rendered":"Reloj de Cuarzo Citizen Promaster  BJ8057-17X"},"content":{"rendered":"<p><strong>Marca<\/strong><\/p>\n<p>Citizen<\/p>\n<p><strong>L\u00ednea<\/strong><\/p>\n<p>Promaster<\/p>\n<p><strong>Referencia<\/strong><\/p>\n<p>BJ8057-17X<\/p>\n<p><strong>Movimiento<\/strong><\/p>\n<p>Cuarzo<\/p>\n<p><strong>Calibre<\/strong><\/p>\n<p>Eco Drive 8723<\/p>\n<p><strong>Material de la caja<\/strong><\/p>\n<p>DLC Acero inoxidable<\/p>\n<p><strong>Di\u00e1metro<\/strong><\/p>\n<p>48 mm<\/p>\n<p><strong>Grosor de caja<\/strong><\/p>\n<p>17.5 mm.<\/p>\n<p><strong>Peso sin correa<\/strong><\/p>\n<p>179 gr.<\/p>\n<p><strong>Color de la Esfera<\/strong><\/p>\n<p>Verde<\/p>\n<p><strong>Fondo<\/strong><\/p>\n<p>A rosca<\/p>\n","protected":false},"excerpt":{"rendered":"<p>Citizen Promaster BJ8057-17X &#8211; Reloj de Cuarzo 48 mm Verde<\/p>\n<p>Descubre el Citizen Promaster BJ8057-17X, un reloj de cuarzo dise\u00f1ado para los aventureros. Con un di\u00e1metro de 48 mm y una elegante caja verde, este reloj combina estilo y funcionalidad. Su impresionante resistencia al agua de hasta 30 atm lo convierte en la opci\u00f3n perfecta para buceadores y entusiastas de actividades acu\u00e1ticas. La esfera clara y f\u00e1cil de leer asegura que siempre est\u00e9s al tanto del tiempo, sin importar las condiciones. \u00a1Prep\u00e1rate para explorar con confianza!<\/p>\n","protected":false},"featured_media":2354,"comment_status":"closed","ping_status":"closed","template":"","meta":[],"product_brand":[],"product_cat":[55,38],"product_tag":[],"class_list":{"0":"post-2353","1":"product","2":"type-product","3":"status-publish","4":"has-post-thumbnail","6":"product_cat-citizen","7":"product_cat-relojes","9":"first","10":"instock","11":"sale","12":"taxable","13":"shipping-taxable","14":"purchasable","15":"product-type-simple"},"yoast_head":"<!-- This site is optimized with the Yoast SEO plugin v27.2 - https:\/\/yoast.com\/product\/yoast-seo-wordpress\/ -->\n<title>Reloj de Cuarzo Citizen Promaster BJ8057-17X - Joieria Dacla<\/title>\n<meta name=\"description\" content=\"Descubre el Citizen Promaster BJ8057-17X, un reloj de cuarzo dise\u00f1ado para los aventureros. Con un di\u00e1metro de 48 mm y una elegante caja verde, este reloj combina estilo y funcionalidad.\" \/>\n<meta name=\"robots\" content=\"index, follow, max-snippet:-1, max-image-preview:large, max-video-preview:-1\" \/>\n<link rel=\"canonical\" href=\"https:\/\/joieriadacla.com\/index.php\/product\/reloj-de-cuarzo-citizen-promaster-bj8057-17x\/\" \/>\n<meta property=\"og:locale\" content=\"es_ES\" \/>\n<meta property=\"og:type\" content=\"article\" \/>\n<meta property=\"og:title\" content=\"Reloj de Cuarzo Citizen Promaster BJ8057-17X - Joieria Dacla\" \/>\n<meta property=\"og:description\" content=\"Descubre el Citizen Promaster BJ8057-17X, un reloj de cuarzo dise\u00f1ado para los aventureros. Con un di\u00e1metro de 48 mm y una elegante caja verde, este reloj combina estilo y funcionalidad.\" \/>\n<meta property=\"og:url\" content=\"https:\/\/joieriadacla.com\/index.php\/product\/reloj-de-cuarzo-citizen-promaster-bj8057-17x\/\" \/>\n<meta property=\"og:site_name\" content=\"Joieria Dacla\" \/>\n<meta property=\"article:modified_time\" content=\"2024-09-23T18:16:59+00:00\" \/>\n<meta property=\"og:image\" content=\"https:\/\/joieriadacla.com\/wp-content\/uploads\/2024\/09\/BJ8057-17X.jpg\" \/>\n\t<meta property=\"og:image:width\" content=\"900\" \/>\n\t<meta property=\"og:image:height\" content=\"900\" \/>\n\t<meta property=\"og:image:type\" content=\"image\/jpeg\" \/>\n<meta name=\"twitter:card\" content=\"summary_large_image\" \/>\n<meta name=\"twitter:label1\" content=\"Tiempo de lectura\" \/>\n\t<meta name=\"twitter:data1\" content=\"1 minuto\" \/>\n<script type=\"application\/ld+json\" class=\"yoast-schema-graph\">{\"@context\":\"https:\/\/schema.org\",\"@graph\":[{\"@type\":\"WebPage\",\"@id\":\"https:\/\/joieriadacla.com\/index.php\/product\/reloj-de-cuarzo-citizen-promaster-bj8057-17x\/\",\"url\":\"https:\/\/joieriadacla.com\/index.php\/product\/reloj-de-cuarzo-citizen-promaster-bj8057-17x\/\",\"name\":\"Reloj de Cuarzo Citizen Promaster BJ8057-17X - Joieria Dacla\",\"isPartOf\":{\"@id\":\"https:\/\/joieriadacla.com\/#website\"},\"primaryImageOfPage\":{\"@id\":\"https:\/\/joieriadacla.com\/index.php\/product\/reloj-de-cuarzo-citizen-promaster-bj8057-17x\/#primaryimage\"},\"image\":{\"@id\":\"https:\/\/joieriadacla.com\/index.php\/product\/reloj-de-cuarzo-citizen-promaster-bj8057-17x\/#primaryimage\"},\"thumbnailUrl\":\"https:\/\/joieriadacla.com\/wp-content\/uploads\/2024\/09\/BJ8057-17X.jpg\",\"datePublished\":\"2024-09-23T18:15:18+00:00\",\"dateModified\":\"2024-09-23T18:16:59+00:00\",\"description\":\"Descubre el Citizen Promaster BJ8057-17X, un reloj de cuarzo dise\u00f1ado para los aventureros. Con un di\u00e1metro de 48 mm y una elegante caja verde, este reloj combina estilo y funcionalidad.\",\"breadcrumb\":{\"@id\":\"https:\/\/joieriadacla.com\/index.php\/product\/reloj-de-cuarzo-citizen-promaster-bj8057-17x\/#breadcrumb\"},\"inLanguage\":\"es\",\"potentialAction\":[{\"@type\":\"ReadAction\",\"target\":[\"https:\/\/joieriadacla.com\/index.php\/product\/reloj-de-cuarzo-citizen-promaster-bj8057-17x\/\"]}]},{\"@type\":\"ImageObject\",\"inLanguage\":\"es\",\"@id\":\"https:\/\/joieriadacla.com\/index.php\/product\/reloj-de-cuarzo-citizen-promaster-bj8057-17x\/#primaryimage\",\"url\":\"https:\/\/joieriadacla.com\/wp-content\/uploads\/2024\/09\/BJ8057-17X.jpg\",\"contentUrl\":\"https:\/\/joieriadacla.com\/wp-content\/uploads\/2024\/09\/BJ8057-17X.jpg\",\"width\":900,\"height\":900},{\"@type\":\"BreadcrumbList\",\"@id\":\"https:\/\/joieriadacla.com\/index.php\/product\/reloj-de-cuarzo-citizen-promaster-bj8057-17x\/#breadcrumb\",\"itemListElement\":[{\"@type\":\"ListItem\",\"position\":1,\"name\":\"Portada\",\"item\":\"https:\/\/joieriadacla.com\/\"},{\"@type\":\"ListItem\",\"position\":2,\"name\":\"Productos\",\"item\":\"https:\/\/joieriadacla.com\/index.php\/shop\/\"},{\"@type\":\"ListItem\",\"position\":3,\"name\":\"Reloj de Cuarzo Citizen Promaster BJ8057-17X\"}]},{\"@type\":\"WebSite\",\"@id\":\"https:\/\/joieriadacla.com\/#website\",\"url\":\"https:\/\/joieriadacla.com\/\",\"name\":\"Joieria Rellotgeria Dacla\",\"description\":\"Joieria Dacla\",\"publisher\":{\"@id\":\"https:\/\/joieriadacla.com\/#organization\"},\"potentialAction\":[{\"@type\":\"SearchAction\",\"target\":{\"@type\":\"EntryPoint\",\"urlTemplate\":\"https:\/\/joieriadacla.com\/?s={search_term_string}\"},\"query-input\":{\"@type\":\"PropertyValueSpecification\",\"valueRequired\":true,\"valueName\":\"search_term_string\"}}],\"inLanguage\":\"es\"},{\"@type\":\"Organization\",\"@id\":\"https:\/\/joieriadacla.com\/#organization\",\"name\":\"Joieria Rellotgeria Dacla\",\"url\":\"https:\/\/joieriadacla.com\/\",\"logo\":{\"@type\":\"ImageObject\",\"inLanguage\":\"es\",\"@id\":\"https:\/\/joieriadacla.com\/#\/schema\/logo\/image\/\",\"url\":\"https:\/\/joieriadacla.com\/wp-content\/uploads\/2022\/03\/LOGODACLA.png\",\"contentUrl\":\"https:\/\/joieriadacla.com\/wp-content\/uploads\/2022\/03\/LOGODACLA.png\",\"width\":319,\"height\":228,\"caption\":\"Joieria Rellotgeria Dacla\"},\"image\":{\"@id\":\"https:\/\/joieriadacla.com\/#\/schema\/logo\/image\/\"},\"sameAs\":[\"https:\/\/www.instagram.com\/joieria.dacla\/?hl=es\"]}]}<\/script>\n<!-- \/ Yoast SEO plugin. -->","yoast_head_json":{"title":"Reloj de Cuarzo Citizen Promaster BJ8057-17X - Joieria Dacla","description":"Descubre el Citizen Promaster BJ8057-17X, un reloj de cuarzo dise\u00f1ado para los aventureros. Con un di\u00e1metro de 48 mm y una elegante caja verde, este reloj combina estilo y funcionalidad.","robots":{"index":"index","follow":"follow","max-snippet":"max-snippet:-1","max-image-preview":"max-image-preview:large","max-video-preview":"max-video-preview:-1"},"canonical":"https:\/\/joieriadacla.com\/index.php\/product\/reloj-de-cuarzo-citizen-promaster-bj8057-17x\/","og_locale":"es_ES","og_type":"article","og_title":"Reloj de Cuarzo Citizen Promaster BJ8057-17X - Joieria Dacla","og_description":"Descubre el Citizen Promaster BJ8057-17X, un reloj de cuarzo dise\u00f1ado para los aventureros. Con un di\u00e1metro de 48 mm y una elegante caja verde, este reloj combina estilo y funcionalidad.","og_url":"https:\/\/joieriadacla.com\/index.php\/product\/reloj-de-cuarzo-citizen-promaster-bj8057-17x\/","og_site_name":"Joieria Dacla","article_modified_time":"2024-09-23T18:16:59+00:00","og_image":[{"width":900,"height":900,"url":"https:\/\/joieriadacla.com\/wp-content\/uploads\/2024\/09\/BJ8057-17X.jpg","type":"image\/jpeg"}],"twitter_card":"summary_large_image","twitter_misc":{"Tiempo de lectura":"1 minuto"},"schema":{"@context":"https:\/\/schema.org","@graph":[{"@type":"WebPage","@id":"https:\/\/joieriadacla.com\/index.php\/product\/reloj-de-cuarzo-citizen-promaster-bj8057-17x\/","url":"https:\/\/joieriadacla.com\/index.php\/product\/reloj-de-cuarzo-citizen-promaster-bj8057-17x\/","name":"Reloj de Cuarzo Citizen Promaster BJ8057-17X - Joieria Dacla","isPartOf":{"@id":"https:\/\/joieriadacla.com\/#website"},"primaryImageOfPage":{"@id":"https:\/\/joieriadacla.com\/index.php\/product\/reloj-de-cuarzo-citizen-promaster-bj8057-17x\/#primaryimage"},"image":{"@id":"https:\/\/joieriadacla.com\/index.php\/product\/reloj-de-cuarzo-citizen-promaster-bj8057-17x\/#primaryimage"},"thumbnailUrl":"https:\/\/joieriadacla.com\/wp-content\/uploads\/2024\/09\/BJ8057-17X.jpg","datePublished":"2024-09-23T18:15:18+00:00","dateModified":"2024-09-23T18:16:59+00:00","description":"Descubre el Citizen Promaster BJ8057-17X, un reloj de cuarzo dise\u00f1ado para los aventureros. Con un di\u00e1metro de 48 mm y una elegante caja verde, este reloj combina estilo y funcionalidad.","breadcrumb":{"@id":"https:\/\/joieriadacla.com\/index.php\/product\/reloj-de-cuarzo-citizen-promaster-bj8057-17x\/#breadcrumb"},"inLanguage":"es","potentialAction":[{"@type":"ReadAction","target":["https:\/\/joieriadacla.com\/index.php\/product\/reloj-de-cuarzo-citizen-promaster-bj8057-17x\/"]}]},{"@type":"ImageObject","inLanguage":"es","@id":"https:\/\/joieriadacla.com\/index.php\/product\/reloj-de-cuarzo-citizen-promaster-bj8057-17x\/#primaryimage","url":"https:\/\/joieriadacla.com\/wp-content\/uploads\/2024\/09\/BJ8057-17X.jpg","contentUrl":"https:\/\/joieriadacla.com\/wp-content\/uploads\/2024\/09\/BJ8057-17X.jpg","width":900,"height":900},{"@type":"BreadcrumbList","@id":"https:\/\/joieriadacla.com\/index.php\/product\/reloj-de-cuarzo-citizen-promaster-bj8057-17x\/#breadcrumb","itemListElement":[{"@type":"ListItem","position":1,"name":"Portada","item":"https:\/\/joieriadacla.com\/"},{"@type":"ListItem","position":2,"name":"Productos","item":"https:\/\/joieriadacla.com\/index.php\/shop\/"},{"@type":"ListItem","position":3,"name":"Reloj de Cuarzo Citizen Promaster BJ8057-17X"}]},{"@type":"WebSite","@id":"https:\/\/joieriadacla.com\/#website","url":"https:\/\/joieriadacla.com\/","name":"Joieria Rellotgeria Dacla","description":"Joieria Dacla","publisher":{"@id":"https:\/\/joieriadacla.com\/#organization"},"potentialAction":[{"@type":"SearchAction","target":{"@type":"EntryPoint","urlTemplate":"https:\/\/joieriadacla.com\/?s={search_term_string}"},"query-input":{"@type":"PropertyValueSpecification","valueRequired":true,"valueName":"search_term_string"}}],"inLanguage":"es"},{"@type":"Organization","@id":"https:\/\/joieriadacla.com\/#organization","name":"Joieria Rellotgeria Dacla","url":"https:\/\/joieriadacla.com\/","logo":{"@type":"ImageObject","inLanguage":"es","@id":"https:\/\/joieriadacla.com\/#\/schema\/logo\/image\/","url":"https:\/\/joieriadacla.com\/wp-content\/uploads\/2022\/03\/LOGODACLA.png","contentUrl":"https:\/\/joieriadacla.com\/wp-content\/uploads\/2022\/03\/LOGODACLA.png","width":319,"height":228,"caption":"Joieria Rellotgeria Dacla"},"image":{"@id":"https:\/\/joieriadacla.com\/#\/schema\/logo\/image\/"},"sameAs":["https:\/\/www.instagram.com\/joieria.dacla\/?hl=es"]}]}},"_links":{"self":[{"href":"https:\/\/joieriadacla.com\/index.php\/wp-json\/wp\/v2\/product\/2353","targetHints":{"allow":["GET"]}}],"collection":[{"href":"https:\/\/joieriadacla.com\/index.php\/wp-json\/wp\/v2\/product"}],"about":[{"href":"https:\/\/joieriadacla.com\/index.php\/wp-json\/wp\/v2\/types\/product"}],"replies":[{"embeddable":true,"href":"https:\/\/joieriadacla.com\/index.php\/wp-json\/wp\/v2\/comments?post=2353"}],"wp:featuredmedia":[{"embeddable":true,"href":"https:\/\/joieriadacla.com\/index.php\/wp-json\/wp\/v2\/media\/2354"}],"wp:attachment":[{"href":"https:\/\/joieriadacla.com\/index.php\/wp-json\/wp\/v2\/media?parent=2353"}],"wp:term":[{"taxonomy":"product_brand","embeddable":true,"href":"https:\/\/joieriadacla.com\/index.php\/wp-json\/wp\/v2\/product_brand?post=2353"},{"taxonomy":"product_cat","embeddable":true,"href":"https:\/\/joieriadacla.com\/index.php\/wp-json\/wp\/v2\/product_cat?post=2353"},{"taxonomy":"product_tag","embeddable":true,"href":"https:\/\/joieriadacla.com\/index.php\/wp-json\/wp\/v2\/product_tag?post=2353"}],"curies":[{"name":"wp","href":"https:\/\/api.w.org\/{rel}","templated":true}]}}