{"id":1902,"date":"2023-11-13T18:59:27","date_gmt":"2023-11-13T18:59:27","guid":{"rendered":"https:\/\/joieriadacla.com\/?post_type=product&#038;p=1902"},"modified":"2024-09-23T18:21:32","modified_gmt":"2024-09-23T18:21:32","slug":"casio-g-shock-mtg-b2000xmg-1aer","status":"publish","type":"product","link":"https:\/\/joieriadacla.com\/index.php\/product\/casio-g-shock-mtg-b2000xmg-1aer\/","title":{"rendered":"Reloj Casio G-shock MTG-B2000XMG-1AER"},"content":{"rendered":"<div class=\"grid-1 grid--1 narrow-wrap\">\n<div class=\"narrow-layout\">\n<div class=\"narrow-contents\">\n<div class=\"header-grid grid-1 grid-n--1 bg-ultra-light-grey bg--white frame\">\n<div class=\"column bg-white\">\n<p class=\"t-size-x-large underline printNomargin\"><strong>Casio G-shock MTG-B2000XMG-1AER<\/strong><\/p>\n<h2>Distribuidor oficial Casio G-Shock Premium<\/h2>\n<p><strong>Funciones G-shock MTG-B2000XMG-1AER:<\/strong><\/p>\n<\/div>\n<\/div>\n<\/div>\n<\/div>\n<\/div>\n<div class=\"bg-ultra-light-grey bg--white\">\n<div class=\"grid-1 grid--1 narrow-wrap\">\n<div class=\"narrow-layout\">\n<div class=\"narrow-contents\">\n<div class=\"grid-1 grid-n--1 frame\">\n<article class=\"column bg-white outer\">\n<div class=\"js-more is-close detail-list-ulli no-more\">\n<div class=\"feature-conts\">\n<div class=\"js-cont-wrap\">\n<p><b>Bluetooth\u00ae Smart<\/b><br \/>\nEl reloj dispone de una tecnolog\u00eda Bluetooth\u00ae de bajo consumo que permite intercambiar datos con solo pulsar un bot\u00f3n, para ahorrar energ\u00eda. El reloj se conecta con el smartphone de forma inal\u00e1mbrica, mediante Bluetooth\u00ae, y ofrece as\u00ed acceso a numerosas funciones \u00fatiles.<\/p>\n<p><b>Smartphone time<\/b><br \/>\nSi el reloj est\u00e1 acoplado al tel\u00e9fono inteligente, el tiempo se ajusta autom\u00e1ticamente y mostrar la hora actuales para todo el mundo.<\/p>\n<p><b>Iluminador s\u00faper<\/b><br \/>\nCon s\u00f3lo presionar un bot\u00f3n se iluminar\u00e1 el fondo de manera muy especial con colores de moda.<\/p>\n<p><b>Resistente a los golpes<\/b><br \/>\nLa carcasa es resistente a los golpes y protege contra impactos y vibraciones.<\/p>\n<p><b>Sistema de energ\u00eda solar<\/b><br \/>\nEl suministro de energ\u00eda del reloj se lleva cabo mediante c\u00e9lulas solares independientes y respetuosas con el medio ambiente. La energ\u00eda solar sobrante se almacena en una bater\u00eda.<\/p>\n<p><b>Recepci\u00f3n de se\u00f1ales de radiofrecuencia DCF\/MSF\/WWVB\/JJY\/BPC<\/b><br \/>\nYa sea en Europa, Norteam\u00e9rica, Jap\u00f3n o en Canad\u00e1, Centroam\u00e9rica y China, una vez configurado el reloj seg\u00fan la zona horaria en la que se encuentre, \u00e9ste recibe la se\u00f1al de radiofrecuencia correspondiente para mostrar siempre la hora exacta. Adem\u00e1s, en muchos pa\u00edses se activa autom\u00e1ticamente el horario de verano y de invierno.<\/p>\n<p><b>Pantalla de ne\u00f3n<\/b><br \/>\nLas agujas y\/o el \u00edndice est\u00e1n cubiertos por una capa fluorescente y, si el reloj se ha expuesto anteriormente a un foco de luz, brillan en la oscuridad.<\/p>\n<p><b>Funci\u00f3n de hora universal<\/b><\/p>\n<p><b>Dual Time Display<\/b><\/p>\n<p><b>Indicador de fecha y d\u00eda de la semana<\/b><\/p>\n<p><b>Cron\u00f3metro \u2013 24 horas<\/b><\/p>\n<p><b>Temporizadores \u2013 1\/1 segundo \u2013 24 horas<\/b><br \/>\nPara todos aquellos que exigen precisi\u00f3n: los temporizadores con cuenta atr\u00e1s son de gran utilidad a la hora de recordar acontecimientos especiales o peri\u00f3dicos, ya que emiten una se\u00f1al ac\u00fastica en el momento programado. Se pueden configurar por segundos o hasta con a la hora de antelaci\u00f3n.<\/p>\n<h3>G-shock MTG-B2000XMG-1AER<\/h3>\n<p><b>Alarma diaria<\/b><\/p>\n<p><b>Ajuste autom\u00e1tico de las manecillas<\/b><br \/>\nEl ajuste autom\u00e1tico de las manecillas comprueba la posici\u00f3n inicial de las mismas y la corrige a cada hora en caso necesario (tanto en caso de desviaci\u00f3n por golpes como por efecto de magnetismo).<\/p>\n<p><b>Bot\u00f3n de bloqueo de la corona<\/b><\/p>\n<p><b>Tecnolog\u00eda Smart Access<\/b><br \/>\nCon pulsar y girar la corona del reloj se puede cambiar entre los diferentes modos para manejar funciones como el cron\u00f3metro, el temporizador, la alarma o la hora universal.<\/p>\n<p><b>Localizador del Tel\u00e9fono<\/b><\/p>\n<p><b>Calendario autom\u00e1tico<\/b><br \/>\nUna vez ajustado, el calendario autom\u00e1tico muestra siempre la fecha correcta.<\/p>\n<p><b>Cristal de zafiro<\/b><br \/>\nEl cristal de zafiro es artificial y convence por su dureza y su resistencia contra los ara\u00f1azos. Evita que el reloj se raye o que el cristal se empa\u00f1e.<\/p>\n<p><b>Caja de acero inoxidable reforzada con fibra de carbono<\/b><br \/>\nLa combinaci\u00f3n de fibra de carbono y acero inoxidable refuerza la robustez del reloj y proporciona una mejor comodidad.<\/p>\n<p><b>Bisel con acabado IP<\/b><br \/>\nEl bisel del reloj est\u00e1 recubierto de manera elaborada de acuerdo con el llamado \u201cproceso de enchapado en iones\u201d y ofrece la ventaja de una mayor resistencia al rayado.<\/p>\n<p><b>Cierre de seguridad<\/b><br \/>\nInfalible: la pulsera de este reloj tiene un cierre especialmente seguro que impide una apertura accidental.<\/p>\n<p><b>Clasificaci\u00f3n de resistencia al agua (20 bar)<\/b><b>Dimensiones (A x A x P)<\/b><br \/>\n55,1mm x 51mm x 15,9mm<\/p>\n<p><b>Peso<\/b><br \/>\naprox. 156 gr<\/p>\n<\/div>\n<\/div>\n<\/div>\n<\/article>\n<\/div>\n<\/div>\n<\/div>\n<\/div>\n<\/div>\n","protected":false},"excerpt":{"rendered":"<p>Presentamos un estilo m\u00edstico multicolor para la monta\u00f1a: dureza resistente creada donde el metal, el carbono y la resina se unen. Inspirado en el majestuoso dise\u00f1o de varias capas de la Monta\u00f1a Arco\u00edris, este modelo especial MTG-B2000 est\u00e1 dise\u00f1ado para impactar. El bisel de varios colores est\u00e1 fabricado con resina reforzada con carbono a partir de l\u00e1minas de fibra de vidrio y carbono. La dureza resistente de la fibra de vidrio y del carbono, as\u00ed como los patrones aleatorios que se crean al cortar el bisel hacen de estos relojes verdaderas piezas de tiempo resistentes aunque ligeras y \u00fanicas, cada una con su propio patr\u00f3n de color exclusivo. El bisel de carbono en varios colores, el anillo de bisel con ba\u00f1o de iones en color arco iris, el ba\u00f1o de iones en color oro rosado y la correa en azul transl\u00facido reproducen en conjunto la oxidaci\u00f3n de los minerales depositados por la actividad volc\u00e1nica y los cambios tect\u00f3nicos en todo su asombroso arte terroso.<\/p>\n","protected":false},"featured_media":1903,"comment_status":"closed","ping_status":"closed","template":"","meta":[],"product_brand":[],"product_cat":[79,43,38],"product_tag":[68,71,118,117,119],"class_list":{"0":"post-1902","1":"product","2":"type-product","3":"status-publish","4":"has-post-thumbnail","6":"product_cat-edicion-limitada","7":"product_cat-g-shock","8":"product_cat-relojes","9":"product_tag-casio","10":"product_tag-gshock","11":"product_tag-mtg","12":"product_tag-mtg-b2000xmg-1aer","13":"product_tag-reloj","15":"first","16":"instock","17":"taxable","18":"shipping-taxable","19":"purchasable","20":"product-type-simple"},"yoast_head":"<!-- This site is optimized with the Yoast SEO plugin v27.2 - https:\/\/yoast.com\/product\/yoast-seo-wordpress\/ -->\n<title>Reloj Casio G-shock MTG-B2000XMG-1AER - Joieria Dacla<\/title>\n<meta name=\"description\" content=\"Presentamos un estilo m\u00edstico multicolor para la monta\u00f1a: dureza resistente creada donde el metal, el carbono y la resina se unen. Inspirado en el majestuoso dise\u00f1o de varias capas de la Monta\u00f1a Arco\u00edris, este modelo especial MTG-B2000 est\u00e1 dise\u00f1ado para impactar.\" \/>\n<meta name=\"robots\" content=\"index, follow, max-snippet:-1, max-image-preview:large, max-video-preview:-1\" \/>\n<link rel=\"canonical\" href=\"https:\/\/joieriadacla.com\/index.php\/product\/casio-g-shock-mtg-b2000xmg-1aer\/\" \/>\n<meta property=\"og:locale\" content=\"es_ES\" \/>\n<meta property=\"og:type\" content=\"article\" \/>\n<meta property=\"og:title\" content=\"Reloj Casio G-shock MTG-B2000XMG-1AER - Joieria Dacla\" \/>\n<meta property=\"og:description\" content=\"Presentamos un estilo m\u00edstico multicolor para la monta\u00f1a: dureza resistente creada donde el metal, el carbono y la resina se unen. Inspirado en el majestuoso dise\u00f1o de varias capas de la Monta\u00f1a Arco\u00edris, este modelo especial MTG-B2000 est\u00e1 dise\u00f1ado para impactar.\" \/>\n<meta property=\"og:url\" content=\"https:\/\/joieriadacla.com\/index.php\/product\/casio-g-shock-mtg-b2000xmg-1aer\/\" \/>\n<meta property=\"og:site_name\" content=\"Joieria Dacla\" \/>\n<meta property=\"article:modified_time\" content=\"2024-09-23T18:21:32+00:00\" \/>\n<meta property=\"og:image\" content=\"https:\/\/joieriadacla.com\/wp-content\/uploads\/2023\/11\/MTG-B2000XMG-1AER___CUT-OUT.png\" \/>\n\t<meta property=\"og:image:width\" content=\"972\" \/>\n\t<meta property=\"og:image:height\" content=\"1100\" \/>\n\t<meta property=\"og:image:type\" content=\"image\/png\" \/>\n<meta name=\"twitter:card\" content=\"summary_large_image\" \/>\n<meta name=\"twitter:label1\" content=\"Tiempo de lectura\" \/>\n\t<meta name=\"twitter:data1\" content=\"3 minutos\" \/>\n<script type=\"application\/ld+json\" class=\"yoast-schema-graph\">{\"@context\":\"https:\/\/schema.org\",\"@graph\":[{\"@type\":\"WebPage\",\"@id\":\"https:\/\/joieriadacla.com\/index.php\/product\/casio-g-shock-mtg-b2000xmg-1aer\/\",\"url\":\"https:\/\/joieriadacla.com\/index.php\/product\/casio-g-shock-mtg-b2000xmg-1aer\/\",\"name\":\"Reloj Casio G-shock MTG-B2000XMG-1AER - Joieria Dacla\",\"isPartOf\":{\"@id\":\"https:\/\/joieriadacla.com\/#website\"},\"primaryImageOfPage\":{\"@id\":\"https:\/\/joieriadacla.com\/index.php\/product\/casio-g-shock-mtg-b2000xmg-1aer\/#primaryimage\"},\"image\":{\"@id\":\"https:\/\/joieriadacla.com\/index.php\/product\/casio-g-shock-mtg-b2000xmg-1aer\/#primaryimage\"},\"thumbnailUrl\":\"https:\/\/joieriadacla.com\/wp-content\/uploads\/2023\/11\/MTG-B2000XMG-1AER___CUT-OUT.png\",\"datePublished\":\"2023-11-13T18:59:27+00:00\",\"dateModified\":\"2024-09-23T18:21:32+00:00\",\"description\":\"Presentamos un estilo m\u00edstico multicolor para la monta\u00f1a: dureza resistente creada donde el metal, el carbono y la resina se unen. Inspirado en el majestuoso dise\u00f1o de varias capas de la Monta\u00f1a Arco\u00edris, este modelo especial MTG-B2000 est\u00e1 dise\u00f1ado para impactar.\",\"breadcrumb\":{\"@id\":\"https:\/\/joieriadacla.com\/index.php\/product\/casio-g-shock-mtg-b2000xmg-1aer\/#breadcrumb\"},\"inLanguage\":\"es\",\"potentialAction\":[{\"@type\":\"ReadAction\",\"target\":[\"https:\/\/joieriadacla.com\/index.php\/product\/casio-g-shock-mtg-b2000xmg-1aer\/\"]}]},{\"@type\":\"ImageObject\",\"inLanguage\":\"es\",\"@id\":\"https:\/\/joieriadacla.com\/index.php\/product\/casio-g-shock-mtg-b2000xmg-1aer\/#primaryimage\",\"url\":\"https:\/\/joieriadacla.com\/wp-content\/uploads\/2023\/11\/MTG-B2000XMG-1AER___CUT-OUT.png\",\"contentUrl\":\"https:\/\/joieriadacla.com\/wp-content\/uploads\/2023\/11\/MTG-B2000XMG-1AER___CUT-OUT.png\",\"width\":972,\"height\":1100},{\"@type\":\"BreadcrumbList\",\"@id\":\"https:\/\/joieriadacla.com\/index.php\/product\/casio-g-shock-mtg-b2000xmg-1aer\/#breadcrumb\",\"itemListElement\":[{\"@type\":\"ListItem\",\"position\":1,\"name\":\"Portada\",\"item\":\"https:\/\/joieriadacla.com\/\"},{\"@type\":\"ListItem\",\"position\":2,\"name\":\"Productos\",\"item\":\"https:\/\/joieriadacla.com\/index.php\/shop\/\"},{\"@type\":\"ListItem\",\"position\":3,\"name\":\"Reloj Casio G-shock MTG-B2000XMG-1AER\"}]},{\"@type\":\"WebSite\",\"@id\":\"https:\/\/joieriadacla.com\/#website\",\"url\":\"https:\/\/joieriadacla.com\/\",\"name\":\"Joieria Rellotgeria Dacla\",\"description\":\"Joieria Dacla\",\"publisher\":{\"@id\":\"https:\/\/joieriadacla.com\/#organization\"},\"potentialAction\":[{\"@type\":\"SearchAction\",\"target\":{\"@type\":\"EntryPoint\",\"urlTemplate\":\"https:\/\/joieriadacla.com\/?s={search_term_string}\"},\"query-input\":{\"@type\":\"PropertyValueSpecification\",\"valueRequired\":true,\"valueName\":\"search_term_string\"}}],\"inLanguage\":\"es\"},{\"@type\":\"Organization\",\"@id\":\"https:\/\/joieriadacla.com\/#organization\",\"name\":\"Joieria Rellotgeria Dacla\",\"url\":\"https:\/\/joieriadacla.com\/\",\"logo\":{\"@type\":\"ImageObject\",\"inLanguage\":\"es\",\"@id\":\"https:\/\/joieriadacla.com\/#\/schema\/logo\/image\/\",\"url\":\"https:\/\/joieriadacla.com\/wp-content\/uploads\/2022\/03\/LOGODACLA.png\",\"contentUrl\":\"https:\/\/joieriadacla.com\/wp-content\/uploads\/2022\/03\/LOGODACLA.png\",\"width\":319,\"height\":228,\"caption\":\"Joieria Rellotgeria Dacla\"},\"image\":{\"@id\":\"https:\/\/joieriadacla.com\/#\/schema\/logo\/image\/\"},\"sameAs\":[\"https:\/\/www.instagram.com\/joieria.dacla\/?hl=es\"]}]}<\/script>\n<!-- \/ Yoast SEO plugin. -->","yoast_head_json":{"title":"Reloj Casio G-shock MTG-B2000XMG-1AER - Joieria Dacla","description":"Presentamos un estilo m\u00edstico multicolor para la monta\u00f1a: dureza resistente creada donde el metal, el carbono y la resina se unen. Inspirado en el majestuoso dise\u00f1o de varias capas de la Monta\u00f1a Arco\u00edris, este modelo especial MTG-B2000 est\u00e1 dise\u00f1ado para impactar.","robots":{"index":"index","follow":"follow","max-snippet":"max-snippet:-1","max-image-preview":"max-image-preview:large","max-video-preview":"max-video-preview:-1"},"canonical":"https:\/\/joieriadacla.com\/index.php\/product\/casio-g-shock-mtg-b2000xmg-1aer\/","og_locale":"es_ES","og_type":"article","og_title":"Reloj Casio G-shock MTG-B2000XMG-1AER - Joieria Dacla","og_description":"Presentamos un estilo m\u00edstico multicolor para la monta\u00f1a: dureza resistente creada donde el metal, el carbono y la resina se unen. Inspirado en el majestuoso dise\u00f1o de varias capas de la Monta\u00f1a Arco\u00edris, este modelo especial MTG-B2000 est\u00e1 dise\u00f1ado para impactar.","og_url":"https:\/\/joieriadacla.com\/index.php\/product\/casio-g-shock-mtg-b2000xmg-1aer\/","og_site_name":"Joieria Dacla","article_modified_time":"2024-09-23T18:21:32+00:00","og_image":[{"width":972,"height":1100,"url":"https:\/\/joieriadacla.com\/wp-content\/uploads\/2023\/11\/MTG-B2000XMG-1AER___CUT-OUT.png","type":"image\/png"}],"twitter_card":"summary_large_image","twitter_misc":{"Tiempo de lectura":"3 minutos"},"schema":{"@context":"https:\/\/schema.org","@graph":[{"@type":"WebPage","@id":"https:\/\/joieriadacla.com\/index.php\/product\/casio-g-shock-mtg-b2000xmg-1aer\/","url":"https:\/\/joieriadacla.com\/index.php\/product\/casio-g-shock-mtg-b2000xmg-1aer\/","name":"Reloj Casio G-shock MTG-B2000XMG-1AER - Joieria Dacla","isPartOf":{"@id":"https:\/\/joieriadacla.com\/#website"},"primaryImageOfPage":{"@id":"https:\/\/joieriadacla.com\/index.php\/product\/casio-g-shock-mtg-b2000xmg-1aer\/#primaryimage"},"image":{"@id":"https:\/\/joieriadacla.com\/index.php\/product\/casio-g-shock-mtg-b2000xmg-1aer\/#primaryimage"},"thumbnailUrl":"https:\/\/joieriadacla.com\/wp-content\/uploads\/2023\/11\/MTG-B2000XMG-1AER___CUT-OUT.png","datePublished":"2023-11-13T18:59:27+00:00","dateModified":"2024-09-23T18:21:32+00:00","description":"Presentamos un estilo m\u00edstico multicolor para la monta\u00f1a: dureza resistente creada donde el metal, el carbono y la resina se unen. Inspirado en el majestuoso dise\u00f1o de varias capas de la Monta\u00f1a Arco\u00edris, este modelo especial MTG-B2000 est\u00e1 dise\u00f1ado para impactar.","breadcrumb":{"@id":"https:\/\/joieriadacla.com\/index.php\/product\/casio-g-shock-mtg-b2000xmg-1aer\/#breadcrumb"},"inLanguage":"es","potentialAction":[{"@type":"ReadAction","target":["https:\/\/joieriadacla.com\/index.php\/product\/casio-g-shock-mtg-b2000xmg-1aer\/"]}]},{"@type":"ImageObject","inLanguage":"es","@id":"https:\/\/joieriadacla.com\/index.php\/product\/casio-g-shock-mtg-b2000xmg-1aer\/#primaryimage","url":"https:\/\/joieriadacla.com\/wp-content\/uploads\/2023\/11\/MTG-B2000XMG-1AER___CUT-OUT.png","contentUrl":"https:\/\/joieriadacla.com\/wp-content\/uploads\/2023\/11\/MTG-B2000XMG-1AER___CUT-OUT.png","width":972,"height":1100},{"@type":"BreadcrumbList","@id":"https:\/\/joieriadacla.com\/index.php\/product\/casio-g-shock-mtg-b2000xmg-1aer\/#breadcrumb","itemListElement":[{"@type":"ListItem","position":1,"name":"Portada","item":"https:\/\/joieriadacla.com\/"},{"@type":"ListItem","position":2,"name":"Productos","item":"https:\/\/joieriadacla.com\/index.php\/shop\/"},{"@type":"ListItem","position":3,"name":"Reloj Casio G-shock MTG-B2000XMG-1AER"}]},{"@type":"WebSite","@id":"https:\/\/joieriadacla.com\/#website","url":"https:\/\/joieriadacla.com\/","name":"Joieria Rellotgeria Dacla","description":"Joieria Dacla","publisher":{"@id":"https:\/\/joieriadacla.com\/#organization"},"potentialAction":[{"@type":"SearchAction","target":{"@type":"EntryPoint","urlTemplate":"https:\/\/joieriadacla.com\/?s={search_term_string}"},"query-input":{"@type":"PropertyValueSpecification","valueRequired":true,"valueName":"search_term_string"}}],"inLanguage":"es"},{"@type":"Organization","@id":"https:\/\/joieriadacla.com\/#organization","name":"Joieria Rellotgeria Dacla","url":"https:\/\/joieriadacla.com\/","logo":{"@type":"ImageObject","inLanguage":"es","@id":"https:\/\/joieriadacla.com\/#\/schema\/logo\/image\/","url":"https:\/\/joieriadacla.com\/wp-content\/uploads\/2022\/03\/LOGODACLA.png","contentUrl":"https:\/\/joieriadacla.com\/wp-content\/uploads\/2022\/03\/LOGODACLA.png","width":319,"height":228,"caption":"Joieria Rellotgeria Dacla"},"image":{"@id":"https:\/\/joieriadacla.com\/#\/schema\/logo\/image\/"},"sameAs":["https:\/\/www.instagram.com\/joieria.dacla\/?hl=es"]}]}},"_links":{"self":[{"href":"https:\/\/joieriadacla.com\/index.php\/wp-json\/wp\/v2\/product\/1902","targetHints":{"allow":["GET"]}}],"collection":[{"href":"https:\/\/joieriadacla.com\/index.php\/wp-json\/wp\/v2\/product"}],"about":[{"href":"https:\/\/joieriadacla.com\/index.php\/wp-json\/wp\/v2\/types\/product"}],"replies":[{"embeddable":true,"href":"https:\/\/joieriadacla.com\/index.php\/wp-json\/wp\/v2\/comments?post=1902"}],"wp:featuredmedia":[{"embeddable":true,"href":"https:\/\/joieriadacla.com\/index.php\/wp-json\/wp\/v2\/media\/1903"}],"wp:attachment":[{"href":"https:\/\/joieriadacla.com\/index.php\/wp-json\/wp\/v2\/media?parent=1902"}],"wp:term":[{"taxonomy":"product_brand","embeddable":true,"href":"https:\/\/joieriadacla.com\/index.php\/wp-json\/wp\/v2\/product_brand?post=1902"},{"taxonomy":"product_cat","embeddable":true,"href":"https:\/\/joieriadacla.com\/index.php\/wp-json\/wp\/v2\/product_cat?post=1902"},{"taxonomy":"product_tag","embeddable":true,"href":"https:\/\/joieriadacla.com\/index.php\/wp-json\/wp\/v2\/product_tag?post=1902"}],"curies":[{"name":"wp","href":"https:\/\/api.w.org\/{rel}","templated":true}]}}