{"id":1900,"date":"2023-11-13T18:35:59","date_gmt":"2023-11-13T18:35:59","guid":{"rendered":"https:\/\/joieriadacla.com\/?post_type=product&#038;p=1900"},"modified":"2024-09-23T18:21:40","modified_gmt":"2024-09-23T18:21:40","slug":"casio-g-shock-25-aniversario-dw-6900sp-1er","status":"publish","type":"product","link":"https:\/\/joieriadacla.com\/index.php\/product\/casio-g-shock-25-aniversario-dw-6900sp-1er\/","title":{"rendered":"Reloj Casio G-shock 25 Aniversario DW-6900SP-1ER"},"content":{"rendered":"<div class=\"p-product_detail-hdg-lv2\">\n<div class=\"title\">\n<div id=\"title-eb2676c88f\" class=\"cmp-title\">\n<h2 class=\"cmp-title__text\"><span>Especificaciones<\/span><\/h2>\n<\/div>\n<\/div>\n<\/div>\n<div class=\"p-product_detail-spec-accordion\" data-cmp-is=\"accordion\">\n<div class=\"p-product_detail-spec-accordion__item\" data-cmp-hook-accordion=\"item\">\n<h3 class=\"p-product_detail-spec-accordion__header is-open\"><button class=\"p-product_detail-spec-accordion__button\" data-cmp-hook-accordion=\"button\" aria-expanded=\"true\"><span class=\"p-product_detail-spec-accordion__title\"><span>Informaci\u00f3n b\u00e1sica<\/span><\/span><\/button><\/h3>\n<div class=\"p-product_detail-spec-accordion__panel p-product_detail-spec-accordion__panel--hidden\" data-cmp-hook-accordion=\"panel\" aria-hidden=\"false\">\n<ul class=\"p-product_detail-spec-accordion__panel-inner\">\n<li class=\"p-product_detail-spec-accordion__panel-item\" tabindex=\"0\">\n<div class=\"p-product_detail-spec-accordion__panel-item-ttl\">\n<h4><span>Tama\u00f1o de la caja (largo \u00d7 ancho \u00d7 alto)<\/span><\/h4>\n<\/div>\n<div class=\"p-product_detail-spec-accordion__panel-item-cont\"><span>53,2 \u00d7 50 \u00d7 18,7 mm<\/span><\/div>\n<\/li>\n<li class=\"p-product_detail-spec-accordion__panel-item\" tabindex=\"0\">\n<div class=\"p-product_detail-spec-accordion__panel-item-ttl\">\n<h4><span>Peso<\/span><\/h4>\n<\/div>\n<div class=\"p-product_detail-spec-accordion__panel-item-cont\"><span>67 gramos<\/span><\/div>\n<\/li>\n<li class=\"p-product_detail-spec-accordion__panel-item\" tabindex=\"0\">\n<div class=\"p-product_detail-spec-accordion__panel-item-ttl\">\n<h4><span>Material de caja y bisel<\/span><\/h4>\n<\/div>\n<div class=\"p-product_detail-spec-accordion__panel-item-cont\"><span>Resina<\/span><\/div>\n<\/li>\n<li class=\"p-product_detail-spec-accordion__panel-item\" tabindex=\"0\">\n<div class=\"p-product_detail-spec-accordion__panel-item-ttl\">\n<h4><span>Banda<\/span><\/h4>\n<\/div>\n<div class=\"p-product_detail-spec-accordion__panel-item-cont\"><span>Banda de resina<\/span><\/div>\n<\/li>\n<li class=\"p-product_detail-spec-accordion__panel-item\" tabindex=\"0\">\n<div class=\"p-product_detail-spec-accordion__panel-item-ttl\">\n<h4><span>Construcci\u00f3n<\/span><\/h4>\n<\/div>\n<div class=\"p-product_detail-spec-accordion__panel-item-cont\"><span>Resistente a los golpes<\/span><\/div>\n<\/li>\n<li class=\"p-product_detail-spec-accordion__panel-item\" tabindex=\"0\">\n<div class=\"p-product_detail-spec-accordion__panel-item-ttl\">\n<h4><span>Resistencia al agua<\/span><\/h4>\n<\/div>\n<div class=\"p-product_detail-spec-accordion__panel-item-cont\"><span>Resistencia al agua de 200 metros<\/span><\/div>\n<\/li>\n<li class=\"p-product_detail-spec-accordion__panel-item\" tabindex=\"0\">\n<div class=\"p-product_detail-spec-accordion__panel-item-ttl\">\n<h4><span>Fuente de alimentaci\u00f3n y duraci\u00f3n de la bater\u00eda.<\/span><\/h4>\n<\/div>\n<div class=\"p-product_detail-spec-accordion__panel-item-cont\"><span>Aprox. duraci\u00f3n de la bater\u00eda: 2 a\u00f1os en CR2016<\/span><\/div>\n<\/li>\n<\/ul>\n<\/div>\n<\/div>\n<div class=\"p-product_detail-spec-accordion__item\" data-cmp-hook-accordion=\"item\">\n<h3 class=\"p-product_detail-spec-accordion__header is-open\"><button class=\"p-product_detail-spec-accordion__button\" data-cmp-hook-accordion=\"button\" aria-expanded=\"true\"><span class=\"p-product_detail-spec-accordion__title\"><span>Exterior<\/span><\/span><\/button><\/h3>\n<div class=\"p-product_detail-spec-accordion__panel p-product_detail-spec-accordion__panel--hidden\" data-cmp-hook-accordion=\"panel\" aria-hidden=\"false\">\n<ul class=\"p-product_detail-spec-accordion__panel-inner\">\n<li class=\"p-product_detail-spec-accordion__panel-item\" tabindex=\"0\">\n<div class=\"p-product_detail-spec-accordion__panel-item-ttl\">\n<h4><span>Vaso<\/span><\/h4>\n<\/div>\n<div class=\"p-product_detail-spec-accordion__panel-item-cont\"><span>Vidrio mineral<\/span><\/div>\n<\/li>\n<\/ul>\n<\/div>\n<\/div>\n<div class=\"p-product_detail-spec-accordion__item\" data-cmp-hook-accordion=\"item\">\n<h3 class=\"p-product_detail-spec-accordion__header is-open\"><button class=\"p-product_detail-spec-accordion__button\" data-cmp-hook-accordion=\"button\" aria-expanded=\"true\"><span class=\"p-product_detail-spec-accordion__title\"><span>Funciones del reloj<\/span><\/span><\/button><\/h3>\n<div class=\"p-product_detail-spec-accordion__panel p-product_detail-spec-accordion__panel--hidden\" data-cmp-hook-accordion=\"panel\" aria-hidden=\"false\">\n<ul class=\"p-product_detail-spec-accordion__panel-inner\">\n<li class=\"p-product_detail-spec-accordion__panel-item\" tabindex=\"0\">\n<div class=\"p-product_detail-spec-accordion__panel-item-ttl\">\n<h4><span>Cron\u00f3grafo<\/span><\/h4>\n<\/div>\n<div class=\"p-product_detail-spec-accordion__panel-item-cont\"><span>Cron\u00f3metro de 1\/100 segundos Capacidad de medici\u00f3n: 00&#8217;00\u00bb00~59&#8217;59\u00bb99 (durante los primeros 60 minutos) 1:00&#8217;00~23:59&#8217;59 (despu\u00e9s de 60 minutos) Unidad de medida: 1\/ 100 segundos (durante los primeros 60 minutos) 1 segundo (despu\u00e9s de 60 minutos) Modos de medici\u00f3n: tiempo transcurrido, tiempo fraccionado, tiempos del 1.\u00ba y 2.\u00ba lugar<\/span><\/div>\n<\/li>\n<li class=\"p-product_detail-spec-accordion__panel-item\" tabindex=\"0\">\n<div class=\"p-product_detail-spec-accordion__panel-item-ttl\">\n<h4><span>Temporizador<\/span><\/h4>\n<\/div>\n<div class=\"p-product_detail-spec-accordion__panel-item-cont\"><span>Temporizador de cuenta regresiva Unidad de medici\u00f3n: 1 segundo Rango de cuenta regresiva: 24 horas Rango de configuraci\u00f3n del tiempo de inicio de cuenta regresiva: 1 segundo a 24 horas (incrementos de 1 segundo, incrementos de 1 minuto e incrementos de 1 hora) Otros: repetici\u00f3n autom\u00e1tica<\/span><\/div>\n<\/li>\n<li class=\"p-product_detail-spec-accordion__panel-item\" tabindex=\"0\">\n<div class=\"p-product_detail-spec-accordion__panel-item-ttl\">\n<h4><span>Alarma\/se\u00f1al horaria<\/span><\/h4>\n<\/div>\n<div class=\"p-product_detail-spec-accordion__panel-item-cont\"><span>Se\u00f1al horaria<\/span><\/div>\n<div class=\"p-product_detail-spec-accordion__panel-item-cont\"><span>alarma multifunci\u00f3n<\/span><\/div>\n<\/li>\n<li class=\"p-product_detail-spec-accordion__panel-item\" tabindex=\"0\">\n<div class=\"p-product_detail-spec-accordion__panel-item-ttl\">\n<h4><span>Funci\u00f3n de alerta flash<\/span><\/h4>\n<\/div>\n<div class=\"p-product_detail-spec-accordion__panel-item-cont\"><span>Alerta de flash Parpadea con un timbre que suena para alarmas y se\u00f1ales horarias<\/span><\/div>\n<\/li>\n<li class=\"p-product_detail-spec-accordion__panel-item\" tabindex=\"0\">\n<div class=\"p-product_detail-spec-accordion__panel-item-ttl\">\n<h4><span>Luz<\/span><\/h4>\n<\/div>\n<div class=\"p-product_detail-spec-accordion__panel-item-cont\"><span>Retroiluminaci\u00f3n electroluminiscente Afterglow<\/span><\/div>\n<\/li>\n<li class=\"p-product_detail-spec-accordion__panel-item\" tabindex=\"0\">\n<div class=\"p-product_detail-spec-accordion__panel-item-ttl\">\n<h4><span>Color claro<\/span><\/h4>\n<\/div>\n<div class=\"p-product_detail-spec-accordion__panel-item-cont\"><span>EL: azul verde<\/span><\/div>\n<\/li>\n<li class=\"p-product_detail-spec-accordion__panel-item\" tabindex=\"0\">\n<div class=\"p-product_detail-spec-accordion__panel-item-ttl\">\n<h4><span>Calendario<\/span><\/h4>\n<\/div>\n<div class=\"p-product_detail-spec-accordion__panel-item-cont\"><span>Calendario autom\u00e1tico completo (hasta el a\u00f1o 2099)<\/span><\/div>\n<\/li>\n<li class=\"p-product_detail-spec-accordion__panel-item\" tabindex=\"0\">\n<div class=\"p-product_detail-spec-accordion__panel-item-ttl\">\n<h4><span>Exactitud<\/span><\/h4>\n<\/div>\n<div class=\"p-product_detail-spec-accordion__panel-item-cont\"><span>Precisi\u00f3n: \u00b115 segundos por mes<\/span><\/div>\n<\/li>\n<li class=\"p-product_detail-spec-accordion__panel-item\" tabindex=\"0\">\n<div class=\"p-product_detail-spec-accordion__panel-item-ttl\">\n<h4><span>Otras caracter\u00edsticas<\/span><\/h4>\n<\/div>\n<div class=\"p-product_detail-spec-accordion__panel-item-cont\"><span>Formato de 12\/24 horas<\/span><\/div>\n<div class=\"p-product_detail-spec-accordion__panel-item-cont\"><span>Cronometraje habitual: hora, minuto, segundo, pm, mes, fecha, d\u00eda<\/span><\/div>\n<\/li>\n<\/ul>\n<\/div>\n<\/div>\n<\/div>\n","protected":false},"excerpt":{"rendered":"<p>Los nuevos modelos G-Shock DW-6900SP-1ER conmemoran el 25.\u00ba aniversario del lanzamiento del DW-6900, con sus tres distintivas esferas digitales, en el a\u00f1o 1995. Estos nuevos modelos de aniversario incorporan cuatro elementos de dise\u00f1o especiales. El embalaje de los nuevos DW-6900SP-1ER tambi\u00e9n cuenta con impresi\u00f3n de holograma y bloqueo de color para lograr una apariencia que refleje los dise\u00f1os de los relojes. El nuevo DW-6900SP de G-SHOCK es el id\u00f3neo para celebrar el 25\u00ba aniversario del DW-6900.<\/p>\n","protected":false},"featured_media":1901,"comment_status":"closed","ping_status":"closed","template":"","meta":[],"product_brand":[],"product_cat":[57,79,43,38],"product_tag":[116,68,121,115,71,119],"class_list":{"0":"post-1900","1":"product","2":"type-product","3":"status-publish","4":"has-post-thumbnail","6":"product_cat-casio","7":"product_cat-edicion-limitada","8":"product_cat-g-shock","9":"product_cat-relojes","10":"product_tag-25-aniversario","11":"product_tag-casio","12":"product_tag-dw-6900sp-1er","13":"product_tag-dw6900sp1er","14":"product_tag-gshock","15":"product_tag-reloj","17":"first","18":"instock","19":"taxable","20":"shipping-taxable","21":"purchasable","22":"product-type-simple"},"yoast_head":"<!-- This site is optimized with the Yoast SEO plugin v27.2 - https:\/\/yoast.com\/product\/yoast-seo-wordpress\/ -->\n<title>Reloj Casio G-shock 25 Aniversario DW-6900SP-1ER - Joieria Dacla<\/title>\n<meta name=\"description\" content=\"Los nuevos modelos G-Shock DW-6900SP-1ER conmemoran el 25.\u00ba aniversario del lanzamiento del DW-6900, con sus tres distintivas esferas digitales, en el a\u00f1o 1995. Estos nuevos modelos de aniversario incorporan cuatro elementos de dise\u00f1o especiales. El embalaje de los nuevos DW-6900SP-1ER tambi\u00e9n cuenta con impresi\u00f3n de holograma y bloqueo de color para lograr una apariencia que refleje los dise\u00f1os de los relojes.\" \/>\n<meta name=\"robots\" content=\"index, follow, max-snippet:-1, max-image-preview:large, max-video-preview:-1\" \/>\n<link rel=\"canonical\" href=\"https:\/\/joieriadacla.com\/index.php\/product\/casio-g-shock-25-aniversario-dw-6900sp-1er\/\" \/>\n<meta property=\"og:locale\" content=\"es_ES\" \/>\n<meta property=\"og:type\" content=\"article\" \/>\n<meta property=\"og:title\" content=\"Reloj Casio G-shock 25 Aniversario DW-6900SP-1ER - Joieria Dacla\" \/>\n<meta property=\"og:description\" content=\"Los nuevos modelos G-Shock DW-6900SP-1ER conmemoran el 25.\u00ba aniversario del lanzamiento del DW-6900, con sus tres distintivas esferas digitales, en el a\u00f1o 1995. Estos nuevos modelos de aniversario incorporan cuatro elementos de dise\u00f1o especiales. El embalaje de los nuevos DW-6900SP-1ER tambi\u00e9n cuenta con impresi\u00f3n de holograma y bloqueo de color para lograr una apariencia que refleje los dise\u00f1os de los relojes.\" \/>\n<meta property=\"og:url\" content=\"https:\/\/joieriadacla.com\/index.php\/product\/casio-g-shock-25-aniversario-dw-6900sp-1er\/\" \/>\n<meta property=\"og:site_name\" content=\"Joieria Dacla\" \/>\n<meta property=\"article:modified_time\" content=\"2024-09-23T18:21:40+00:00\" \/>\n<meta property=\"og:image\" content=\"https:\/\/joieriadacla.com\/wp-content\/uploads\/2023\/11\/DW-6900SP-1ER.png\" \/>\n\t<meta property=\"og:image:width\" content=\"510\" \/>\n\t<meta property=\"og:image:height\" content=\"533\" \/>\n\t<meta property=\"og:image:type\" content=\"image\/png\" \/>\n<meta name=\"twitter:card\" content=\"summary_large_image\" \/>\n<meta name=\"twitter:label1\" content=\"Tiempo de lectura\" \/>\n\t<meta name=\"twitter:data1\" content=\"2 minutos\" \/>\n<script type=\"application\/ld+json\" class=\"yoast-schema-graph\">{\"@context\":\"https:\/\/schema.org\",\"@graph\":[{\"@type\":\"WebPage\",\"@id\":\"https:\/\/joieriadacla.com\/index.php\/product\/casio-g-shock-25-aniversario-dw-6900sp-1er\/\",\"url\":\"https:\/\/joieriadacla.com\/index.php\/product\/casio-g-shock-25-aniversario-dw-6900sp-1er\/\",\"name\":\"Reloj Casio G-shock 25 Aniversario DW-6900SP-1ER - Joieria Dacla\",\"isPartOf\":{\"@id\":\"https:\/\/joieriadacla.com\/#website\"},\"primaryImageOfPage\":{\"@id\":\"https:\/\/joieriadacla.com\/index.php\/product\/casio-g-shock-25-aniversario-dw-6900sp-1er\/#primaryimage\"},\"image\":{\"@id\":\"https:\/\/joieriadacla.com\/index.php\/product\/casio-g-shock-25-aniversario-dw-6900sp-1er\/#primaryimage\"},\"thumbnailUrl\":\"https:\/\/joieriadacla.com\/wp-content\/uploads\/2023\/11\/DW-6900SP-1ER.png\",\"datePublished\":\"2023-11-13T18:35:59+00:00\",\"dateModified\":\"2024-09-23T18:21:40+00:00\",\"description\":\"Los nuevos modelos G-Shock DW-6900SP-1ER conmemoran el 25.\u00ba aniversario del lanzamiento del DW-6900, con sus tres distintivas esferas digitales, en el a\u00f1o 1995. Estos nuevos modelos de aniversario incorporan cuatro elementos de dise\u00f1o especiales. El embalaje de los nuevos DW-6900SP-1ER tambi\u00e9n cuenta con impresi\u00f3n de holograma y bloqueo de color para lograr una apariencia que refleje los dise\u00f1os de los relojes.\",\"breadcrumb\":{\"@id\":\"https:\/\/joieriadacla.com\/index.php\/product\/casio-g-shock-25-aniversario-dw-6900sp-1er\/#breadcrumb\"},\"inLanguage\":\"es\",\"potentialAction\":[{\"@type\":\"ReadAction\",\"target\":[\"https:\/\/joieriadacla.com\/index.php\/product\/casio-g-shock-25-aniversario-dw-6900sp-1er\/\"]}]},{\"@type\":\"ImageObject\",\"inLanguage\":\"es\",\"@id\":\"https:\/\/joieriadacla.com\/index.php\/product\/casio-g-shock-25-aniversario-dw-6900sp-1er\/#primaryimage\",\"url\":\"https:\/\/joieriadacla.com\/wp-content\/uploads\/2023\/11\/DW-6900SP-1ER.png\",\"contentUrl\":\"https:\/\/joieriadacla.com\/wp-content\/uploads\/2023\/11\/DW-6900SP-1ER.png\",\"width\":510,\"height\":533},{\"@type\":\"BreadcrumbList\",\"@id\":\"https:\/\/joieriadacla.com\/index.php\/product\/casio-g-shock-25-aniversario-dw-6900sp-1er\/#breadcrumb\",\"itemListElement\":[{\"@type\":\"ListItem\",\"position\":1,\"name\":\"Portada\",\"item\":\"https:\/\/joieriadacla.com\/\"},{\"@type\":\"ListItem\",\"position\":2,\"name\":\"Productos\",\"item\":\"https:\/\/joieriadacla.com\/index.php\/shop\/\"},{\"@type\":\"ListItem\",\"position\":3,\"name\":\"Reloj Casio G-shock 25 Aniversario DW-6900SP-1ER\"}]},{\"@type\":\"WebSite\",\"@id\":\"https:\/\/joieriadacla.com\/#website\",\"url\":\"https:\/\/joieriadacla.com\/\",\"name\":\"Joieria Rellotgeria Dacla\",\"description\":\"Joieria Dacla\",\"publisher\":{\"@id\":\"https:\/\/joieriadacla.com\/#organization\"},\"potentialAction\":[{\"@type\":\"SearchAction\",\"target\":{\"@type\":\"EntryPoint\",\"urlTemplate\":\"https:\/\/joieriadacla.com\/?s={search_term_string}\"},\"query-input\":{\"@type\":\"PropertyValueSpecification\",\"valueRequired\":true,\"valueName\":\"search_term_string\"}}],\"inLanguage\":\"es\"},{\"@type\":\"Organization\",\"@id\":\"https:\/\/joieriadacla.com\/#organization\",\"name\":\"Joieria Rellotgeria Dacla\",\"url\":\"https:\/\/joieriadacla.com\/\",\"logo\":{\"@type\":\"ImageObject\",\"inLanguage\":\"es\",\"@id\":\"https:\/\/joieriadacla.com\/#\/schema\/logo\/image\/\",\"url\":\"https:\/\/joieriadacla.com\/wp-content\/uploads\/2022\/03\/LOGODACLA.png\",\"contentUrl\":\"https:\/\/joieriadacla.com\/wp-content\/uploads\/2022\/03\/LOGODACLA.png\",\"width\":319,\"height\":228,\"caption\":\"Joieria Rellotgeria Dacla\"},\"image\":{\"@id\":\"https:\/\/joieriadacla.com\/#\/schema\/logo\/image\/\"},\"sameAs\":[\"https:\/\/www.instagram.com\/joieria.dacla\/?hl=es\"]}]}<\/script>\n<!-- \/ Yoast SEO plugin. -->","yoast_head_json":{"title":"Reloj Casio G-shock 25 Aniversario DW-6900SP-1ER - Joieria Dacla","description":"Los nuevos modelos G-Shock DW-6900SP-1ER conmemoran el 25.\u00ba aniversario del lanzamiento del DW-6900, con sus tres distintivas esferas digitales, en el a\u00f1o 1995. Estos nuevos modelos de aniversario incorporan cuatro elementos de dise\u00f1o especiales. El embalaje de los nuevos DW-6900SP-1ER tambi\u00e9n cuenta con impresi\u00f3n de holograma y bloqueo de color para lograr una apariencia que refleje los dise\u00f1os de los relojes.","robots":{"index":"index","follow":"follow","max-snippet":"max-snippet:-1","max-image-preview":"max-image-preview:large","max-video-preview":"max-video-preview:-1"},"canonical":"https:\/\/joieriadacla.com\/index.php\/product\/casio-g-shock-25-aniversario-dw-6900sp-1er\/","og_locale":"es_ES","og_type":"article","og_title":"Reloj Casio G-shock 25 Aniversario DW-6900SP-1ER - Joieria Dacla","og_description":"Los nuevos modelos G-Shock DW-6900SP-1ER conmemoran el 25.\u00ba aniversario del lanzamiento del DW-6900, con sus tres distintivas esferas digitales, en el a\u00f1o 1995. Estos nuevos modelos de aniversario incorporan cuatro elementos de dise\u00f1o especiales. El embalaje de los nuevos DW-6900SP-1ER tambi\u00e9n cuenta con impresi\u00f3n de holograma y bloqueo de color para lograr una apariencia que refleje los dise\u00f1os de los relojes.","og_url":"https:\/\/joieriadacla.com\/index.php\/product\/casio-g-shock-25-aniversario-dw-6900sp-1er\/","og_site_name":"Joieria Dacla","article_modified_time":"2024-09-23T18:21:40+00:00","og_image":[{"width":510,"height":533,"url":"https:\/\/joieriadacla.com\/wp-content\/uploads\/2023\/11\/DW-6900SP-1ER.png","type":"image\/png"}],"twitter_card":"summary_large_image","twitter_misc":{"Tiempo de lectura":"2 minutos"},"schema":{"@context":"https:\/\/schema.org","@graph":[{"@type":"WebPage","@id":"https:\/\/joieriadacla.com\/index.php\/product\/casio-g-shock-25-aniversario-dw-6900sp-1er\/","url":"https:\/\/joieriadacla.com\/index.php\/product\/casio-g-shock-25-aniversario-dw-6900sp-1er\/","name":"Reloj Casio G-shock 25 Aniversario DW-6900SP-1ER - Joieria Dacla","isPartOf":{"@id":"https:\/\/joieriadacla.com\/#website"},"primaryImageOfPage":{"@id":"https:\/\/joieriadacla.com\/index.php\/product\/casio-g-shock-25-aniversario-dw-6900sp-1er\/#primaryimage"},"image":{"@id":"https:\/\/joieriadacla.com\/index.php\/product\/casio-g-shock-25-aniversario-dw-6900sp-1er\/#primaryimage"},"thumbnailUrl":"https:\/\/joieriadacla.com\/wp-content\/uploads\/2023\/11\/DW-6900SP-1ER.png","datePublished":"2023-11-13T18:35:59+00:00","dateModified":"2024-09-23T18:21:40+00:00","description":"Los nuevos modelos G-Shock DW-6900SP-1ER conmemoran el 25.\u00ba aniversario del lanzamiento del DW-6900, con sus tres distintivas esferas digitales, en el a\u00f1o 1995. Estos nuevos modelos de aniversario incorporan cuatro elementos de dise\u00f1o especiales. El embalaje de los nuevos DW-6900SP-1ER tambi\u00e9n cuenta con impresi\u00f3n de holograma y bloqueo de color para lograr una apariencia que refleje los dise\u00f1os de los relojes.","breadcrumb":{"@id":"https:\/\/joieriadacla.com\/index.php\/product\/casio-g-shock-25-aniversario-dw-6900sp-1er\/#breadcrumb"},"inLanguage":"es","potentialAction":[{"@type":"ReadAction","target":["https:\/\/joieriadacla.com\/index.php\/product\/casio-g-shock-25-aniversario-dw-6900sp-1er\/"]}]},{"@type":"ImageObject","inLanguage":"es","@id":"https:\/\/joieriadacla.com\/index.php\/product\/casio-g-shock-25-aniversario-dw-6900sp-1er\/#primaryimage","url":"https:\/\/joieriadacla.com\/wp-content\/uploads\/2023\/11\/DW-6900SP-1ER.png","contentUrl":"https:\/\/joieriadacla.com\/wp-content\/uploads\/2023\/11\/DW-6900SP-1ER.png","width":510,"height":533},{"@type":"BreadcrumbList","@id":"https:\/\/joieriadacla.com\/index.php\/product\/casio-g-shock-25-aniversario-dw-6900sp-1er\/#breadcrumb","itemListElement":[{"@type":"ListItem","position":1,"name":"Portada","item":"https:\/\/joieriadacla.com\/"},{"@type":"ListItem","position":2,"name":"Productos","item":"https:\/\/joieriadacla.com\/index.php\/shop\/"},{"@type":"ListItem","position":3,"name":"Reloj Casio G-shock 25 Aniversario DW-6900SP-1ER"}]},{"@type":"WebSite","@id":"https:\/\/joieriadacla.com\/#website","url":"https:\/\/joieriadacla.com\/","name":"Joieria Rellotgeria Dacla","description":"Joieria Dacla","publisher":{"@id":"https:\/\/joieriadacla.com\/#organization"},"potentialAction":[{"@type":"SearchAction","target":{"@type":"EntryPoint","urlTemplate":"https:\/\/joieriadacla.com\/?s={search_term_string}"},"query-input":{"@type":"PropertyValueSpecification","valueRequired":true,"valueName":"search_term_string"}}],"inLanguage":"es"},{"@type":"Organization","@id":"https:\/\/joieriadacla.com\/#organization","name":"Joieria Rellotgeria Dacla","url":"https:\/\/joieriadacla.com\/","logo":{"@type":"ImageObject","inLanguage":"es","@id":"https:\/\/joieriadacla.com\/#\/schema\/logo\/image\/","url":"https:\/\/joieriadacla.com\/wp-content\/uploads\/2022\/03\/LOGODACLA.png","contentUrl":"https:\/\/joieriadacla.com\/wp-content\/uploads\/2022\/03\/LOGODACLA.png","width":319,"height":228,"caption":"Joieria Rellotgeria Dacla"},"image":{"@id":"https:\/\/joieriadacla.com\/#\/schema\/logo\/image\/"},"sameAs":["https:\/\/www.instagram.com\/joieria.dacla\/?hl=es"]}]}},"_links":{"self":[{"href":"https:\/\/joieriadacla.com\/index.php\/wp-json\/wp\/v2\/product\/1900","targetHints":{"allow":["GET"]}}],"collection":[{"href":"https:\/\/joieriadacla.com\/index.php\/wp-json\/wp\/v2\/product"}],"about":[{"href":"https:\/\/joieriadacla.com\/index.php\/wp-json\/wp\/v2\/types\/product"}],"replies":[{"embeddable":true,"href":"https:\/\/joieriadacla.com\/index.php\/wp-json\/wp\/v2\/comments?post=1900"}],"wp:featuredmedia":[{"embeddable":true,"href":"https:\/\/joieriadacla.com\/index.php\/wp-json\/wp\/v2\/media\/1901"}],"wp:attachment":[{"href":"https:\/\/joieriadacla.com\/index.php\/wp-json\/wp\/v2\/media?parent=1900"}],"wp:term":[{"taxonomy":"product_brand","embeddable":true,"href":"https:\/\/joieriadacla.com\/index.php\/wp-json\/wp\/v2\/product_brand?post=1900"},{"taxonomy":"product_cat","embeddable":true,"href":"https:\/\/joieriadacla.com\/index.php\/wp-json\/wp\/v2\/product_cat?post=1900"},{"taxonomy":"product_tag","embeddable":true,"href":"https:\/\/joieriadacla.com\/index.php\/wp-json\/wp\/v2\/product_tag?post=1900"}],"curies":[{"name":"wp","href":"https:\/\/api.w.org\/{rel}","templated":true}]}}