{"id":1334,"date":"2023-05-25T18:22:41","date_gmt":"2023-05-25T18:22:41","guid":{"rendered":"https:\/\/joieriadacla.com\/?post_type=product&#038;p=1334"},"modified":"2024-09-23T18:22:32","modified_gmt":"2024-09-23T18:22:32","slug":"casio-g-shock-the-moon-gm-2100mg-1a","status":"publish","type":"product","link":"https:\/\/joieriadacla.com\/index.php\/product\/casio-g-shock-the-moon-gm-2100mg-1a\/","title":{"rendered":"Reloj Casio G-shock LIMITED EDITION THE MOON GM-2100MG-1A"},"content":{"rendered":"<p>La luna cautiva, hechiza y agita un anhelo de aventura en el espacio. Nuestra visi\u00f3n lunar del modelo GM-2100 con su bisel met\u00e1lico octogonal encarna el extraordinario atractivo de este cuerpo celestial tan especial.<\/p>\n<h3 class=\"p-product_detail-spec-accordion__header is-open\"><button class=\"p-product_detail-spec-accordion__button\" data-cmp-hook-accordion=\"button\" aria-expanded=\"true\"><span class=\"p-product_detail-spec-accordion__title\">Funciones del reloj<\/span><img decoding=\"async\" class=\"p-product_detail-spec-accordion__icon\" src=\"https:\/\/www.casio.com\/etc.clientlibs\/casio\/clientlibs\/clientlib-site\/resources\/images\/product_detail\/icon_minus.svg\" alt=\"\" \/><\/button><\/h3>\n<div class=\"p-product_detail-spec-accordion__panel p-product_detail-spec-accordion__panel--hidden\" data-cmp-hook-accordion=\"panel\" aria-hidden=\"false\">\n<ul class=\"p-product_detail-spec-accordion__panel-inner\">\n<li class=\"p-product_detail-spec-accordion__panel-item\" tabindex=\"0\">\n<div class=\"p-product_detail-spec-accordion__panel-item-ttl\">\n<h4>Hora mundial<\/h4>\n<\/div>\n<div class=\"p-product_detail-spec-accordion__panel-item-cont\">Hora mundial con 31 zonas horarias (48 ciudades + UTC) y activaci\u00f3n\/desactivaci\u00f3n del horario de verano<\/div>\n<\/li>\n<li class=\"p-product_detail-spec-accordion__panel-item\" tabindex=\"0\">\n<div class=\"p-product_detail-spec-accordion__panel-item-ttl\">\n<h4>Cron\u00f3metro<\/h4>\n<\/div>\n<div class=\"p-product_detail-spec-accordion__panel-item-cont\">Cron\u00f3metro de 1\/100 segundos Capacidad de medici\u00f3n: 00&#8217;00\u00bb00~59&#8217;59\u00bb99 (durante los primeros 60 minutos) 1:00&#8217;00~23:59&#8217;59 (despu\u00e9s de 60 minutos) Unidad de medici\u00f3n: 1\/100 seg. (durante los primeros 60 minutos) 1 segundo (despu\u00e9s de 60 minutos) Modos de medici\u00f3n: Tiempo transcurrido, fracci\u00f3n de tiempo y tiempo del primer y segundo puesto<\/div>\n<\/li>\n<li class=\"p-product_detail-spec-accordion__panel-item\" tabindex=\"0\">\n<div class=\"p-product_detail-spec-accordion__panel-item-ttl\">\n<h4>Temporizador<\/h4>\n<\/div>\n<div class=\"p-product_detail-spec-accordion__panel-item-cont\">Temporizador de cuenta atr\u00e1s Unidad de medici\u00f3n: 1\u00a0segundo Intervalo de cuenta atr\u00e1s: 24\u00a0horas Rango de ajuste de la hora de inicio de la cuenta atr\u00e1s: Entre 1 segundo y 24 horas (incrementos de 1 segundo, de 1 minuto y de 1 hora)<\/div>\n<\/li>\n<li class=\"p-product_detail-spec-accordion__panel-item\" tabindex=\"0\">\n<div class=\"p-product_detail-spec-accordion__panel-item-ttl\">\n<h4>Alarma \/ se\u00f1al de hora<\/h4>\n<\/div>\n<div class=\"p-product_detail-spec-accordion__panel-item-cont\">5 alarmas diarias<\/div>\n<div class=\"p-product_detail-spec-accordion__panel-item-cont\">Se\u00f1al de hora<\/div>\n<\/li>\n<li class=\"p-product_detail-spec-accordion__panel-item\" tabindex=\"0\">\n<div class=\"p-product_detail-spec-accordion__panel-item-ttl\">\n<h4>Iluminaci\u00f3n<\/h4>\n<\/div>\n<div class=\"p-product_detail-spec-accordion__panel-item-cont\">Luz LED doble, luz LED para la esfera (superiluminador, duraci\u00f3n de iluminaci\u00f3n seleccionable (1,5 o 3 segundos) y luminosidad), luz LED para la pantalla digital (superiluminador, duraci\u00f3n de iluminaci\u00f3n seleccionable (1,5 o 3 segundos) y luminosidad)<\/div>\n<\/li>\n<li class=\"p-product_detail-spec-accordion__panel-item\" tabindex=\"0\">\n<div class=\"p-product_detail-spec-accordion__panel-item-ttl\">\n<h4>Color claro<\/h4>\n<\/div>\n<div class=\"p-product_detail-spec-accordion__panel-item-cont\">LED: blanco<\/div>\n<\/li>\n<li class=\"p-product_detail-spec-accordion__panel-item\" tabindex=\"0\">\n<div class=\"p-product_detail-spec-accordion__panel-item-ttl\">\n<h4>Calendario<\/h4>\n<\/div>\n<div class=\"p-product_detail-spec-accordion__panel-item-cont\">Calendario autom\u00e1tico completo (hasta el a\u00f1o 2099)<\/div>\n<\/li>\n<li class=\"p-product_detail-spec-accordion__panel-item\" tabindex=\"0\">\n<div class=\"p-product_detail-spec-accordion__panel-item-ttl\">\n<h4>Funci\u00f3n de silencio<\/h4>\n<\/div>\n<div class=\"p-product_detail-spec-accordion__panel-item-cont\">Activaci\u00f3n o desactivaci\u00f3n del tono de pulsaci\u00f3n de bot\u00f3n<\/div>\n<\/li>\n<li class=\"p-product_detail-spec-accordion__panel-item\" tabindex=\"0\">\n<div class=\"p-product_detail-spec-accordion__panel-item-ttl\">\n<h4>Precisi\u00f3n<\/h4>\n<\/div>\n<div class=\"p-product_detail-spec-accordion__panel-item-cont\">Precisi\u00f3n: \u00b115 segundos al mes<\/div>\n<\/li>\n<li class=\"p-product_detail-spec-accordion__panel-item\" tabindex=\"0\">\n<div class=\"p-product_detail-spec-accordion__panel-item-ttl\">\n<h4>Otras opciones<\/h4>\n<\/div>\n<div class=\"p-product_detail-spec-accordion__panel-item-cont\">Formato de 12 y 24 horas<\/div>\n<div class=\"p-product_detail-spec-accordion__panel-item-cont\">Funci\u00f3n de cambio de manecilla (las manecillas se desplazan para que quede despejada la vista del contenido de la pantalla digital).<\/div>\n<div class=\"p-product_detail-spec-accordion__panel-item-cont\">Indicaci\u00f3n de la hora normal: Anal\u00f3gica: 2 manecillas (hora y minutos (la manecilla se mueve cada 20 segundos)), 1 dial (d\u00eda) Digital: Hora, minutos, segundos, p.m., mes y fecha<\/div>\n<\/li>\n<\/ul>\n<\/div>\n","protected":false},"excerpt":{"rendered":"<p>La luna cautiva, hechiza y agita un anhelo de aventura en el espacio. Nuestra visi\u00f3n lunar del modelo GM-2100 con su bisel met\u00e1lico octogonal encarna el extraordinario atractivo de este cuerpo celestial tan especial.<\/p>\n","protected":false},"featured_media":1336,"comment_status":"closed","ping_status":"closed","template":"","meta":[],"product_brand":[],"product_cat":[79,38],"product_tag":[68,81,71,80],"class_list":{"0":"post-1334","1":"product","2":"type-product","3":"status-publish","4":"has-post-thumbnail","6":"product_cat-edicion-limitada","7":"product_cat-relojes","8":"product_tag-casio","9":"product_tag-gm-2100mg-1a","10":"product_tag-gshock","11":"product_tag-themoon","13":"first","14":"instock","15":"taxable","16":"shipping-taxable","17":"purchasable","18":"product-type-simple"},"yoast_head":"<!-- This site is optimized with the Yoast SEO plugin v27.2 - https:\/\/yoast.com\/product\/yoast-seo-wordpress\/ -->\n<title>Reloj Casio G-shock LIMITED EDITION THE MOON GM-2100MG-1A - Joieria Dacla<\/title>\n<meta name=\"description\" content=\"La luna cautiva, hechiza y agita un anhelo de aventura en el espacio. Nuestra visi\u00f3n lunar del modelo GM-2100 con su bisel met\u00e1lico octogonal encarna el extraordinario atractivo de este cuerpo celestial tan especial.\" \/>\n<meta name=\"robots\" content=\"index, follow, max-snippet:-1, max-image-preview:large, max-video-preview:-1\" \/>\n<link rel=\"canonical\" href=\"https:\/\/joieriadacla.com\/index.php\/product\/casio-g-shock-the-moon-gm-2100mg-1a\/\" \/>\n<meta property=\"og:locale\" content=\"es_ES\" \/>\n<meta property=\"og:type\" content=\"article\" \/>\n<meta property=\"og:title\" content=\"Reloj Casio G-shock LIMITED EDITION THE MOON GM-2100MG-1A - Joieria Dacla\" \/>\n<meta property=\"og:description\" content=\"La luna cautiva, hechiza y agita un anhelo de aventura en el espacio. Nuestra visi\u00f3n lunar del modelo GM-2100 con su bisel met\u00e1lico octogonal encarna el extraordinario atractivo de este cuerpo celestial tan especial.\" \/>\n<meta property=\"og:url\" content=\"https:\/\/joieriadacla.com\/index.php\/product\/casio-g-shock-the-moon-gm-2100mg-1a\/\" \/>\n<meta property=\"og:site_name\" content=\"Joieria Dacla\" \/>\n<meta property=\"article:modified_time\" content=\"2024-09-23T18:22:32+00:00\" \/>\n<meta property=\"og:image\" content=\"https:\/\/joieriadacla.com\/wp-content\/uploads\/2023\/05\/reloj-hombre-casio-g-shock-the-moon-gm-2100mg-1aer.jpg\" \/>\n\t<meta property=\"og:image:width\" content=\"1100\" \/>\n\t<meta property=\"og:image:height\" content=\"1422\" \/>\n\t<meta property=\"og:image:type\" content=\"image\/jpeg\" \/>\n<meta name=\"twitter:card\" content=\"summary_large_image\" \/>\n<meta name=\"twitter:label1\" content=\"Tiempo de lectura\" \/>\n\t<meta name=\"twitter:data1\" content=\"2 minutos\" \/>\n<script type=\"application\/ld+json\" class=\"yoast-schema-graph\">{\"@context\":\"https:\/\/schema.org\",\"@graph\":[{\"@type\":\"WebPage\",\"@id\":\"https:\/\/joieriadacla.com\/index.php\/product\/casio-g-shock-the-moon-gm-2100mg-1a\/\",\"url\":\"https:\/\/joieriadacla.com\/index.php\/product\/casio-g-shock-the-moon-gm-2100mg-1a\/\",\"name\":\"Reloj Casio G-shock LIMITED EDITION THE MOON GM-2100MG-1A - Joieria Dacla\",\"isPartOf\":{\"@id\":\"https:\/\/joieriadacla.com\/#website\"},\"primaryImageOfPage\":{\"@id\":\"https:\/\/joieriadacla.com\/index.php\/product\/casio-g-shock-the-moon-gm-2100mg-1a\/#primaryimage\"},\"image\":{\"@id\":\"https:\/\/joieriadacla.com\/index.php\/product\/casio-g-shock-the-moon-gm-2100mg-1a\/#primaryimage\"},\"thumbnailUrl\":\"https:\/\/joieriadacla.com\/wp-content\/uploads\/2023\/05\/reloj-hombre-casio-g-shock-the-moon-gm-2100mg-1aer.jpg\",\"datePublished\":\"2023-05-25T18:22:41+00:00\",\"dateModified\":\"2024-09-23T18:22:32+00:00\",\"description\":\"La luna cautiva, hechiza y agita un anhelo de aventura en el espacio. Nuestra visi\u00f3n lunar del modelo GM-2100 con su bisel met\u00e1lico octogonal encarna el extraordinario atractivo de este cuerpo celestial tan especial.\",\"breadcrumb\":{\"@id\":\"https:\/\/joieriadacla.com\/index.php\/product\/casio-g-shock-the-moon-gm-2100mg-1a\/#breadcrumb\"},\"inLanguage\":\"es\",\"potentialAction\":[{\"@type\":\"ReadAction\",\"target\":[\"https:\/\/joieriadacla.com\/index.php\/product\/casio-g-shock-the-moon-gm-2100mg-1a\/\"]}]},{\"@type\":\"ImageObject\",\"inLanguage\":\"es\",\"@id\":\"https:\/\/joieriadacla.com\/index.php\/product\/casio-g-shock-the-moon-gm-2100mg-1a\/#primaryimage\",\"url\":\"https:\/\/joieriadacla.com\/wp-content\/uploads\/2023\/05\/reloj-hombre-casio-g-shock-the-moon-gm-2100mg-1aer.jpg\",\"contentUrl\":\"https:\/\/joieriadacla.com\/wp-content\/uploads\/2023\/05\/reloj-hombre-casio-g-shock-the-moon-gm-2100mg-1aer.jpg\",\"width\":1100,\"height\":1422},{\"@type\":\"BreadcrumbList\",\"@id\":\"https:\/\/joieriadacla.com\/index.php\/product\/casio-g-shock-the-moon-gm-2100mg-1a\/#breadcrumb\",\"itemListElement\":[{\"@type\":\"ListItem\",\"position\":1,\"name\":\"Portada\",\"item\":\"https:\/\/joieriadacla.com\/\"},{\"@type\":\"ListItem\",\"position\":2,\"name\":\"Productos\",\"item\":\"https:\/\/joieriadacla.com\/index.php\/shop\/\"},{\"@type\":\"ListItem\",\"position\":3,\"name\":\"Reloj Casio G-shock LIMITED EDITION THE MOON GM-2100MG-1A\"}]},{\"@type\":\"WebSite\",\"@id\":\"https:\/\/joieriadacla.com\/#website\",\"url\":\"https:\/\/joieriadacla.com\/\",\"name\":\"Joieria Rellotgeria Dacla\",\"description\":\"Joieria Dacla\",\"publisher\":{\"@id\":\"https:\/\/joieriadacla.com\/#organization\"},\"potentialAction\":[{\"@type\":\"SearchAction\",\"target\":{\"@type\":\"EntryPoint\",\"urlTemplate\":\"https:\/\/joieriadacla.com\/?s={search_term_string}\"},\"query-input\":{\"@type\":\"PropertyValueSpecification\",\"valueRequired\":true,\"valueName\":\"search_term_string\"}}],\"inLanguage\":\"es\"},{\"@type\":\"Organization\",\"@id\":\"https:\/\/joieriadacla.com\/#organization\",\"name\":\"Joieria Rellotgeria Dacla\",\"url\":\"https:\/\/joieriadacla.com\/\",\"logo\":{\"@type\":\"ImageObject\",\"inLanguage\":\"es\",\"@id\":\"https:\/\/joieriadacla.com\/#\/schema\/logo\/image\/\",\"url\":\"https:\/\/joieriadacla.com\/wp-content\/uploads\/2022\/03\/LOGODACLA.png\",\"contentUrl\":\"https:\/\/joieriadacla.com\/wp-content\/uploads\/2022\/03\/LOGODACLA.png\",\"width\":319,\"height\":228,\"caption\":\"Joieria Rellotgeria Dacla\"},\"image\":{\"@id\":\"https:\/\/joieriadacla.com\/#\/schema\/logo\/image\/\"},\"sameAs\":[\"https:\/\/www.instagram.com\/joieria.dacla\/?hl=es\"]}]}<\/script>\n<!-- \/ Yoast SEO plugin. -->","yoast_head_json":{"title":"Reloj Casio G-shock LIMITED EDITION THE MOON GM-2100MG-1A - Joieria Dacla","description":"La luna cautiva, hechiza y agita un anhelo de aventura en el espacio. Nuestra visi\u00f3n lunar del modelo GM-2100 con su bisel met\u00e1lico octogonal encarna el extraordinario atractivo de este cuerpo celestial tan especial.","robots":{"index":"index","follow":"follow","max-snippet":"max-snippet:-1","max-image-preview":"max-image-preview:large","max-video-preview":"max-video-preview:-1"},"canonical":"https:\/\/joieriadacla.com\/index.php\/product\/casio-g-shock-the-moon-gm-2100mg-1a\/","og_locale":"es_ES","og_type":"article","og_title":"Reloj Casio G-shock LIMITED EDITION THE MOON GM-2100MG-1A - Joieria Dacla","og_description":"La luna cautiva, hechiza y agita un anhelo de aventura en el espacio. Nuestra visi\u00f3n lunar del modelo GM-2100 con su bisel met\u00e1lico octogonal encarna el extraordinario atractivo de este cuerpo celestial tan especial.","og_url":"https:\/\/joieriadacla.com\/index.php\/product\/casio-g-shock-the-moon-gm-2100mg-1a\/","og_site_name":"Joieria Dacla","article_modified_time":"2024-09-23T18:22:32+00:00","og_image":[{"width":1100,"height":1422,"url":"https:\/\/joieriadacla.com\/wp-content\/uploads\/2023\/05\/reloj-hombre-casio-g-shock-the-moon-gm-2100mg-1aer.jpg","type":"image\/jpeg"}],"twitter_card":"summary_large_image","twitter_misc":{"Tiempo de lectura":"2 minutos"},"schema":{"@context":"https:\/\/schema.org","@graph":[{"@type":"WebPage","@id":"https:\/\/joieriadacla.com\/index.php\/product\/casio-g-shock-the-moon-gm-2100mg-1a\/","url":"https:\/\/joieriadacla.com\/index.php\/product\/casio-g-shock-the-moon-gm-2100mg-1a\/","name":"Reloj Casio G-shock LIMITED EDITION THE MOON GM-2100MG-1A - Joieria Dacla","isPartOf":{"@id":"https:\/\/joieriadacla.com\/#website"},"primaryImageOfPage":{"@id":"https:\/\/joieriadacla.com\/index.php\/product\/casio-g-shock-the-moon-gm-2100mg-1a\/#primaryimage"},"image":{"@id":"https:\/\/joieriadacla.com\/index.php\/product\/casio-g-shock-the-moon-gm-2100mg-1a\/#primaryimage"},"thumbnailUrl":"https:\/\/joieriadacla.com\/wp-content\/uploads\/2023\/05\/reloj-hombre-casio-g-shock-the-moon-gm-2100mg-1aer.jpg","datePublished":"2023-05-25T18:22:41+00:00","dateModified":"2024-09-23T18:22:32+00:00","description":"La luna cautiva, hechiza y agita un anhelo de aventura en el espacio. Nuestra visi\u00f3n lunar del modelo GM-2100 con su bisel met\u00e1lico octogonal encarna el extraordinario atractivo de este cuerpo celestial tan especial.","breadcrumb":{"@id":"https:\/\/joieriadacla.com\/index.php\/product\/casio-g-shock-the-moon-gm-2100mg-1a\/#breadcrumb"},"inLanguage":"es","potentialAction":[{"@type":"ReadAction","target":["https:\/\/joieriadacla.com\/index.php\/product\/casio-g-shock-the-moon-gm-2100mg-1a\/"]}]},{"@type":"ImageObject","inLanguage":"es","@id":"https:\/\/joieriadacla.com\/index.php\/product\/casio-g-shock-the-moon-gm-2100mg-1a\/#primaryimage","url":"https:\/\/joieriadacla.com\/wp-content\/uploads\/2023\/05\/reloj-hombre-casio-g-shock-the-moon-gm-2100mg-1aer.jpg","contentUrl":"https:\/\/joieriadacla.com\/wp-content\/uploads\/2023\/05\/reloj-hombre-casio-g-shock-the-moon-gm-2100mg-1aer.jpg","width":1100,"height":1422},{"@type":"BreadcrumbList","@id":"https:\/\/joieriadacla.com\/index.php\/product\/casio-g-shock-the-moon-gm-2100mg-1a\/#breadcrumb","itemListElement":[{"@type":"ListItem","position":1,"name":"Portada","item":"https:\/\/joieriadacla.com\/"},{"@type":"ListItem","position":2,"name":"Productos","item":"https:\/\/joieriadacla.com\/index.php\/shop\/"},{"@type":"ListItem","position":3,"name":"Reloj Casio G-shock LIMITED EDITION THE MOON GM-2100MG-1A"}]},{"@type":"WebSite","@id":"https:\/\/joieriadacla.com\/#website","url":"https:\/\/joieriadacla.com\/","name":"Joieria Rellotgeria Dacla","description":"Joieria Dacla","publisher":{"@id":"https:\/\/joieriadacla.com\/#organization"},"potentialAction":[{"@type":"SearchAction","target":{"@type":"EntryPoint","urlTemplate":"https:\/\/joieriadacla.com\/?s={search_term_string}"},"query-input":{"@type":"PropertyValueSpecification","valueRequired":true,"valueName":"search_term_string"}}],"inLanguage":"es"},{"@type":"Organization","@id":"https:\/\/joieriadacla.com\/#organization","name":"Joieria Rellotgeria Dacla","url":"https:\/\/joieriadacla.com\/","logo":{"@type":"ImageObject","inLanguage":"es","@id":"https:\/\/joieriadacla.com\/#\/schema\/logo\/image\/","url":"https:\/\/joieriadacla.com\/wp-content\/uploads\/2022\/03\/LOGODACLA.png","contentUrl":"https:\/\/joieriadacla.com\/wp-content\/uploads\/2022\/03\/LOGODACLA.png","width":319,"height":228,"caption":"Joieria Rellotgeria Dacla"},"image":{"@id":"https:\/\/joieriadacla.com\/#\/schema\/logo\/image\/"},"sameAs":["https:\/\/www.instagram.com\/joieria.dacla\/?hl=es"]}]}},"_links":{"self":[{"href":"https:\/\/joieriadacla.com\/index.php\/wp-json\/wp\/v2\/product\/1334","targetHints":{"allow":["GET"]}}],"collection":[{"href":"https:\/\/joieriadacla.com\/index.php\/wp-json\/wp\/v2\/product"}],"about":[{"href":"https:\/\/joieriadacla.com\/index.php\/wp-json\/wp\/v2\/types\/product"}],"replies":[{"embeddable":true,"href":"https:\/\/joieriadacla.com\/index.php\/wp-json\/wp\/v2\/comments?post=1334"}],"wp:featuredmedia":[{"embeddable":true,"href":"https:\/\/joieriadacla.com\/index.php\/wp-json\/wp\/v2\/media\/1336"}],"wp:attachment":[{"href":"https:\/\/joieriadacla.com\/index.php\/wp-json\/wp\/v2\/media?parent=1334"}],"wp:term":[{"taxonomy":"product_brand","embeddable":true,"href":"https:\/\/joieriadacla.com\/index.php\/wp-json\/wp\/v2\/product_brand?post=1334"},{"taxonomy":"product_cat","embeddable":true,"href":"https:\/\/joieriadacla.com\/index.php\/wp-json\/wp\/v2\/product_cat?post=1334"},{"taxonomy":"product_tag","embeddable":true,"href":"https:\/\/joieriadacla.com\/index.php\/wp-json\/wp\/v2\/product_tag?post=1334"}],"curies":[{"name":"wp","href":"https:\/\/api.w.org\/{rel}","templated":true}]}}