{"id":1048,"date":"2022-12-23T19:07:45","date_gmt":"2022-12-23T19:07:45","guid":{"rendered":"https:\/\/joieriadacla.com\/?post_type=product&#038;p=1048"},"modified":"2024-09-23T18:25:32","modified_gmt":"2024-09-23T18:25:32","slug":"swatch-so27m102","status":"publish","type":"product","link":"https:\/\/joieriadacla.com\/index.php\/product\/swatch-so27m102\/","title":{"rendered":"Reloj Swatch SO27M102"},"content":{"rendered":"<div class=\"official-retailer\">Reloj Swatch Originals Big Bold Bbblanco So27m102 SO27M102 anal\u00f3gico para hombre con movimiento de cuarzo, correa de caucho y resistencia al agua de 30 metros.<br \/>\nPlaneta Relojes es\u00a0<b>Distribuidor Oficial de la marca Swatch.<\/b><br \/>\nPor lo tanto, el producto ha sido verificado por los canales de distribuci\u00f3n oficiales, proporcionando una garant\u00eda y funcionamiento de m\u00e1xima calidad.<br \/>\nSe incluye estuche oficial de la marca y con toda la documentaci\u00f3n pertinente.<\/div>\n<table class=\"table-data-sheet\">\n<tbody>\n<tr class=\"even\">\n<td>Para<\/td>\n<td>Hombre<\/td>\n<\/tr>\n<tr class=\"odd\">\n<td><a class=\"fancybox\" href=\"https:\/\/www.planetarelojes.com\/busca-tu-reloj\/swatch-originals-big-bold-bbblanco-so27m102?gclid=Cj0KCQiAwJWdBhCYARIsAJc4idC95VeEb_KBeuUPWDSSz30SOKaHtsRsVJu9CJamy7V77h1joopy284aAvUOEALw_wcB#featureDescription3\">Movimiento<\/a><\/td>\n<td>Cuarzo<\/td>\n<\/tr>\n<tr class=\"even\">\n<td><a class=\"fancybox\" href=\"https:\/\/www.planetarelojes.com\/busca-tu-reloj\/swatch-originals-big-bold-bbblanco-so27m102?gclid=Cj0KCQiAwJWdBhCYARIsAJc4idC95VeEb_KBeuUPWDSSz30SOKaHtsRsVJu9CJamy7V77h1joopy284aAvUOEALw_wcB#featureDescription4\">Anal\u00f3gico o digital<\/a><\/td>\n<td>Anal\u00f3gico<\/td>\n<\/tr>\n<tr class=\"odd\">\n<td>Tipo de correa<\/td>\n<td>Caucho<\/td>\n<\/tr>\n<tr class=\"even\">\n<td><a class=\"fancybox\" href=\"https:\/\/www.planetarelojes.com\/busca-tu-reloj\/swatch-originals-big-bold-bbblanco-so27m102?gclid=Cj0KCQiAwJWdBhCYARIsAJc4idC95VeEb_KBeuUPWDSSz30SOKaHtsRsVJu9CJamy7V77h1joopy284aAvUOEALw_wcB#featureDescription18\">Tipo de cristal<\/a><\/td>\n<td>Mineral<\/td>\n<\/tr>\n<tr class=\"odd\">\n<td><a class=\"fancybox\" href=\"https:\/\/www.planetarelojes.com\/busca-tu-reloj\/swatch-originals-big-bold-bbblanco-so27m102?gclid=Cj0KCQiAwJWdBhCYARIsAJc4idC95VeEb_KBeuUPWDSSz30SOKaHtsRsVJu9CJamy7V77h1joopy284aAvUOEALw_wcB#featureDescription9\">Di\u00e1metro de la caja<\/a><\/td>\n<td>47 mm<\/td>\n<\/tr>\n<tr class=\"odd\">\n<td><a class=\"fancybox\" href=\"https:\/\/www.planetarelojes.com\/busca-tu-reloj\/swatch-originals-big-bold-bbblanco-so27m102?gclid=Cj0KCQiAwJWdBhCYARIsAJc4idC95VeEb_KBeuUPWDSSz30SOKaHtsRsVJu9CJamy7V77h1joopy284aAvUOEALw_wcB#featureDescription6\">Resistencia al agua (metros)<\/a><\/td>\n<td>30<\/td>\n<\/tr>\n<tr class=\"odd\">\n<td>Color del dial<\/td>\n<td>Verde<\/td>\n<\/tr>\n<tr class=\"even\">\n<td>Color de la correa<\/td>\n<td>Verde, Beige<\/td>\n<\/tr>\n<tr class=\"odd\">\n<td>Color caja<\/td>\n<td>Verde<\/td>\n<\/tr>\n<tr class=\"even\">\n<td>Caracter\u00edsticas extra<\/td>\n<td>Env\u00edo 24 horas<\/td>\n<\/tr>\n<\/tbody>\n<\/table>\n","protected":false},"excerpt":{"rendered":"<p>Reloj con caja de pl\u00e1stico kaki, esfera kaki con atrevidas agujas con superluminova en forma de flecha y cristal totalmente plano realza el contrastre de las sutiles impresiones 3D de la esfera. Correa de silicona kaki con impresiones en relieve amarillas.<\/p>\n","protected":false},"featured_media":1049,"comment_status":"open","ping_status":"closed","template":"","meta":[],"product_brand":[],"product_cat":[38,63],"product_tag":[],"class_list":{"0":"post-1048","1":"product","2":"type-product","3":"status-publish","4":"has-post-thumbnail","6":"product_cat-relojes","7":"product_cat-swatch","9":"first","10":"instock","11":"taxable","12":"shipping-taxable","13":"purchasable","14":"product-type-simple"},"yoast_head":"<!-- This site is optimized with the Yoast SEO plugin v27.2 - https:\/\/yoast.com\/product\/yoast-seo-wordpress\/ -->\n<title>Reloj Swatch SO27M102 - Joieria Dacla<\/title>\n<meta name=\"description\" content=\"Reloj con caja de pl\u00e1stico kaki, esfera kaki con atrevidas agujas con superluminova en forma de flecha y cristal totalmente plano realza el contrastre de las sutiles impresiones 3D de la esfera. Correa de silicona kaki con impresiones en relieve amarillas.\" \/>\n<meta name=\"robots\" content=\"index, follow, max-snippet:-1, max-image-preview:large, max-video-preview:-1\" \/>\n<link rel=\"canonical\" href=\"https:\/\/joieriadacla.com\/index.php\/product\/swatch-so27m102\/\" \/>\n<meta property=\"og:locale\" content=\"es_ES\" \/>\n<meta property=\"og:type\" content=\"article\" \/>\n<meta property=\"og:title\" content=\"Reloj Swatch SO27M102 - Joieria Dacla\" \/>\n<meta property=\"og:description\" content=\"Reloj con caja de pl\u00e1stico kaki, esfera kaki con atrevidas agujas con superluminova en forma de flecha y cristal totalmente plano realza el contrastre de las sutiles impresiones 3D de la esfera. Correa de silicona kaki con impresiones en relieve amarillas.\" \/>\n<meta property=\"og:url\" content=\"https:\/\/joieriadacla.com\/index.php\/product\/swatch-so27m102\/\" \/>\n<meta property=\"og:site_name\" content=\"Joieria Dacla\" \/>\n<meta property=\"article:modified_time\" content=\"2024-09-23T18:25:32+00:00\" \/>\n<meta property=\"og:image\" content=\"https:\/\/joieriadacla.com\/wp-content\/uploads\/2022\/12\/reloj-swatch-bbblood-so27m102.png\" \/>\n\t<meta property=\"og:image:width\" content=\"381\" \/>\n\t<meta property=\"og:image:height\" content=\"492\" \/>\n\t<meta property=\"og:image:type\" content=\"image\/png\" \/>\n<meta name=\"twitter:card\" content=\"summary_large_image\" \/>\n<meta name=\"twitter:label1\" content=\"Tiempo de lectura\" \/>\n\t<meta name=\"twitter:data1\" content=\"1 minuto\" \/>\n<script type=\"application\/ld+json\" class=\"yoast-schema-graph\">{\"@context\":\"https:\/\/schema.org\",\"@graph\":[{\"@type\":\"WebPage\",\"@id\":\"https:\/\/joieriadacla.com\/index.php\/product\/swatch-so27m102\/\",\"url\":\"https:\/\/joieriadacla.com\/index.php\/product\/swatch-so27m102\/\",\"name\":\"Reloj Swatch SO27M102 - Joieria Dacla\",\"isPartOf\":{\"@id\":\"https:\/\/joieriadacla.com\/#website\"},\"primaryImageOfPage\":{\"@id\":\"https:\/\/joieriadacla.com\/index.php\/product\/swatch-so27m102\/#primaryimage\"},\"image\":{\"@id\":\"https:\/\/joieriadacla.com\/index.php\/product\/swatch-so27m102\/#primaryimage\"},\"thumbnailUrl\":\"https:\/\/joieriadacla.com\/wp-content\/uploads\/2022\/12\/reloj-swatch-bbblood-so27m102.png\",\"datePublished\":\"2022-12-23T19:07:45+00:00\",\"dateModified\":\"2024-09-23T18:25:32+00:00\",\"description\":\"Reloj con caja de pl\u00e1stico kaki, esfera kaki con atrevidas agujas con superluminova en forma de flecha y cristal totalmente plano realza el contrastre de las sutiles impresiones 3D de la esfera. Correa de silicona kaki con impresiones en relieve amarillas.\",\"breadcrumb\":{\"@id\":\"https:\/\/joieriadacla.com\/index.php\/product\/swatch-so27m102\/#breadcrumb\"},\"inLanguage\":\"es\",\"potentialAction\":[{\"@type\":\"ReadAction\",\"target\":[\"https:\/\/joieriadacla.com\/index.php\/product\/swatch-so27m102\/\"]}]},{\"@type\":\"ImageObject\",\"inLanguage\":\"es\",\"@id\":\"https:\/\/joieriadacla.com\/index.php\/product\/swatch-so27m102\/#primaryimage\",\"url\":\"https:\/\/joieriadacla.com\/wp-content\/uploads\/2022\/12\/reloj-swatch-bbblood-so27m102.png\",\"contentUrl\":\"https:\/\/joieriadacla.com\/wp-content\/uploads\/2022\/12\/reloj-swatch-bbblood-so27m102.png\",\"width\":381,\"height\":492},{\"@type\":\"BreadcrumbList\",\"@id\":\"https:\/\/joieriadacla.com\/index.php\/product\/swatch-so27m102\/#breadcrumb\",\"itemListElement\":[{\"@type\":\"ListItem\",\"position\":1,\"name\":\"Portada\",\"item\":\"https:\/\/joieriadacla.com\/\"},{\"@type\":\"ListItem\",\"position\":2,\"name\":\"Productos\",\"item\":\"https:\/\/joieriadacla.com\/index.php\/shop\/\"},{\"@type\":\"ListItem\",\"position\":3,\"name\":\"Reloj Swatch SO27M102\"}]},{\"@type\":\"WebSite\",\"@id\":\"https:\/\/joieriadacla.com\/#website\",\"url\":\"https:\/\/joieriadacla.com\/\",\"name\":\"Joieria Rellotgeria Dacla\",\"description\":\"Joieria Dacla\",\"publisher\":{\"@id\":\"https:\/\/joieriadacla.com\/#organization\"},\"potentialAction\":[{\"@type\":\"SearchAction\",\"target\":{\"@type\":\"EntryPoint\",\"urlTemplate\":\"https:\/\/joieriadacla.com\/?s={search_term_string}\"},\"query-input\":{\"@type\":\"PropertyValueSpecification\",\"valueRequired\":true,\"valueName\":\"search_term_string\"}}],\"inLanguage\":\"es\"},{\"@type\":\"Organization\",\"@id\":\"https:\/\/joieriadacla.com\/#organization\",\"name\":\"Joieria Rellotgeria Dacla\",\"url\":\"https:\/\/joieriadacla.com\/\",\"logo\":{\"@type\":\"ImageObject\",\"inLanguage\":\"es\",\"@id\":\"https:\/\/joieriadacla.com\/#\/schema\/logo\/image\/\",\"url\":\"https:\/\/joieriadacla.com\/wp-content\/uploads\/2022\/03\/LOGODACLA.png\",\"contentUrl\":\"https:\/\/joieriadacla.com\/wp-content\/uploads\/2022\/03\/LOGODACLA.png\",\"width\":319,\"height\":228,\"caption\":\"Joieria Rellotgeria Dacla\"},\"image\":{\"@id\":\"https:\/\/joieriadacla.com\/#\/schema\/logo\/image\/\"},\"sameAs\":[\"https:\/\/www.instagram.com\/joieria.dacla\/?hl=es\"]}]}<\/script>\n<!-- \/ Yoast SEO plugin. -->","yoast_head_json":{"title":"Reloj Swatch SO27M102 - Joieria Dacla","description":"Reloj con caja de pl\u00e1stico kaki, esfera kaki con atrevidas agujas con superluminova en forma de flecha y cristal totalmente plano realza el contrastre de las sutiles impresiones 3D de la esfera. Correa de silicona kaki con impresiones en relieve amarillas.","robots":{"index":"index","follow":"follow","max-snippet":"max-snippet:-1","max-image-preview":"max-image-preview:large","max-video-preview":"max-video-preview:-1"},"canonical":"https:\/\/joieriadacla.com\/index.php\/product\/swatch-so27m102\/","og_locale":"es_ES","og_type":"article","og_title":"Reloj Swatch SO27M102 - Joieria Dacla","og_description":"Reloj con caja de pl\u00e1stico kaki, esfera kaki con atrevidas agujas con superluminova en forma de flecha y cristal totalmente plano realza el contrastre de las sutiles impresiones 3D de la esfera. Correa de silicona kaki con impresiones en relieve amarillas.","og_url":"https:\/\/joieriadacla.com\/index.php\/product\/swatch-so27m102\/","og_site_name":"Joieria Dacla","article_modified_time":"2024-09-23T18:25:32+00:00","og_image":[{"width":381,"height":492,"url":"https:\/\/joieriadacla.com\/wp-content\/uploads\/2022\/12\/reloj-swatch-bbblood-so27m102.png","type":"image\/png"}],"twitter_card":"summary_large_image","twitter_misc":{"Tiempo de lectura":"1 minuto"},"schema":{"@context":"https:\/\/schema.org","@graph":[{"@type":"WebPage","@id":"https:\/\/joieriadacla.com\/index.php\/product\/swatch-so27m102\/","url":"https:\/\/joieriadacla.com\/index.php\/product\/swatch-so27m102\/","name":"Reloj Swatch SO27M102 - Joieria Dacla","isPartOf":{"@id":"https:\/\/joieriadacla.com\/#website"},"primaryImageOfPage":{"@id":"https:\/\/joieriadacla.com\/index.php\/product\/swatch-so27m102\/#primaryimage"},"image":{"@id":"https:\/\/joieriadacla.com\/index.php\/product\/swatch-so27m102\/#primaryimage"},"thumbnailUrl":"https:\/\/joieriadacla.com\/wp-content\/uploads\/2022\/12\/reloj-swatch-bbblood-so27m102.png","datePublished":"2022-12-23T19:07:45+00:00","dateModified":"2024-09-23T18:25:32+00:00","description":"Reloj con caja de pl\u00e1stico kaki, esfera kaki con atrevidas agujas con superluminova en forma de flecha y cristal totalmente plano realza el contrastre de las sutiles impresiones 3D de la esfera. Correa de silicona kaki con impresiones en relieve amarillas.","breadcrumb":{"@id":"https:\/\/joieriadacla.com\/index.php\/product\/swatch-so27m102\/#breadcrumb"},"inLanguage":"es","potentialAction":[{"@type":"ReadAction","target":["https:\/\/joieriadacla.com\/index.php\/product\/swatch-so27m102\/"]}]},{"@type":"ImageObject","inLanguage":"es","@id":"https:\/\/joieriadacla.com\/index.php\/product\/swatch-so27m102\/#primaryimage","url":"https:\/\/joieriadacla.com\/wp-content\/uploads\/2022\/12\/reloj-swatch-bbblood-so27m102.png","contentUrl":"https:\/\/joieriadacla.com\/wp-content\/uploads\/2022\/12\/reloj-swatch-bbblood-so27m102.png","width":381,"height":492},{"@type":"BreadcrumbList","@id":"https:\/\/joieriadacla.com\/index.php\/product\/swatch-so27m102\/#breadcrumb","itemListElement":[{"@type":"ListItem","position":1,"name":"Portada","item":"https:\/\/joieriadacla.com\/"},{"@type":"ListItem","position":2,"name":"Productos","item":"https:\/\/joieriadacla.com\/index.php\/shop\/"},{"@type":"ListItem","position":3,"name":"Reloj Swatch SO27M102"}]},{"@type":"WebSite","@id":"https:\/\/joieriadacla.com\/#website","url":"https:\/\/joieriadacla.com\/","name":"Joieria Rellotgeria Dacla","description":"Joieria Dacla","publisher":{"@id":"https:\/\/joieriadacla.com\/#organization"},"potentialAction":[{"@type":"SearchAction","target":{"@type":"EntryPoint","urlTemplate":"https:\/\/joieriadacla.com\/?s={search_term_string}"},"query-input":{"@type":"PropertyValueSpecification","valueRequired":true,"valueName":"search_term_string"}}],"inLanguage":"es"},{"@type":"Organization","@id":"https:\/\/joieriadacla.com\/#organization","name":"Joieria Rellotgeria Dacla","url":"https:\/\/joieriadacla.com\/","logo":{"@type":"ImageObject","inLanguage":"es","@id":"https:\/\/joieriadacla.com\/#\/schema\/logo\/image\/","url":"https:\/\/joieriadacla.com\/wp-content\/uploads\/2022\/03\/LOGODACLA.png","contentUrl":"https:\/\/joieriadacla.com\/wp-content\/uploads\/2022\/03\/LOGODACLA.png","width":319,"height":228,"caption":"Joieria Rellotgeria Dacla"},"image":{"@id":"https:\/\/joieriadacla.com\/#\/schema\/logo\/image\/"},"sameAs":["https:\/\/www.instagram.com\/joieria.dacla\/?hl=es"]}]}},"_links":{"self":[{"href":"https:\/\/joieriadacla.com\/index.php\/wp-json\/wp\/v2\/product\/1048","targetHints":{"allow":["GET"]}}],"collection":[{"href":"https:\/\/joieriadacla.com\/index.php\/wp-json\/wp\/v2\/product"}],"about":[{"href":"https:\/\/joieriadacla.com\/index.php\/wp-json\/wp\/v2\/types\/product"}],"replies":[{"embeddable":true,"href":"https:\/\/joieriadacla.com\/index.php\/wp-json\/wp\/v2\/comments?post=1048"}],"wp:featuredmedia":[{"embeddable":true,"href":"https:\/\/joieriadacla.com\/index.php\/wp-json\/wp\/v2\/media\/1049"}],"wp:attachment":[{"href":"https:\/\/joieriadacla.com\/index.php\/wp-json\/wp\/v2\/media?parent=1048"}],"wp:term":[{"taxonomy":"product_brand","embeddable":true,"href":"https:\/\/joieriadacla.com\/index.php\/wp-json\/wp\/v2\/product_brand?post=1048"},{"taxonomy":"product_cat","embeddable":true,"href":"https:\/\/joieriadacla.com\/index.php\/wp-json\/wp\/v2\/product_cat?post=1048"},{"taxonomy":"product_tag","embeddable":true,"href":"https:\/\/joieriadacla.com\/index.php\/wp-json\/wp\/v2\/product_tag?post=1048"}],"curies":[{"name":"wp","href":"https:\/\/api.w.org\/{rel}","templated":true}]}}