{"id":2596,"date":"2026-02-18T18:34:48","date_gmt":"2026-02-18T18:34:48","guid":{"rendered":"https:\/\/joieriadacla.com\/?page_id=2596"},"modified":"2026-02-25T18:15:15","modified_gmt":"2026-02-25T18:15:15","slug":"contacto","status":"publish","type":"page","link":"https:\/\/joieriadacla.com\/index.php\/contacto\/","title":{"rendered":"PERSONALIZADOS"},"content":{"rendered":"\t\t<div data-elementor-type=\"wp-page\" data-elementor-id=\"2596\" class=\"elementor elementor-2596\" data-elementor-post-type=\"page\">\n\t\t\t\t\t\t<section class=\"elementor-section elementor-top-section elementor-element elementor-element-23e611d elementor-section-boxed elementor-section-height-default elementor-section-height-default\" data-id=\"23e611d\" data-element_type=\"section\" data-e-type=\"section\">\n\t\t\t\t\t\t<div class=\"elementor-container elementor-column-gap-default\">\n\t\t\t\t\t<div class=\"elementor-column elementor-col-100 elementor-top-column elementor-element elementor-element-d170e50\" data-id=\"d170e50\" data-element_type=\"column\" data-e-type=\"column\">\n\t\t\t<div class=\"elementor-widget-wrap elementor-element-populated\">\n\t\t\t\t\t\t<div class=\"elementor-element elementor-element-ebb78e8 elementor-widget elementor-widget-text-editor\" data-id=\"ebb78e8\" data-element_type=\"widget\" data-e-type=\"widget\" data-widget_type=\"text-editor.default\">\n\t\t\t\t<div class=\"elementor-widget-container\">\n\t\t\t\t\t\t\t\t\t<p>\u00a0<\/p><p data-start=\"133\" data-end=\"411\">En <strong data-start=\"136\" data-end=\"153\">Joyer\u00eda Dacla<\/strong> contamos con <strong data-start=\"167\" data-end=\"201\">taller propio de grabado l\u00e1ser<\/strong>, donde realizamos grabados personalizados con m\u00e1xima precisi\u00f3n y acabado profesional.<br data-start=\"287\" data-end=\"290\" \/>Trabajamos todo tipo de piezas: <strong data-start=\"322\" data-end=\"410\">joyas, relojes, anillos, pulseras, colgantes, trofeos, placas y art\u00edculos especiales<\/strong>.<\/p><p data-start=\"413\" data-end=\"599\">Nuestro grabado l\u00e1ser permite plasmar <strong data-start=\"451\" data-end=\"520\">nombres, fechas, logotipos, dedicatorias y dise\u00f1os personalizados<\/strong>, ideal para regalos \u00fanicos, eventos especiales o reconocimientos corporativos.<\/p><p data-start=\"601\" data-end=\"724\">Calidad, detalle y atenci\u00f3n personalizada nos distinguen.<br data-start=\"658\" data-end=\"661\" \/>Dale un valor \u00fanico a cada pieza con un grabado hecho a medida.<\/p>\t\t\t\t\t\t\t\t<\/div>\n\t\t\t\t<\/div>\n\t\t\t\t\t<\/div>\n\t\t<\/div>\n\t\t\t\t\t<\/div>\n\t\t<\/section>\n\t\t\t\t<section class=\"elementor-section elementor-top-section elementor-element elementor-element-9c2b442 elementor-section-boxed elementor-section-height-default elementor-section-height-default\" data-id=\"9c2b442\" data-element_type=\"section\" data-e-type=\"section\">\n\t\t\t\t\t\t<div class=\"elementor-container elementor-column-gap-default\">\n\t\t\t\t\t<div class=\"elementor-column elementor-col-50 elementor-top-column elementor-element elementor-element-15d18c4\" data-id=\"15d18c4\" data-element_type=\"column\" data-e-type=\"column\">\n\t\t\t<div class=\"elementor-widget-wrap elementor-element-populated\">\n\t\t\t\t\t\t<div class=\"elementor-element elementor-element-91a841a elementor-widget elementor-widget-image\" data-id=\"91a841a\" data-element_type=\"widget\" data-e-type=\"widget\" data-widget_type=\"image.default\">\n\t\t\t\t<div class=\"elementor-widget-container\">\n\t\t\t\t\t\t\t\t\t\t\t\t\t\t\t<img fetchpriority=\"high\" decoding=\"async\" width=\"698\" height=\"1024\" src=\"https:\/\/joieriadacla.com\/wp-content\/uploads\/2026\/02\/1000089605-698x1024.jpg\" class=\"attachment-large size-large wp-image-2606\" alt=\"\" srcset=\"https:\/\/joieriadacla.com\/wp-content\/uploads\/2026\/02\/1000089605-698x1024.jpg 698w, https:\/\/joieriadacla.com\/wp-content\/uploads\/2026\/02\/1000089605-204x300.jpg 204w, https:\/\/joieriadacla.com\/wp-content\/uploads\/2026\/02\/1000089605-600x881.jpg 600w, https:\/\/joieriadacla.com\/wp-content\/uploads\/2026\/02\/1000089605.jpg 718w\" sizes=\"(max-width: 698px) 100vw, 698px\" \/>\t\t\t\t\t\t\t\t\t\t\t\t\t\t\t<\/div>\n\t\t\t\t<\/div>\n\t\t\t\t\t<\/div>\n\t\t<\/div>\n\t\t\t\t<div class=\"elementor-column elementor-col-50 elementor-top-column elementor-element elementor-element-c2998df\" data-id=\"c2998df\" data-element_type=\"column\" data-e-type=\"column\">\n\t\t\t<div class=\"elementor-widget-wrap elementor-element-populated\">\n\t\t\t\t\t\t<div class=\"elementor-element elementor-element-18c99d6 elementor-widget elementor-widget-image\" data-id=\"18c99d6\" data-element_type=\"widget\" data-e-type=\"widget\" data-widget_type=\"image.default\">\n\t\t\t\t<div class=\"elementor-widget-container\">\n\t\t\t\t\t\t\t\t\t\t\t\t\t\t\t<img decoding=\"async\" width=\"683\" height=\"1024\" src=\"https:\/\/joieriadacla.com\/wp-content\/uploads\/2026\/02\/09255d6a-5198-457c-ba68-1395bfcb04ac-683x1024.png\" class=\"attachment-large size-large wp-image-2594\" alt=\"\" srcset=\"https:\/\/joieriadacla.com\/wp-content\/uploads\/2026\/02\/09255d6a-5198-457c-ba68-1395bfcb04ac-683x1024.png 683w, https:\/\/joieriadacla.com\/wp-content\/uploads\/2026\/02\/09255d6a-5198-457c-ba68-1395bfcb04ac-200x300.png 200w, https:\/\/joieriadacla.com\/wp-content\/uploads\/2026\/02\/09255d6a-5198-457c-ba68-1395bfcb04ac-768x1152.png 768w, https:\/\/joieriadacla.com\/wp-content\/uploads\/2026\/02\/09255d6a-5198-457c-ba68-1395bfcb04ac-600x900.png 600w, https:\/\/joieriadacla.com\/wp-content\/uploads\/2026\/02\/elementor\/thumbs\/09255d6a-5198-457c-ba68-1395bfcb04ac-rjcjcnih7y5q5smgnterkv96mhxycec3958d5ehyls.png 400w, https:\/\/joieriadacla.com\/wp-content\/uploads\/2026\/02\/09255d6a-5198-457c-ba68-1395bfcb04ac.png 1024w\" sizes=\"(max-width: 683px) 100vw, 683px\" \/>\t\t\t\t\t\t\t\t\t\t\t\t\t\t\t<\/div>\n\t\t\t\t<\/div>\n\t\t\t\t\t<\/div>\n\t\t<\/div>\n\t\t\t\t\t<\/div>\n\t\t<\/section>\n\t\t\t\t<section class=\"elementor-section elementor-top-section elementor-element elementor-element-700956b elementor-section-boxed elementor-section-height-default elementor-section-height-default\" data-id=\"700956b\" data-element_type=\"section\" data-e-type=\"section\">\n\t\t\t\t\t\t<div class=\"elementor-container elementor-column-gap-default\">\n\t\t\t\t\t<div class=\"elementor-column elementor-col-100 elementor-top-column elementor-element elementor-element-b276ec1\" data-id=\"b276ec1\" data-element_type=\"column\" data-e-type=\"column\">\n\t\t\t<div class=\"elementor-widget-wrap elementor-element-populated\">\n\t\t\t\t\t\t<div class=\"elementor-element elementor-element-0b63032 elementor-align-start elementor-widget__width-initial elementor-icon-list--layout-traditional elementor-list-item-link-full_width elementor-widget elementor-widget-icon-list\" data-id=\"0b63032\" data-element_type=\"widget\" data-e-type=\"widget\" data-widget_type=\"icon-list.default\">\n\t\t\t\t<div class=\"elementor-widget-container\">\n\t\t\t\t\t\t\t<ul class=\"elementor-icon-list-items\">\n\t\t\t\t\t\t\t<li class=\"elementor-icon-list-item\">\n\t\t\t\t\t\t\t\t\t\t\t<span class=\"elementor-icon-list-icon\">\n\t\t\t\t\t\t\t<i aria-hidden=\"true\" class=\"fas fa-phone-alt\"><\/i>\t\t\t\t\t\t<\/span>\n\t\t\t\t\t\t\t\t\t\t<span class=\"elementor-icon-list-text\"><a style=\"color:black\" href=\"tel:973973973\">973 200 251 <\/a><\/span>\n\t\t\t\t\t\t\t\t\t<\/li>\n\t\t\t\t\t\t\t\t<li class=\"elementor-icon-list-item\">\n\t\t\t\t\t\t\t\t\t\t\t<a href=\"mailto:infojoieriadacla@gmail.com\">\n\n\t\t\t\t\t\t\t\t\t\t\t\t<span class=\"elementor-icon-list-icon\">\n\t\t\t\t\t\t\t<i aria-hidden=\"true\" class=\"fas fa-mail-bulk\"><\/i>\t\t\t\t\t\t<\/span>\n\t\t\t\t\t\t\t\t\t\t<span class=\"elementor-icon-list-text\">infojoieriadacla@gmail.com<\/span>\n\t\t\t\t\t\t\t\t\t\t\t<\/a>\n\t\t\t\t\t\t\t\t\t<\/li>\n\t\t\t\t\t\t\t\t<li class=\"elementor-icon-list-item\">\n\t\t\t\t\t\t\t\t\t\t\t<span class=\"elementor-icon-list-icon\">\n\t\t\t\t\t\t\t<i aria-hidden=\"true\" class=\"far fa-address-book\"><\/i>\t\t\t\t\t\t<\/span>\n\t\t\t\t\t\t\t\t\t\t<span class=\"elementor-icon-list-text\">Av. de les Garrigues, 26, 25001 Lleida<\/span>\n\t\t\t\t\t\t\t\t\t<\/li>\n\t\t\t\t\t\t<\/ul>\n\t\t\t\t\t\t<\/div>\n\t\t\t\t<\/div>\n\t\t\t\t\t<\/div>\n\t\t<\/div>\n\t\t\t\t\t<\/div>\n\t\t<\/section>\n\t\t\t\t<\/div>\n\t\t","protected":false},"excerpt":{"rendered":"<p>\u00a0 En Joyer\u00eda Dacla contamos con taller propio de grabado l\u00e1ser, donde realizamos grabados personalizados con m\u00e1xima precisi\u00f3n y acabado profesional.Trabajamos todo tipo de piezas: joyas, relojes, anillos, pulseras, colgantes, trofeos, placas y art\u00edculos especiales. Nuestro grabado l\u00e1ser permite plasmar nombres, fechas, logotipos, dedicatorias y dise\u00f1os personalizados, ideal para regalos \u00fanicos, eventos especiales o reconocimientos &#8230; <a title=\"PERSONALIZADOS\" class=\"read-more\" href=\"https:\/\/joieriadacla.com\/index.php\/contacto\/\" aria-label=\"Leer m\u00e1s sobre PERSONALIZADOS\">Leer m\u00e1s<\/a><\/p>\n","protected":false},"author":1,"featured_media":0,"parent":0,"menu_order":0,"comment_status":"closed","ping_status":"closed","template":"elementor_header_footer","meta":{"footnotes":""},"class_list":["post-2596","page","type-page","status-publish"],"yoast_head":"<!-- This site is optimized with the Yoast SEO plugin v27.2 - https:\/\/yoast.com\/product\/yoast-seo-wordpress\/ -->\n<title>Contacte - Joieria Dacla<\/title>\n<meta name=\"robots\" content=\"index, follow, max-snippet:-1, max-image-preview:large, max-video-preview:-1\" \/>\n<link rel=\"canonical\" href=\"https:\/\/joieriadacla.com\/index.php\/contacto\/\" \/>\n<meta property=\"og:locale\" content=\"es_ES\" \/>\n<meta property=\"og:type\" content=\"article\" \/>\n<meta property=\"og:title\" content=\"Contacte - Joieria Dacla\" \/>\n<meta property=\"og:description\" content=\"\u00a0 En Joyer\u00eda Dacla contamos con taller propio de grabado l\u00e1ser, donde realizamos grabados personalizados con m\u00e1xima precisi\u00f3n y acabado profesional.Trabajamos todo tipo de piezas: joyas, relojes, anillos, pulseras, colgantes, trofeos, placas y art\u00edculos especiales. Nuestro grabado l\u00e1ser permite plasmar nombres, fechas, logotipos, dedicatorias y dise\u00f1os personalizados, ideal para regalos \u00fanicos, eventos especiales o reconocimientos ... Leer m\u00e1s\" \/>\n<meta property=\"og:url\" content=\"https:\/\/joieriadacla.com\/index.php\/contacto\/\" \/>\n<meta property=\"og:site_name\" content=\"Joieria Dacla\" \/>\n<meta property=\"article:modified_time\" content=\"2026-02-25T18:15:15+00:00\" \/>\n<meta property=\"og:image\" content=\"https:\/\/joieriadacla.com\/wp-content\/uploads\/2026\/02\/1000089605-698x1024.jpg\" \/>\n<meta name=\"twitter:card\" content=\"summary_large_image\" \/>\n<meta name=\"twitter:label1\" content=\"Tiempo de lectura\" \/>\n\t<meta name=\"twitter:data1\" content=\"1 minuto\" \/>\n<script type=\"application\/ld+json\" class=\"yoast-schema-graph\">{\"@context\":\"https:\/\/schema.org\",\"@graph\":[{\"@type\":\"WebPage\",\"@id\":\"https:\/\/joieriadacla.com\/index.php\/contacto\/\",\"url\":\"https:\/\/joieriadacla.com\/index.php\/contacto\/\",\"name\":\"Contacte - Joieria Dacla\",\"isPartOf\":{\"@id\":\"https:\/\/joieriadacla.com\/#website\"},\"primaryImageOfPage\":{\"@id\":\"https:\/\/joieriadacla.com\/index.php\/contacto\/#primaryimage\"},\"image\":{\"@id\":\"https:\/\/joieriadacla.com\/index.php\/contacto\/#primaryimage\"},\"thumbnailUrl\":\"https:\/\/joieriadacla.com\/wp-content\/uploads\/2026\/02\/1000089605-698x1024.jpg\",\"datePublished\":\"2026-02-18T18:34:48+00:00\",\"dateModified\":\"2026-02-25T18:15:15+00:00\",\"breadcrumb\":{\"@id\":\"https:\/\/joieriadacla.com\/index.php\/contacto\/#breadcrumb\"},\"inLanguage\":\"es\",\"potentialAction\":[{\"@type\":\"ReadAction\",\"target\":[\"https:\/\/joieriadacla.com\/index.php\/contacto\/\"]}]},{\"@type\":\"ImageObject\",\"inLanguage\":\"es\",\"@id\":\"https:\/\/joieriadacla.com\/index.php\/contacto\/#primaryimage\",\"url\":\"https:\/\/joieriadacla.com\/wp-content\/uploads\/2026\/02\/1000089605.jpg\",\"contentUrl\":\"https:\/\/joieriadacla.com\/wp-content\/uploads\/2026\/02\/1000089605.jpg\",\"width\":718,\"height\":1054},{\"@type\":\"BreadcrumbList\",\"@id\":\"https:\/\/joieriadacla.com\/index.php\/contacto\/#breadcrumb\",\"itemListElement\":[{\"@type\":\"ListItem\",\"position\":1,\"name\":\"Portada\",\"item\":\"https:\/\/joieriadacla.com\/\"},{\"@type\":\"ListItem\",\"position\":2,\"name\":\"PERSONALIZADOS\"}]},{\"@type\":\"WebSite\",\"@id\":\"https:\/\/joieriadacla.com\/#website\",\"url\":\"https:\/\/joieriadacla.com\/\",\"name\":\"Joieria Rellotgeria Dacla\",\"description\":\"Joieria Dacla\",\"publisher\":{\"@id\":\"https:\/\/joieriadacla.com\/#organization\"},\"potentialAction\":[{\"@type\":\"SearchAction\",\"target\":{\"@type\":\"EntryPoint\",\"urlTemplate\":\"https:\/\/joieriadacla.com\/?s={search_term_string}\"},\"query-input\":{\"@type\":\"PropertyValueSpecification\",\"valueRequired\":true,\"valueName\":\"search_term_string\"}}],\"inLanguage\":\"es\"},{\"@type\":\"Organization\",\"@id\":\"https:\/\/joieriadacla.com\/#organization\",\"name\":\"Joieria Rellotgeria Dacla\",\"url\":\"https:\/\/joieriadacla.com\/\",\"logo\":{\"@type\":\"ImageObject\",\"inLanguage\":\"es\",\"@id\":\"https:\/\/joieriadacla.com\/#\/schema\/logo\/image\/\",\"url\":\"https:\/\/joieriadacla.com\/wp-content\/uploads\/2022\/03\/LOGODACLA.png\",\"contentUrl\":\"https:\/\/joieriadacla.com\/wp-content\/uploads\/2022\/03\/LOGODACLA.png\",\"width\":319,\"height\":228,\"caption\":\"Joieria Rellotgeria Dacla\"},\"image\":{\"@id\":\"https:\/\/joieriadacla.com\/#\/schema\/logo\/image\/\"},\"sameAs\":[\"https:\/\/www.instagram.com\/joieria.dacla\/?hl=es\"]}]}<\/script>\n<!-- \/ Yoast SEO plugin. -->","yoast_head_json":{"title":"Contacte - Joieria Dacla","robots":{"index":"index","follow":"follow","max-snippet":"max-snippet:-1","max-image-preview":"max-image-preview:large","max-video-preview":"max-video-preview:-1"},"canonical":"https:\/\/joieriadacla.com\/index.php\/contacto\/","og_locale":"es_ES","og_type":"article","og_title":"Contacte - Joieria Dacla","og_description":"\u00a0 En Joyer\u00eda Dacla contamos con taller propio de grabado l\u00e1ser, donde realizamos grabados personalizados con m\u00e1xima precisi\u00f3n y acabado profesional.Trabajamos todo tipo de piezas: joyas, relojes, anillos, pulseras, colgantes, trofeos, placas y art\u00edculos especiales. Nuestro grabado l\u00e1ser permite plasmar nombres, fechas, logotipos, dedicatorias y dise\u00f1os personalizados, ideal para regalos \u00fanicos, eventos especiales o reconocimientos ... Leer m\u00e1s","og_url":"https:\/\/joieriadacla.com\/index.php\/contacto\/","og_site_name":"Joieria Dacla","article_modified_time":"2026-02-25T18:15:15+00:00","og_image":[{"url":"https:\/\/joieriadacla.com\/wp-content\/uploads\/2026\/02\/1000089605-698x1024.jpg","type":"","width":"","height":""}],"twitter_card":"summary_large_image","twitter_misc":{"Tiempo de lectura":"1 minuto"},"schema":{"@context":"https:\/\/schema.org","@graph":[{"@type":"WebPage","@id":"https:\/\/joieriadacla.com\/index.php\/contacto\/","url":"https:\/\/joieriadacla.com\/index.php\/contacto\/","name":"Contacte - Joieria Dacla","isPartOf":{"@id":"https:\/\/joieriadacla.com\/#website"},"primaryImageOfPage":{"@id":"https:\/\/joieriadacla.com\/index.php\/contacto\/#primaryimage"},"image":{"@id":"https:\/\/joieriadacla.com\/index.php\/contacto\/#primaryimage"},"thumbnailUrl":"https:\/\/joieriadacla.com\/wp-content\/uploads\/2026\/02\/1000089605-698x1024.jpg","datePublished":"2026-02-18T18:34:48+00:00","dateModified":"2026-02-25T18:15:15+00:00","breadcrumb":{"@id":"https:\/\/joieriadacla.com\/index.php\/contacto\/#breadcrumb"},"inLanguage":"es","potentialAction":[{"@type":"ReadAction","target":["https:\/\/joieriadacla.com\/index.php\/contacto\/"]}]},{"@type":"ImageObject","inLanguage":"es","@id":"https:\/\/joieriadacla.com\/index.php\/contacto\/#primaryimage","url":"https:\/\/joieriadacla.com\/wp-content\/uploads\/2026\/02\/1000089605.jpg","contentUrl":"https:\/\/joieriadacla.com\/wp-content\/uploads\/2026\/02\/1000089605.jpg","width":718,"height":1054},{"@type":"BreadcrumbList","@id":"https:\/\/joieriadacla.com\/index.php\/contacto\/#breadcrumb","itemListElement":[{"@type":"ListItem","position":1,"name":"Portada","item":"https:\/\/joieriadacla.com\/"},{"@type":"ListItem","position":2,"name":"PERSONALIZADOS"}]},{"@type":"WebSite","@id":"https:\/\/joieriadacla.com\/#website","url":"https:\/\/joieriadacla.com\/","name":"Joieria Rellotgeria Dacla","description":"Joieria Dacla","publisher":{"@id":"https:\/\/joieriadacla.com\/#organization"},"potentialAction":[{"@type":"SearchAction","target":{"@type":"EntryPoint","urlTemplate":"https:\/\/joieriadacla.com\/?s={search_term_string}"},"query-input":{"@type":"PropertyValueSpecification","valueRequired":true,"valueName":"search_term_string"}}],"inLanguage":"es"},{"@type":"Organization","@id":"https:\/\/joieriadacla.com\/#organization","name":"Joieria Rellotgeria Dacla","url":"https:\/\/joieriadacla.com\/","logo":{"@type":"ImageObject","inLanguage":"es","@id":"https:\/\/joieriadacla.com\/#\/schema\/logo\/image\/","url":"https:\/\/joieriadacla.com\/wp-content\/uploads\/2022\/03\/LOGODACLA.png","contentUrl":"https:\/\/joieriadacla.com\/wp-content\/uploads\/2022\/03\/LOGODACLA.png","width":319,"height":228,"caption":"Joieria Rellotgeria Dacla"},"image":{"@id":"https:\/\/joieriadacla.com\/#\/schema\/logo\/image\/"},"sameAs":["https:\/\/www.instagram.com\/joieria.dacla\/?hl=es"]}]}},"_links":{"self":[{"href":"https:\/\/joieriadacla.com\/index.php\/wp-json\/wp\/v2\/pages\/2596","targetHints":{"allow":["GET"]}}],"collection":[{"href":"https:\/\/joieriadacla.com\/index.php\/wp-json\/wp\/v2\/pages"}],"about":[{"href":"https:\/\/joieriadacla.com\/index.php\/wp-json\/wp\/v2\/types\/page"}],"author":[{"embeddable":true,"href":"https:\/\/joieriadacla.com\/index.php\/wp-json\/wp\/v2\/users\/1"}],"replies":[{"embeddable":true,"href":"https:\/\/joieriadacla.com\/index.php\/wp-json\/wp\/v2\/comments?post=2596"}],"version-history":[{"count":10,"href":"https:\/\/joieriadacla.com\/index.php\/wp-json\/wp\/v2\/pages\/2596\/revisions"}],"predecessor-version":[{"id":2609,"href":"https:\/\/joieriadacla.com\/index.php\/wp-json\/wp\/v2\/pages\/2596\/revisions\/2609"}],"wp:attachment":[{"href":"https:\/\/joieriadacla.com\/index.php\/wp-json\/wp\/v2\/media?parent=2596"}],"curies":[{"name":"wp","href":"https:\/\/api.w.org\/{rel}","templated":true}]}}